{"id":375072,"date":"2025-11-13T10:59:41","date_gmt":"2025-11-13T09:59:41","guid":{"rendered":"https:\/\/www.visitbratislava.com\/events\/navsteva-radnicnej-veze\/"},"modified":"2026-04-25T11:26:19","modified_gmt":"2026-04-25T09:26:19","slug":"navsteva-radnicnej-veze","status":"publish","type":"event","link":"https:\/\/www.visitbratislava.com\/sk\/podujatia\/navsteva-radnicnej-veze\/","title":{"rendered":"N\u00e1v\u0161teva Radni\u010dnej ve\u017ee"},"content":{"rendered":"<p><strong>Text organiz\u00e1tora:<\/strong><\/p>\n<p>Vyst\u00fapte na Radni\u010dn\u00fa ve\u017eu, ktor\u00e1 je s\u00fa\u010das\u0165ou komplexu Starej radnice a Apponyiho pal\u00e1ca v samom centre Bratislavy.<\/p>\n<p>Po\u010das zdol\u00e1vania osemdesiatich \u00f4smych schodov a \u0161tyroch poschod\u00ed uvid\u00edte historick\u00e9 ve\u017eov\u00e9 zvony \u010di p\u00f4vodn\u00fa pracov\u0148u Ov\u00eddia Fausta, v\u00fdznamn\u00e9ho bratislavsk\u00e9ho mestsk\u00e9ho archiv\u00e1ra, ktor\u00e1 sa nach\u00e1dzala pr\u00e1ve vo ve\u017ei, a pre\u010d\u00edtate si zauj\u00edmav\u00e9 inform\u00e1cie z hist\u00f3rie ve\u017ee.<\/p>\n<p>Po vyst\u00fapen\u00ed na vyhliadku v\u00e1s \u010dak\u00e1 panoramatick\u00fd v\u00fdh\u013ead na dominanty historick\u00e9ho centra Bratislavy i okrajov\u00fa nov\u00fa \u010das\u0165 naz\u00fdvan\u00fa aj bratislavsk\u00fd Manhattan.<\/p>\n<p>Vstup na Radni\u010dn\u00fa ve\u017eu je zahrnut\u00fd vo vstupenke do komplexu Starej radnice a Apponyiho pal\u00e1ca alebo je mo\u017en\u00e9 zak\u00fapi\u0165 ho aj samostatne.<\/p>\n","protected":false},"excerpt":{"rendered":"<p>Text organiz\u00e1tora: Vyst\u00fapte na Radni\u010dn\u00fa ve\u017eu, ktor\u00e1 je s\u00fa\u010das\u0165ou komplexu Starej radnice a Apponyiho pal\u00e1ca v samom centre Bratislavy. Po\u010das zdol\u00e1vania osemdesiatich \u00f4smych schodov a \u0161tyroch poschod\u00ed uvid\u00edte historick\u00e9 ve\u017eov\u00e9 zvony \u010di p\u00f4vodn\u00fa pracov\u0148u Ov\u00eddia Fausta, v\u00fdznamn\u00e9ho bratislavsk\u00e9ho mestsk\u00e9ho archiv\u00e1ra, ktor\u00e1 sa nach\u00e1dzala pr\u00e1ve vo ve\u017ei, a pre\u010d\u00edtate si zauj\u00edmav\u00e9 inform\u00e1cie z hist\u00f3rie ve\u017ee. Po [&hellip;]<\/p>\n","protected":false},"featured_media":0,"template":"","acf":[],"event_date":{"start_date":1451606400,"end_date":2145916800},"_links":{"self":[{"href":"https:\/\/www.visitbratislava.com\/sk\/wp-json\/wp\/v2\/event\/375072"}],"collection":[{"href":"https:\/\/www.visitbratislava.com\/sk\/wp-json\/wp\/v2\/event"}],"about":[{"href":"https:\/\/www.visitbratislava.com\/sk\/wp-json\/wp\/v2\/types\/event"}],"version-history":[{"count":1,"href":"https:\/\/www.visitbratislava.com\/sk\/wp-json\/wp\/v2\/event\/375072\/revisions"}],"predecessor-version":[{"id":380433,"href":"https:\/\/www.visitbratislava.com\/sk\/wp-json\/wp\/v2\/event\/375072\/revisions\/380433"}],"wp:attachment":[{"href":"https:\/\/www.visitbratislava.com\/sk\/wp-json\/wp\/v2\/media?parent=375072"}],"curies":[{"name":"wp","href":"https:\/\/api.w.org\/{rel}","templated":true}]}}

Návšteva Radničnej veže

<p><strong>Text organizátora:</strong></p>
<p>Vystúpte na Radničnú vežu, ktorá je súčasťou komplexu Starej radnice a Apponyiho paláca v samom centre Bratislavy.</p>
<p>Počas zdolávania osemdesiatich ôsmych schodov a štyroch poschodí uvidíte historické vežové zvony či pôvodnú pracovňu Ovídia Fausta, významného bratislavského mestského archivára, ktorá sa nachádzala práve vo veži, a prečítate si zaujímavé informácie z histórie veže.</p>
<p>Po vystúpení na vyhliadku vás čaká panoramatický výhľad na dominanty historického centra Bratislavy i okrajovú novú časť nazývanú aj bratislavský Manhattan.</p>
<p>Vstup na Radničnú vežu je zahrnutý vo vstupenke do komplexu Starej radnice a Apponyiho paláca alebo je možné zakúpiť ho aj samostatne.</p>

<p>Text organizátora: Vystúpte na Radničnú vežu, ktorá je súčasťou komplexu Starej radnice a Apponyiho paláca v samom centre Bratislavy. Počas zdolávania osemdesiatich ôsmych schodov a štyroch poschodí uvidíte historické vežové zvony či pôvodnú pracovňu Ovídia Fausta, významného bratislavského mestského archivára, ktorá sa nachádzala práve vo veži, a prečítate si zaujímavé informácie z histórie veže. Po [&hellip;]</p>
