{"id":375141,"date":"2025-11-13T10:59:51","date_gmt":"2025-11-13T09:59:51","guid":{"rendered":"https:\/\/www.visitbratislava.com\/events\/zidovska-plavecka-revolucia-2\/"},"modified":"2026-04-27T11:26:25","modified_gmt":"2026-04-27T09:26:25","slug":"zidovska-plavecka-revolucia-2","status":"publish","type":"event","link":"https:\/\/www.visitbratislava.com\/sk\/podujatia\/zidovska-plavecka-revolucia-2\/","title":{"rendered":"\u017didovsk\u00e1 plaveck\u00e1 (r)evol\u00facia"},"content":{"rendered":"<p><strong>Slovensk\u00e9 n\u00e1rodn\u00e9 m\u00fazeum \u2013 M\u00fazeum \u017eidovskej kult\u00fary s podporou Slovenskej plaveckej feder\u00e1cie pripravilo a 18. m\u00e1ja vo svojich v\u00fdstavn\u00fdch priestoroch sl\u00e1vnostne otvor\u00ed v\u00fdstavu \u017didovsk\u00e1 plaveck\u00e1 (r)evol\u00facia.<\/strong><\/p>\n<p>Nov\u00fd v\u00fdstavn\u00fd projekt je pokra\u010dovan\u00edm \u00faspe\u0161n\u00e9ho cyklu v\u00fdstav o v\u00fdznamn\u00fdch \u0161portovcoch \u017eidovsk\u00e9ho p\u00f4vodu. Prezentuje hist\u00f3riu organizovan\u00e9ho pl\u00e1vania v r\u00e1mci \u017eidovskej komunity na Slovensku od zalo\u017eenia jedn\u00e9ho z naj\u00faspe\u0161nej\u0161\u00edch plaveck\u00fdch klubov prvej \u010ceskoslovenskej republiky \u2013 Bar Kochba Bratislava \u2013 a\u017e po obnovenie \u017eidovskej \u0161portovej trad\u00edcie po p\u00e1de totalitn\u00e9ho re\u017eimu v roku 1989. Predstavuje in\u0161pirat\u00edvne, zn\u00e1me i menej zn\u00e1me \u017eidovsk\u00e9 plaveck\u00e9 osobnosti, ktor\u00e9 \u010dasto napriek \u0165a\u017ek\u00fdm \u017eivotn\u00fdm podmienkam dosiahli v\u00fdnimo\u010dn\u00e9 \u00faspechy vo svojom \u0161portovom i osobnom \u017eivote.<\/p>\n","protected":false},"excerpt":{"rendered":"<p>Slovensk\u00e9 n\u00e1rodn\u00e9 m\u00fazeum \u2013 M\u00fazeum \u017eidovskej kult\u00fary s podporou Slovenskej plaveckej feder\u00e1cie pripravilo a 18. m\u00e1ja vo svojich v\u00fdstavn\u00fdch priestoroch sl\u00e1vnostne otvor\u00ed v\u00fdstavu \u017didovsk\u00e1 plaveck\u00e1 (r)evol\u00facia. Nov\u00fd v\u00fdstavn\u00fd projekt je pokra\u010dovan\u00edm \u00faspe\u0161n\u00e9ho cyklu v\u00fdstav o v\u00fdznamn\u00fdch \u0161portovcoch \u017eidovsk\u00e9ho p\u00f4vodu. Prezentuje hist\u00f3riu organizovan\u00e9ho pl\u00e1vania v r\u00e1mci \u017eidovskej komunity na Slovensku od zalo\u017eenia jedn\u00e9ho z naj\u00faspe\u0161nej\u0161\u00edch plaveck\u00fdch [&hellip;]<\/p>\n","protected":false},"featured_media":0,"template":"","acf":[],"event_date":{"start_date":1451606400,"end_date":2145916800},"_links":{"self":[{"href":"https:\/\/www.visitbratislava.com\/sk\/wp-json\/wp\/v2\/event\/375141"}],"collection":[{"href":"https:\/\/www.visitbratislava.com\/sk\/wp-json\/wp\/v2\/event"}],"about":[{"href":"https:\/\/www.visitbratislava.com\/sk\/wp-json\/wp\/v2\/types\/event"}],"version-history":[{"count":1,"href":"https:\/\/www.visitbratislava.com\/sk\/wp-json\/wp\/v2\/event\/375141\/revisions"}],"predecessor-version":[{"id":380502,"href":"https:\/\/www.visitbratislava.com\/sk\/wp-json\/wp\/v2\/event\/375141\/revisions\/380502"}],"wp:attachment":[{"href":"https:\/\/www.visitbratislava.com\/sk\/wp-json\/wp\/v2\/media?parent=375141"}],"curies":[{"name":"wp","href":"https:\/\/api.w.org\/{rel}","templated":true}]}}

Židovská plavecká (r)evolúcia

<p><strong>Slovenské národné múzeum – Múzeum židovskej kultúry s podporou Slovenskej plaveckej federácie pripravilo a 18. mája vo svojich výstavných priestoroch slávnostne otvorí výstavu Židovská plavecká (r)evolúcia.</strong></p>
<p>Nový výstavný projekt je pokračovaním úspešného cyklu výstav o významných športovcoch židovského pôvodu. Prezentuje históriu organizovaného plávania v rámci židovskej komunity na Slovensku od založenia jedného z najúspešnejších plaveckých klubov prvej Československej republiky – Bar Kochba Bratislava – až po obnovenie židovskej športovej tradície po páde totalitného režimu v roku 1989. Predstavuje inšpiratívne, známe i menej známe židovské plavecké osobnosti, ktoré často napriek ťažkým životným podmienkam dosiahli výnimočné úspechy vo svojom športovom i osobnom živote.</p>

<p>Slovenské národné múzeum – Múzeum židovskej kultúry s podporou Slovenskej plaveckej federácie pripravilo a 18. mája vo svojich výstavných priestoroch slávnostne otvorí výstavu Židovská plavecká (r)evolúcia. Nový výstavný projekt je pokračovaním úspešného cyklu výstav o významných športovcoch židovského pôvodu. Prezentuje históriu organizovaného plávania v rámci židovskej komunity na Slovensku od založenia jedného z najúspešnejších plaveckých [&hellip;]</p>
