{"id":375153,"date":"2025-11-13T10:59:53","date_gmt":"2025-11-13T09:59:53","guid":{"rendered":"https:\/\/www.visitbratislava.com\/events\/navsteva-apponyiho-palaca-2\/"},"modified":"2026-04-24T11:26:26","modified_gmt":"2026-04-24T09:26:26","slug":"navsteva-apponyiho-palaca-2","status":"publish","type":"event","link":"https:\/\/www.visitbratislava.com\/sk\/podujatia\/navsteva-apponyiho-palaca-2\/","title":{"rendered":"N\u00e1v\u0161teva Apponyiho pal\u00e1ca"},"content":{"rendered":"<p><strong>M\u00fazeum mesta Bratislavy pon\u00faka n\u00e1v\u0161tevn\u00edkom prehliadku Apponyiho pal\u00e1ca.<\/strong><\/p>\n<p>Rokokov\u00fd pal\u00e1c v historickom centre mesta ukr\u00fdva zachovan\u00e9 vz\u00e1cne architektonick\u00e9 prvky interi\u00e9ru na prvom a druhom poschod\u00ed. Postavil ho gr\u00f3f Juraj Apponyi v roku 1761 \u2013 1762. Pal\u00e1c je pomenovan\u00fd pod\u013ea majite\u013ea Juraja Apponyiho. P\u00f4vodne star\u0161ia barokov\u00e1 budova pre\u0161la jeho z\u00e1sluhou v rokoch 1761-1762 z\u00e1sadnou prestavbou, ktor\u00e1 dala objektu jeho dne\u0161n\u00fa podobu so zachovanou p\u00f4vodnou v\u00fdzdobou interi\u00e9rov.<\/p>\n<p>Budovu v roku 1867 odk\u00fapilo mesto pre potreby magistr\u00e1tu a do kartu\u0161e nad br\u00e1nou dalo doplni\u0165 mestsk\u00fd znak. U\u017e na pl\u00e1ne objektu z roku 1904 s\u00fa miestnosti na pr\u00edzem\u00ed ozna\u010den\u00e9 ako priestory Mestsk\u00e9ho m\u00fazea. V roku 1926 tu m\u00fazeum spr\u00edstupnilo expoz\u00edciu v reprezenta\u010dn\u00fdch s\u00e1lach na prvom poschod\u00ed, v roku 1930 obraz\u00e1re\u0148 na druhom poschod\u00ed a v nasleduj\u00facom roku na pr\u00edzem\u00ed otvorilo Bratislavsk\u00e9 vin\u00e1rske m\u00fazeum. V \u010fal\u0161\u00edch desa\u0165ro\u010diach sa prv\u00e9 poschodie prepojen\u00e9 so Starou radnicou vyu\u017e\u00edvalo na expozi\u010dn\u00e9 \u00fa\u010dely. Na druhom poschod\u00ed boli najsk\u00f4r pracovne, nesk\u00f4r depozit\u00e1r a s\u00eddlila tu Region\u00e1lna kni\u017enica.<\/p>\n<p>V rokoch 2004 -2008 sa uskuto\u010dnila rozsiahla rekon\u0161trukcia pal\u00e1ca a po jej ukon\u010den\u00ed tu m\u00fazeum zriadilo expoz\u00edcie historick\u00fdch interi\u00e9rov a  vinohradn\u00edctva, v podkrov\u00ed \u0161tudijn\u00fd depozit\u00e1r keramiky, porcel\u00e1nu a skla. Pal\u00e1c sa stal samostatn\u00fdm objektom bez komunika\u010dn\u00e9ho spojenia so Starou radnicou.<\/p>\n","protected":false},"excerpt":{"rendered":"<p>M\u00fazeum mesta Bratislavy pon\u00faka n\u00e1v\u0161tevn\u00edkom prehliadku Apponyiho pal\u00e1ca. Rokokov\u00fd pal\u00e1c v historickom centre mesta ukr\u00fdva zachovan\u00e9 vz\u00e1cne architektonick\u00e9 prvky interi\u00e9ru na prvom a druhom poschod\u00ed. Postavil ho gr\u00f3f Juraj Apponyi v roku 1761 \u2013 1762. Pal\u00e1c je pomenovan\u00fd pod\u013ea majite\u013ea Juraja Apponyiho. P\u00f4vodne star\u0161ia barokov\u00e1 budova pre\u0161la jeho z\u00e1sluhou v rokoch 1761-1762 z\u00e1sadnou prestavbou, ktor\u00e1 [&hellip;]<\/p>\n","protected":false},"featured_media":0,"template":"","acf":[],"event_date":{"start_date":1451606400,"end_date":2145916800},"_links":{"self":[{"href":"https:\/\/www.visitbratislava.com\/sk\/wp-json\/wp\/v2\/event\/375153"}],"collection":[{"href":"https:\/\/www.visitbratislava.com\/sk\/wp-json\/wp\/v2\/event"}],"about":[{"href":"https:\/\/www.visitbratislava.com\/sk\/wp-json\/wp\/v2\/types\/event"}],"version-history":[{"count":1,"href":"https:\/\/www.visitbratislava.com\/sk\/wp-json\/wp\/v2\/event\/375153\/revisions"}],"predecessor-version":[{"id":380514,"href":"https:\/\/www.visitbratislava.com\/sk\/wp-json\/wp\/v2\/event\/375153\/revisions\/380514"}],"wp:attachment":[{"href":"https:\/\/www.visitbratislava.com\/sk\/wp-json\/wp\/v2\/media?parent=375153"}],"curies":[{"name":"wp","href":"https:\/\/api.w.org\/{rel}","templated":true}]}}

Návšteva Apponyiho paláca

<p><strong>Múzeum mesta Bratislavy ponúka návštevníkom prehliadku Apponyiho paláca.</strong></p>
<p>Rokokový palác v historickom centre mesta ukrýva zachované vzácne architektonické prvky interiéru na prvom a druhom poschodí. Postavil ho gróf Juraj Apponyi v roku 1761 – 1762. Palác je pomenovaný podľa majiteľa Juraja Apponyiho. Pôvodne staršia baroková budova prešla jeho zásluhou v rokoch 1761-1762 zásadnou prestavbou, ktorá dala objektu jeho dnešnú podobu so zachovanou pôvodnou výzdobou interiérov.</p>
<p>Budovu v roku 1867 odkúpilo mesto pre potreby magistrátu a do kartuše nad bránou dalo doplniť mestský znak. Už na pláne objektu z roku 1904 sú miestnosti na prízemí označené ako priestory Mestského múzea. V roku 1926 tu múzeum sprístupnilo expozíciu v reprezentačných sálach na prvom poschodí, v roku 1930 obrazáreň na druhom poschodí a v nasledujúcom roku na prízemí otvorilo Bratislavské vinárske múzeum. V ďalších desaťročiach sa prvé poschodie prepojené so Starou radnicou využívalo na expozičné účely. Na druhom poschodí boli najskôr pracovne, neskôr depozitár a sídlila tu Regionálna knižnica.</p>
<p>V rokoch 2004 -2008 sa uskutočnila rozsiahla rekonštrukcia paláca a po jej ukončení tu múzeum zriadilo expozície historických interiérov a  vinohradníctva, v podkroví študijný depozitár keramiky, porcelánu a skla. Palác sa stal samostatným objektom bez komunikačného spojenia so Starou radnicou.</p>

<p>Múzeum mesta Bratislavy ponúka návštevníkom prehliadku Apponyiho paláca. Rokokový palác v historickom centre mesta ukrýva zachované vzácne architektonické prvky interiéru na prvom a druhom poschodí. Postavil ho gróf Juraj Apponyi v roku 1761 – 1762. Palác je pomenovaný podľa majiteľa Juraja Apponyiho. Pôvodne staršia baroková budova prešla jeho zásluhou v rokoch 1761-1762 zásadnou prestavbou, ktorá [&hellip;]</p>
