{"id":375256,"date":"2025-11-13T11:00:21","date_gmt":"2025-11-13T10:00:21","guid":{"rendered":"https:\/\/www.visitbratislava.com\/events\/expozicia-historickych-interierov-2\/"},"modified":"2026-04-24T11:26:32","modified_gmt":"2026-04-24T09:26:32","slug":"expozicia-historickych-interierov-2","status":"publish","type":"event","link":"https:\/\/www.visitbratislava.com\/sk\/podujatia\/expozicia-historickych-interierov-2\/","title":{"rendered":"Expoz\u00edcia historick\u00fdch interi\u00e9rov"},"content":{"rendered":"<p>Expoz\u00edcia \u0161\u013eachtick\u00e9ho interi\u00e9ru z konca 18. storo\u010dia a mestsk\u00e9ho interi\u00e9ru od konca 18. do konca 19. storo\u010dia v Apponyiho pal\u00e1ci spadaj\u00face pod M\u00fazeum Mesta Bratislavy.<\/p>\n<p>M\u00fazeum sa nach\u00e1dza v Apponyiho pal\u00e1ci postavenom v rokoch 1761 \u2013 1762. Prv\u00e9 poschodie so zachovan\u00fdm p\u00f4vodn\u00fdm dreven\u00fdm oblo\u017een\u00edm stien a ma\u013ebami je zariaden\u00e9 ako reprezenta\u010dn\u00e9 piano nobile evokuj\u00face \u0161\u013eachtick\u00fd interi\u00e9r z konca 18. storo\u010dia. Na druhom poschod\u00ed v miestnostiach so srekon\u0161truovan\u00fdmi n\u00e1stenn\u00fdmi ma\u013ebami s\u00fa vystaven\u00e9 uk\u00e1\u017eky zariadenia mestsk\u00e9ho interi\u00e9ru z obdobia od konca 18. do konca 19. storo\u010dia.<\/p>\n<p>M\u00fazeum historick\u00fdch interi\u00e9rov sa nach\u00e1dza na prvom a druhom poschod\u00ed Apponyiho pal\u00e1ca. Disponuje bezbari\u00e9rov\u00fdm pr\u00edstupom do jednotliv\u00fdch miestnost\u00ed expoz\u00edcie. V ponuke pre n\u00e1v\u0161tevn\u00edka je pripraven\u00fd tie\u017e syst\u00e9m audio guide.<\/p>\n","protected":false},"excerpt":{"rendered":"<p>Expoz\u00edcia \u0161\u013eachtick\u00e9ho interi\u00e9ru z konca 18. storo\u010dia a mestsk\u00e9ho interi\u00e9ru od konca 18. do konca 19. storo\u010dia v Apponyiho pal\u00e1ci spadaj\u00face pod M\u00fazeum Mesta Bratislavy. M\u00fazeum sa nach\u00e1dza v Apponyiho pal\u00e1ci postavenom v rokoch 1761 \u2013 1762. Prv\u00e9 poschodie so zachovan\u00fdm p\u00f4vodn\u00fdm dreven\u00fdm oblo\u017een\u00edm stien a ma\u013ebami je zariaden\u00e9 ako reprezenta\u010dn\u00e9 piano nobile evokuj\u00face \u0161\u013eachtick\u00fd [&hellip;]<\/p>\n","protected":false},"featured_media":0,"template":"","acf":[],"event_date":{"start_date":1451606400,"end_date":2145916800},"_links":{"self":[{"href":"https:\/\/www.visitbratislava.com\/sk\/wp-json\/wp\/v2\/event\/375256"}],"collection":[{"href":"https:\/\/www.visitbratislava.com\/sk\/wp-json\/wp\/v2\/event"}],"about":[{"href":"https:\/\/www.visitbratislava.com\/sk\/wp-json\/wp\/v2\/types\/event"}],"version-history":[{"count":1,"href":"https:\/\/www.visitbratislava.com\/sk\/wp-json\/wp\/v2\/event\/375256\/revisions"}],"predecessor-version":[{"id":380616,"href":"https:\/\/www.visitbratislava.com\/sk\/wp-json\/wp\/v2\/event\/375256\/revisions\/380616"}],"wp:attachment":[{"href":"https:\/\/www.visitbratislava.com\/sk\/wp-json\/wp\/v2\/media?parent=375256"}],"curies":[{"name":"wp","href":"https:\/\/api.w.org\/{rel}","templated":true}]}}

Expozícia historických interiérov

<p>Expozícia šľachtického interiéru z konca 18. storočia a mestského interiéru od konca 18. do konca 19. storočia v Apponyiho paláci spadajúce pod Múzeum Mesta Bratislavy.</p>
<p>Múzeum sa nachádza v Apponyiho paláci postavenom v rokoch 1761 – 1762. Prvé poschodie so zachovaným pôvodným dreveným obložením stien a maľbami je zariadené ako reprezentačné piano nobile evokujúce šľachtický interiér z konca 18. storočia. Na druhom poschodí v miestnostiach so srekonštruovanými nástennými maľbami sú vystavené ukážky zariadenia mestského interiéru z obdobia od konca 18. do konca 19. storočia.</p>
<p>Múzeum historických interiérov sa nachádza na prvom a druhom poschodí Apponyiho paláca. Disponuje bezbariérovým prístupom do jednotlivých miestností expozície. V ponuke pre návštevníka je pripravený tiež systém audio guide.</p>

<p>Expozícia šľachtického interiéru z konca 18. storočia a mestského interiéru od konca 18. do konca 19. storočia v Apponyiho paláci spadajúce pod Múzeum Mesta Bratislavy. Múzeum sa nachádza v Apponyiho paláci postavenom v rokoch 1761 – 1762. Prvé poschodie so zachovaným pôvodným dreveným obložením stien a maľbami je zariadené ako reprezentačné piano nobile evokujúce šľachtický [&hellip;]</p>
