{"id":37926,"date":"2017-11-29T11:20:13","date_gmt":"2017-11-29T10:20:13","guid":{"rendered":"https:\/\/www.visitbratislava.com\/?post_type=event&#038;p=37926\/"},"modified":"2022-11-22T18:08:22","modified_gmt":"2022-11-22T17:08:22","slug":"dni-vianoc-v-inchebe","status":"publish","type":"event","link":"https:\/\/www.visitbratislava.com\/sk\/podujatia\/dni-vianoc-v-inchebe\/","title":{"rendered":"Dni Vianoc v Inchebe"},"content":{"rendered":"<p>Chyst\u00e1te sa nakupova\u0165? Chcete sa vyhn\u00fa\u0165 preplnen\u00fdm obchodom pri n\u00e1kupoch na posledn\u00fa chv\u00ed\u013eu? H\u013ead\u00e1te nie\u010do, \u010do v obchodn\u00fdch centr\u00e1ch nemaj\u00fa? Chcete si odd\u00fdchnu\u0165, zabavi\u0165 sa a vypn\u00fa\u0165 pri hr\u00e1ch? V tom pr\u00edpade ur\u010dite zamierte do bratislavskej Incheby na Dni Vianoc.<\/p>\n<p>Tis\u00edce tipov na tradi\u010dn\u00e9 i origin\u00e1lne viano\u010dn\u00e9 prekvapenia, sviato\u010dn\u00e1 atmosf\u00e9ra, v\u00f4\u0148a varen\u00e9ho v\u00edna a viano\u010dn\u00fdch \u0161pecial\u00edt a k tomu fantastick\u00fd predviano\u010dn\u00fd program pre deti i dospel\u00fdch \u2013 to v\u0161etko do Incheby prin\u00e1\u0161aj\u00fa Dni Vianoc.<\/p>\n<p>Pod jednou strechou n\u00e1jdete bohat\u00fa ponuku viano\u010dn\u00fdch dar\u010dekov od viano\u010dn\u00fdch dekor\u00e1ci\u00ed, hra\u010diek a oble\u010denia cez sklo, bytov\u00e9 doplnky, z\u00e1bavn\u00fa pyrotechniku, kozmetiku, ko\u017eu\u0161iny, \u0161perky a bi\u017eut\u00e9riu, spotrebn\u00fd tovar, elektroniku, a mnoho \u010fal\u0161ieho.<\/p>\n<div class=\"grid-container\"><div class=\"grid-container__item\"><div class=\"block\"><a href=\"https:\/\/www.visitbratislava.com\/wp-content\/uploads\/2017\/11\/dni-vianoc-incheba-2017-1-800x450.jpg\" data-fancybox=\"gallery\" data-caption=\"\"><div class=\"background\"><img src=\"https:\/\/www.visitbratislava.com\/wp-content\/uploads\/2017\/11\/dni-vianoc-incheba-2017-1-800x450.jpg\" alt=\"foto\"\/><\/div><div class=\"overlay filter-blue\"><div class=\"content\"><span class=\"zoom-button\"><\/span><\/div><\/div><\/a><\/div><\/div><div class=\"grid-container__item\"><div class=\"block\"><a href=\"https:\/\/www.visitbratislava.com\/wp-content\/uploads\/2017\/11\/dni-vianoc-incheba-2017-3-800x450.jpg\" data-fancybox=\"gallery\" data-caption=\"\"><div class=\"background\" style=\"background-image: url(https:\/\/www.visitbratislava.com\/wp-content\/uploads\/2017\/11\/dni-vianoc-incheba-2017-3-800x450.jpg)\"><\/div><div class=\"overlay filter-green\"><div class=\"content\"><span class=\"zoom-button\"><\/span><\/div><\/div><\/a><\/div><\/div><div class=\"grid-container__item more\"><\/div><\/div>\n<p>U\u017e v prv\u00fd adventn\u00fd t\u00fd\u017ede\u0148 budete m\u00f4c\u0165 v bratislavskej Inchebe za\u017ei\u0165 nezabudnute\u013en\u00fa viano\u010dn\u00fa atmosf\u00e9ru. Tradi\u010dn\u00e9 Dni Vianoc, ktor\u00e9 sa v priestoroch v\u00fdstaviska konaj\u00fa po\u010das troch decembrov\u00fdch t\u00fd\u017ed\u0148ov, prines\u00fa aj tento rok mno\u017estvo tipov a n\u00e1padov, ktor\u00fdmi mo\u017eno pote\u0161i\u0165 pod viano\u010dn\u00fdm strom\u010dekom svojich bl\u00edzkych.<\/p>\n<p>\u010carovn\u00e1 Incheba pon\u00fakne desiatky st\u00e1nkov nielen s viano\u010dn\u00fdmi dekor\u00e1ciami, ale aj tradi\u010dnej\u0161\u00edm sortimentom, napr\u00edklad doplnkami do dom\u00e1cnost\u00ed, hra\u010dkami \u010di kni\u017en\u00fdmi titulmi. K dispoz\u00edcii bud\u00fa aj st\u00e1nky s ob\u010derstven\u00edm, a tak si budete m\u00f4c\u0165 vychutna\u0165 dobr\u00e9 jedlo, pun\u010d \u010di varen\u00e9 v\u00ednko. Program Dn\u00ed Vianoc bud\u00fa dop\u013a\u0148a\u0165 aj r\u00f4zne sprievodn\u00e9 akcie.<\/p>\n<p>Jednoducho, bratislavsk\u00e9 Dni Vianoc v Inchebe s\u00fa prav\u00fdm n\u00e1kupn\u00fdm rajom a miestom, kde m\u00f4\u017eete na\u010derpa\u0165 in\u0161pir\u00e1ciu a k\u00fapi\u0165 ten prav\u00fd dar\u010dek pre va\u0161ich bl\u00edzkych. Tradi\u010dne \u0161tedr\u00e9 a vesel\u00e9 viano\u010dn\u00e9 trhy s bohat\u00fdm programom n\u00e1jdete v Inchebe od 1. do 19. decembra.<\/p>\n<p>Vstupenky si m\u00f4\u017eete k\u00fapi\u0165 po kliknut\u00ed na obr\u00e1zok:<\/p>\n<p><a href=\"https:\/\/predpredaj.zoznam.sk\/sk\/listky\/dni-vianoc-v-inchebe-2022\/\" target=\"_blank\" rel=\"noopener\"><img loading=\"lazy\" class=\"alignleft wp-image-196936 size-full\" src=\"https:\/\/www.visitbratislava.com\/wp-content\/uploads\/2017\/11\/Dni-Vianoc-v-Inchebe-2022-Banner.jpg\" alt=\"\" width=\"1200\" height=\"630\" srcset=\"https:\/\/www.visitbratislava.com\/wp-content\/uploads\/2017\/11\/Dni-Vianoc-v-Inchebe-2022-Banner.jpg 1200w, https:\/\/www.visitbratislava.com\/wp-content\/uploads\/2017\/11\/Dni-Vianoc-v-Inchebe-2022-Banner-400x210.jpg 400w, https:\/\/www.visitbratislava.com\/wp-content\/uploads\/2017\/11\/Dni-Vianoc-v-Inchebe-2022-Banner-800x420.jpg 800w, https:\/\/www.visitbratislava.com\/wp-content\/uploads\/2017\/11\/Dni-Vianoc-v-Inchebe-2022-Banner-768x403.jpg 768w, https:\/\/www.visitbratislava.com\/wp-content\/uploads\/2017\/11\/Dni-Vianoc-v-Inchebe-2022-Banner-200x105.jpg 200w\" sizes=\"(max-width: 1200px) 100vw, 1200px\" \/><\/a><\/p>\n","protected":false},"excerpt":{"rendered":"<p>Spoma\u013ete a nachystajte sa na Vianoce bez stresu. Zasl\u00fa\u017eite si to<\/p>\n","protected":false},"featured_media":196929,"template":"","acf":[],"event_date":{"start_date":1669852800,"end_date":1671408000},"_links":{"self":[{"href":"https:\/\/www.visitbratislava.com\/sk\/wp-json\/wp\/v2\/event\/37926"}],"collection":[{"href":"https:\/\/www.visitbratislava.com\/sk\/wp-json\/wp\/v2\/event"}],"about":[{"href":"https:\/\/www.visitbratislava.com\/sk\/wp-json\/wp\/v2\/types\/event"}],"version-history":[{"count":3,"href":"https:\/\/www.visitbratislava.com\/sk\/wp-json\/wp\/v2\/event\/37926\/revisions"}],"predecessor-version":[{"id":196943,"href":"https:\/\/www.visitbratislava.com\/sk\/wp-json\/wp\/v2\/event\/37926\/revisions\/196943"}],"wp:featuredmedia":[{"embeddable":true,"href":"https:\/\/www.visitbratislava.com\/sk\/wp-json\/wp\/v2\/media\/196929"}],"wp:attachment":[{"href":"https:\/\/www.visitbratislava.com\/sk\/wp-json\/wp\/v2\/media?parent=37926"}],"curies":[{"name":"wp","href":"https:\/\/api.w.org\/{rel}","templated":true}]}}

<p>Chystáte sa nakupovať? Chcete sa vyhnúť preplneným obchodom pri nákupoch na poslednú chvíľu? Hľadáte niečo, čo v obchodných centrách nemajú? Chcete si oddýchnuť, zabaviť sa a vypnúť pri hrách? V tom prípade určite zamierte do bratislavskej Incheby na Dni Vianoc.</p>
<p>Tisíce tipov na tradičné i originálne vianočné prekvapenia, sviatočná atmosféra, vôňa vareného vína a vianočných špecialít a k tomu fantastický predvianočný program pre deti i dospelých – to všetko do Incheby prinášajú Dni Vianoc.</p>
<p>Pod jednou strechou nájdete bohatú ponuku vianočných darčekov od vianočných dekorácií, hračiek a oblečenia cez sklo, bytové doplnky, zábavnú pyrotechniku, kozmetiku, kožušiny, šperky a bižutériu, spotrebný tovar, elektroniku, a mnoho ďalšieho.</p>
<div class="grid-container"><div class="grid-container__item"><div class="block"><a href="https://www.visitbratislava.com/wp-content/uploads/2017/11/dni-vianoc-incheba-2017-1-800x450.jpg" data-fancybox="gallery" data-caption=""><div class="background"><img src="https://www.visitbratislava.com/wp-content/uploads/2017/11/dni-vianoc-incheba-2017-1-800x450.jpg" alt="foto"/></div><div class="overlay filter-blue"><div class="content"><span class="zoom-button"></span></div></div></a></div></div><div class="grid-container__item"><div class="block"><a href="https://www.visitbratislava.com/wp-content/uploads/2017/11/dni-vianoc-incheba-2017-3-800x450.jpg" data-fancybox="gallery" data-caption=""><div class="background" style="background-image: url(https://www.visitbratislava.com/wp-content/uploads/2017/11/dni-vianoc-incheba-2017-3-800x450.jpg)"></div><div class="overlay filter-green"><div class="content"><span class="zoom-button"></span></div></div></a></div></div><div class="grid-container__item more"></div></div>
<p>Už v prvý adventný týždeň budete môcť v bratislavskej Inchebe zažiť nezabudnuteľnú vianočnú atmosféru. Tradičné Dni Vianoc, ktoré sa v priestoroch výstaviska konajú počas troch decembrových týždňov, prinesú aj tento rok množstvo tipov a nápadov, ktorými možno potešiť pod vianočným stromčekom svojich blízkych.</p>
<p>Čarovná Incheba ponúkne desiatky stánkov nielen s vianočnými dekoráciami, ale aj tradičnejším sortimentom, napríklad doplnkami do domácností, hračkami či knižnými titulmi. K dispozícii budú aj stánky s občerstvením, a tak si budete môcť vychutnať dobré jedlo, punč či varené vínko. Program Dní Vianoc budú dopĺňať aj rôzne sprievodné akcie.</p>
<p>Jednoducho, bratislavské Dni Vianoc v Inchebe sú pravým nákupným rajom a miestom, kde môžete načerpať inšpiráciu a kúpiť ten pravý darček pre vašich blízkych. Tradične štedré a veselé vianočné trhy s bohatým programom nájdete v Inchebe od 1. do 19. decembra.</p>
<p>Vstupenky si môžete kúpiť po kliknutí na obrázok:</p>
<p><a href="https://predpredaj.zoznam.sk/sk/listky/dni-vianoc-v-inchebe-2022/" target="_blank" rel="noopener"><img loading="lazy" class="alignleft wp-image-196936 size-full" src="https://www.visitbratislava.com/wp-content/uploads/2017/11/Dni-Vianoc-v-Inchebe-2022-Banner.jpg" alt="" width="1200" height="630" srcset="https://www.visitbratislava.com/wp-content/uploads/2017/11/Dni-Vianoc-v-Inchebe-2022-Banner.jpg 1200w, https://www.visitbratislava.com/wp-content/uploads/2017/11/Dni-Vianoc-v-Inchebe-2022-Banner-400x210.jpg 400w, https://www.visitbratislava.com/wp-content/uploads/2017/11/Dni-Vianoc-v-Inchebe-2022-Banner-800x420.jpg 800w, https://www.visitbratislava.com/wp-content/uploads/2017/11/Dni-Vianoc-v-Inchebe-2022-Banner-768x403.jpg 768w, https://www.visitbratislava.com/wp-content/uploads/2017/11/Dni-Vianoc-v-Inchebe-2022-Banner-200x105.jpg 200w" sizes="(max-width: 1200px) 100vw, 1200px" /></a></p>

<p>Spomaľte a nachystajte sa na Vianoce bez stresu. Zaslúžite si to</p>
