{"id":381080,"date":"2025-11-18T10:33:48","date_gmt":"2025-11-18T09:33:48","guid":{"rendered":"https:\/\/www.visitbratislava.com\/events\/stara-radnica-2\/"},"modified":"2026-04-24T11:26:35","modified_gmt":"2026-04-24T09:26:35","slug":"stara-radnica-2","status":"publish","type":"event","link":"https:\/\/www.visitbratislava.com\/sk\/podujatia\/stara-radnica-2\/","title":{"rendered":"Star\u00e1 radnica"},"content":{"rendered":"<p><strong>Star\u00e1 radnica predstavuje s\u00fabor pamiatkovo chr\u00e1nen\u00fdch historick\u00fdch budov patriacich k najstar\u0161\u00edm v meste. Nach\u00e1dza sa v centre Bratislavy, medzi Hlavn\u00fdm a Primaci\u00e1lnym n\u00e1mest\u00edm.<\/strong><\/p>\n<p>Expoz\u00edcie tohto m\u00fazea dokumentuj\u00fa remesl\u00e1, obchod, \u0161kolstvo, umenie, kult\u00faru i v\u00fdznamn\u00e9 spolo\u010densko-politick\u00e9 udalosti Bratislavy, ako napr\u00edklad korunov\u00e1cie uhorsk\u00fdch kr\u00e1\u013eov, na pozad\u00ed historick\u00fdch udalost\u00ed ovplyv\u0148uj\u00facich \u017eivot na \u00fazem\u00ed mesta od praveku a\u017e po s\u00fa\u010dasnos\u0165.<br \/>\nK v\u00fdznamn\u00fdm udalostiam rad\u00ed aj vznik M\u00fazea mesta Bratislavy. Z\u00e1kladom expoz\u00edcie s\u00fa zbierkov\u00e9 predmety, ktor\u00e9 dokladaj\u00fa obdobie od neolitu a\u017e do konca 30. rokov 20. storo\u010dia.<\/p>\n<p>V\u00fdznamn\u00e9 udalosti spojen\u00e9 s hist\u00f3riou mesta s\u00fa prezentovan\u00e9 prostredn\u00edctvom dotykov\u00fdch obrazoviek. Prierez d\u00f4le\u017eit\u00fdmi medzn\u00edkmi najmlad\u0161\u00edch dej\u00edn Bratislavy pribli\u017euje dokument\u00e1rny film \u013dudia a mesto v z\u00e1vere prehliadky m\u00fazea.<\/p>\n<p>V r\u00e1mci prehliadky m\u00fazea je mo\u017en\u00e9 vyst\u00fapi\u0165 na ve\u017eu radnice v\u00fdh\u013eadom na historick\u00fa \u010das\u0165 mesta.<\/p>\n","protected":false},"excerpt":{"rendered":"<p>Star\u00e1 radnica predstavuje s\u00fabor pamiatkovo chr\u00e1nen\u00fdch historick\u00fdch budov patriacich k najstar\u0161\u00edm v meste. Nach\u00e1dza sa v centre Bratislavy, medzi Hlavn\u00fdm a Primaci\u00e1lnym n\u00e1mest\u00edm. Expoz\u00edcie tohto m\u00fazea dokumentuj\u00fa remesl\u00e1, obchod, \u0161kolstvo, umenie, kult\u00faru i v\u00fdznamn\u00e9 spolo\u010densko-politick\u00e9 udalosti Bratislavy, ako napr\u00edklad korunov\u00e1cie uhorsk\u00fdch kr\u00e1\u013eov, na pozad\u00ed historick\u00fdch udalost\u00ed ovplyv\u0148uj\u00facich \u017eivot na \u00fazem\u00ed mesta od praveku a\u017e po [&hellip;]<\/p>\n","protected":false},"featured_media":0,"template":"","acf":[],"event_date":{"start_date":1451606400,"end_date":2145916800},"_links":{"self":[{"href":"https:\/\/www.visitbratislava.com\/sk\/wp-json\/wp\/v2\/event\/381080"}],"collection":[{"href":"https:\/\/www.visitbratislava.com\/sk\/wp-json\/wp\/v2\/event"}],"about":[{"href":"https:\/\/www.visitbratislava.com\/sk\/wp-json\/wp\/v2\/types\/event"}],"version-history":[{"count":1,"href":"https:\/\/www.visitbratislava.com\/sk\/wp-json\/wp\/v2\/event\/381080\/revisions"}],"predecessor-version":[{"id":381228,"href":"https:\/\/www.visitbratislava.com\/sk\/wp-json\/wp\/v2\/event\/381080\/revisions\/381228"}],"wp:attachment":[{"href":"https:\/\/www.visitbratislava.com\/sk\/wp-json\/wp\/v2\/media?parent=381080"}],"curies":[{"name":"wp","href":"https:\/\/api.w.org\/{rel}","templated":true}]}}

Stará radnica

<p><strong>Stará radnica predstavuje súbor pamiatkovo chránených historických budov patriacich k najstarším v meste. Nachádza sa v centre Bratislavy, medzi Hlavným a Primaciálnym námestím.</strong></p>
<p>Expozície tohto múzea dokumentujú remeslá, obchod, školstvo, umenie, kultúru i významné spoločensko-politické udalosti Bratislavy, ako napríklad korunovácie uhorských kráľov, na pozadí historických udalostí ovplyvňujúcich život na území mesta od praveku až po súčasnosť.<br />
K významným udalostiam radí aj vznik Múzea mesta Bratislavy. Základom expozície sú zbierkové predmety, ktoré dokladajú obdobie od neolitu až do konca 30. rokov 20. storočia.</p>
<p>Významné udalosti spojené s históriou mesta sú prezentované prostredníctvom dotykových obrazoviek. Prierez dôležitými medzníkmi najmladších dejín Bratislavy približuje dokumentárny film Ľudia a mesto v závere prehliadky múzea.</p>
<p>V rámci prehliadky múzea je možné vystúpiť na vežu radnice výhľadom na historickú časť mesta.</p>

<p>Stará radnica predstavuje súbor pamiatkovo chránených historických budov patriacich k najstarším v meste. Nachádza sa v centre Bratislavy, medzi Hlavným a Primaciálnym námestím. Expozície tohto múzea dokumentujú remeslá, obchod, školstvo, umenie, kultúru i významné spoločensko-politické udalosti Bratislavy, ako napríklad korunovácie uhorských kráľov, na pozadí historických udalostí ovplyvňujúcich život na území mesta od praveku až po [&hellip;]</p>
