{"id":381092,"date":"2025-11-18T10:33:51","date_gmt":"2025-11-18T09:33:51","guid":{"rendered":"https:\/\/www.visitbratislava.com\/events\/archiv-juliusa-kollera-2\/"},"modified":"2026-04-24T11:26:35","modified_gmt":"2026-04-24T09:26:35","slug":"archiv-juliusa-kollera-2","status":"publish","type":"event","link":"https:\/\/www.visitbratislava.com\/sk\/podujatia\/archiv-juliusa-kollera-2\/","title":{"rendered":"Arch\u00edv J\u00faliusa Kollera"},"content":{"rendered":"<p>Na 1. poschod\u00ed Esterh\u00e1zyho pal\u00e1ca Slovensk\u00e1 n\u00e1rodn\u00e1 gal\u00e9ria spr\u00edstupnila arch\u00edv konceptu\u00e1lneho umelca J\u00faliusa Kollera. Vystaven\u00fd materi\u00e1l Kollerovej pozostalosti nem\u00e1 amb\u00edciu poda\u0165 nejak\u00fa komplexn\u00fa spr\u00e1vu o jej obsahu.<\/p>\n<p>Expoz\u00edcia je postaven\u00e1 z troch \u010dast\u00ed. Tri vitr\u00edny s\u00fa nakonfigurovan\u00e9 nasledovne: v prvej SNG pon\u00faka dokument\u00e1ciu jednej konkr\u00e9tnej v\u00fdstavy &#8211; Textiln\u00e9 obrazy z roku 1974. Ide o jedin\u00fa Kollerovu one man show v obdob\u00ed normaliz\u00e1cie.<\/p>\n<p>Druh\u00e1 vitr\u00edna je sondou do siet\u00ed alternat\u00edvnej v\u00fdtvarnej sc\u00e9ny. Predstavuje drobn\u00e9 pr\u00e1ce (listy, PF-ky, mail arty) Kollerov\u00fdch kolegov a koleg\u00fd\u0148 z jeho pozostalosti. Sprostredk\u00fava \u0148ou onen \u00e9tos zdie\u013eania, typick\u00fd pre nez\u00e1visl\u00fa v\u00fdtvarn\u00fa sc\u00e9nu \u010di komunitu.<\/p>\n<p>Tretia vitr\u00edna dokumentuje Kollerovu prepisovaciu m\u00e1niu, jeho poz\u00edciu dobov\u00e9ho svedka, citlivo, z\u00e1rove\u0148 s ist\u00fdm ironick\u00fdm di\u0161tancom zaznamen\u00e1vaj\u00faceho \u201etok dej\u00edn&#8220;. V pozostalosti zachovan\u00e9 bal\u00edky denn\u00edkov\u00fdch excerpt tu prezentuje vo v\u00fdbere z troch ro\u010dn\u00edkov bezprostredne nasleduj\u00facich po politickej zmene v roku 1989.<\/p>\n<p>V\u00e4\u010d\u0161ie form\u00e1ty, in\u0161talovan\u00e9 na stene, s\u00fa uk\u00e1\u017ekou Kollerov\u00fdch paspartovac\u00edch proced\u00far. Paspartovanie je u Kollera \u0161pecifick\u00fdm uchopovan\u00edm sveta, umeleck\u00fdm filtrovan\u00edm reality &#8211; tu konkr\u00e9tne: vlastnej identity. Na 24 papierov\u00fdch rysoch tu vidie\u0165 v skratke kus umelcovho \u017eivotopisu &#8211; od narodenia a\u017e po stretnutie s Kv\u011btou Fulierovou. Osobit\u00e1 n\u00e1stenka ukazuje Kollerovu zaujatos\u0165 keltsk\u00fdm svetom a pletencovou ornamentikou.<\/p>\n","protected":false},"excerpt":{"rendered":"<p>Na 1. poschod\u00ed Esterh\u00e1zyho pal\u00e1ca Slovensk\u00e1 n\u00e1rodn\u00e1 gal\u00e9ria spr\u00edstupnila arch\u00edv konceptu\u00e1lneho umelca J\u00faliusa Kollera. Vystaven\u00fd materi\u00e1l Kollerovej pozostalosti nem\u00e1 amb\u00edciu poda\u0165 nejak\u00fa komplexn\u00fa spr\u00e1vu o jej obsahu. Expoz\u00edcia je postaven\u00e1 z troch \u010dast\u00ed. Tri vitr\u00edny s\u00fa nakonfigurovan\u00e9 nasledovne: v prvej SNG pon\u00faka dokument\u00e1ciu jednej konkr\u00e9tnej v\u00fdstavy &#8211; Textiln\u00e9 obrazy z roku 1974. Ide o jedin\u00fa [&hellip;]<\/p>\n","protected":false},"featured_media":0,"template":"","acf":[],"event_date":{"start_date":1451606400,"end_date":2145916800},"_links":{"self":[{"href":"https:\/\/www.visitbratislava.com\/sk\/wp-json\/wp\/v2\/event\/381092"}],"collection":[{"href":"https:\/\/www.visitbratislava.com\/sk\/wp-json\/wp\/v2\/event"}],"about":[{"href":"https:\/\/www.visitbratislava.com\/sk\/wp-json\/wp\/v2\/types\/event"}],"version-history":[{"count":1,"href":"https:\/\/www.visitbratislava.com\/sk\/wp-json\/wp\/v2\/event\/381092\/revisions"}],"predecessor-version":[{"id":381240,"href":"https:\/\/www.visitbratislava.com\/sk\/wp-json\/wp\/v2\/event\/381092\/revisions\/381240"}],"wp:attachment":[{"href":"https:\/\/www.visitbratislava.com\/sk\/wp-json\/wp\/v2\/media?parent=381092"}],"curies":[{"name":"wp","href":"https:\/\/api.w.org\/{rel}","templated":true}]}}

Archív Júliusa Kollera

<p>Na 1. poschodí Esterházyho paláca Slovenská národná galéria sprístupnila archív konceptuálneho umelca Júliusa Kollera. Vystavený materiál Kollerovej pozostalosti nemá ambíciu podať nejakú komplexnú správu o jej obsahu.</p>
<p>Expozícia je postavená z troch častí. Tri vitríny sú nakonfigurované nasledovne: v prvej SNG ponúka dokumentáciu jednej konkrétnej výstavy &#8211; Textilné obrazy z roku 1974. Ide o jedinú Kollerovu one man show v období normalizácie.</p>
<p>Druhá vitrína je sondou do sietí alternatívnej výtvarnej scény. Predstavuje drobné práce (listy, PF-ky, mail arty) Kollerových kolegov a kolegýň z jeho pozostalosti. Sprostredkúva ňou onen étos zdieľania, typický pre nezávislú výtvarnú scénu či komunitu.</p>
<p>Tretia vitrína dokumentuje Kollerovu prepisovaciu mániu, jeho pozíciu dobového svedka, citlivo, zároveň s istým ironickým dištancom zaznamenávajúceho „tok dejín&#8220;. V pozostalosti zachované balíky denníkových excerpt tu prezentuje vo výbere z troch ročníkov bezprostredne nasledujúcich po politickej zmene v roku 1989.</p>
<p>Väčšie formáty, inštalované na stene, sú ukážkou Kollerových paspartovacích procedúr. Paspartovanie je u Kollera špecifickým uchopovaním sveta, umeleckým filtrovaním reality &#8211; tu konkrétne: vlastnej identity. Na 24 papierových rysoch tu vidieť v skratke kus umelcovho životopisu &#8211; od narodenia až po stretnutie s Květou Fulierovou. Osobitá nástenka ukazuje Kollerovu zaujatosť keltským svetom a pletencovou ornamentikou.</p>

<p>Na 1. poschodí Esterházyho paláca Slovenská národná galéria sprístupnila archív konceptuálneho umelca Júliusa Kollera. Vystavený materiál Kollerovej pozostalosti nemá ambíciu podať nejakú komplexnú správu o jej obsahu. Expozícia je postavená z troch častí. Tri vitríny sú nakonfigurované nasledovne: v prvej SNG ponúka dokumentáciu jednej konkrétnej výstavy &#8211; Textilné obrazy z roku 1974. Ide o jedinú [&hellip;]</p>
