{"id":382885,"date":"2025-11-28T10:26:30","date_gmt":"2025-11-28T09:26:30","guid":{"rendered":"https:\/\/www.visitbratislava.com\/events\/libor-machacek-poradna-prace-2\/"},"modified":"2026-04-24T11:26:02","modified_gmt":"2026-04-24T09:26:02","slug":"libor-machacek-poradna-prace-2","status":"publish","type":"event","link":"https:\/\/www.visitbratislava.com\/sk\/podujatia\/libor-machacek-poradna-prace-2\/","title":{"rendered":"Libor Mach\u00e1\u010dek: Po\u0159\u00e1dn\u00e1 pr\u00e1ce"},"content":{"rendered":"<p>Druh\u00fd stand-up speci\u00e1l Libora Mach\u00e1\u010dka je tady. Svatby, blbci nebo t\u0159eba \u010de\u0161t\u00ed \u0159idi\u010di \u2013 v\u0161echno, na co Libor nem\u016f\u017ee p\u0159estat myslet a mus\u00ed se o to pod\u011blit.<\/p>\n","protected":false},"excerpt":{"rendered":"<p>Druh\u00fd stand-up speci\u00e1l Libora Mach\u00e1\u010dka je tady. Svatby, blbci nebo t\u0159eba \u010de\u0161t\u00ed \u0159idi\u010di \u2013 v\u0161echno, na co Libor nem\u016f\u017ee p\u0159estat myslet a mus\u00ed se o to pod\u011blit.<\/p>\n","protected":false},"featured_media":0,"template":"","acf":[],"event_date":{"start_date":1779580800,"end_date":1779580800},"_links":{"self":[{"href":"https:\/\/www.visitbratislava.com\/sk\/wp-json\/wp\/v2\/event\/382885"}],"collection":[{"href":"https:\/\/www.visitbratislava.com\/sk\/wp-json\/wp\/v2\/event"}],"about":[{"href":"https:\/\/www.visitbratislava.com\/sk\/wp-json\/wp\/v2\/types\/event"}],"version-history":[{"count":1,"href":"https:\/\/www.visitbratislava.com\/sk\/wp-json\/wp\/v2\/event\/382885\/revisions"}],"predecessor-version":[{"id":383249,"href":"https:\/\/www.visitbratislava.com\/sk\/wp-json\/wp\/v2\/event\/382885\/revisions\/383249"}],"wp:attachment":[{"href":"https:\/\/www.visitbratislava.com\/sk\/wp-json\/wp\/v2\/media?parent=382885"}],"curies":[{"name":"wp","href":"https:\/\/api.w.org\/{rel}","templated":true}]}}

Libor Macháček: Pořádná práce

<p>Druhý stand-up speciál Libora Macháčka je tady. Svatby, blbci nebo třeba čeští řidiči – všechno, na co Libor nemůže přestat myslet a musí se o to podělit.</p>
