{"id":387204,"date":"2025-12-11T10:26:35","date_gmt":"2025-12-11T09:26:35","guid":{"rendered":"https:\/\/www.visitbratislava.com\/events\/cirque-du-soleil-ovo-2\/"},"modified":"2026-04-24T11:26:12","modified_gmt":"2026-04-24T09:26:12","slug":"cirque-du-soleil-ovo-2","status":"publish","type":"event","link":"https:\/\/www.visitbratislava.com\/sk\/podujatia\/cirque-du-soleil-ovo-2\/","title":{"rendered":"Cirque du Soleil: Ovo"},"content":{"rendered":"<p><strong>Cirque du Soleil: Ovo sa predstav\u00ed v bratislavskej Tipos ar\u00e9ne od 25.- 28. febru\u00e1ra 2027.<\/strong><\/p>\n<p>Bratislava sa stane dejiskom show Cirque du Soleil, ktor\u00e1 u\u017e roky uchvacuje publikum po celom svete, v \u00faplne novej podobe. Slovensk\u00ed fan\u00fa\u0161ikovia sa m\u00f4\u017eu te\u0161i\u0165 na prepracovan\u00fa sc\u00e9nu, nov\u00e9 akrobatick\u00e9 \u010d\u00edsla, \u010derstv\u00e9 hudobn\u00e9 aran\u017em\u00e1ny a upraven\u00e9 kost\u00fdmy, ktor\u00e9 rozjasnia atmosf\u00e9ru farebn\u00e9ho hmyzieho sveta.<\/p>\n<p>Ovo (\u201evajce\u201c v portugal\u010dine) prin\u00e1\u0161a na javisko fascinuj\u00facu kol\u00f3niu neoby\u010dajn\u00e9ho a mimoriadne talentovan\u00e9ho hmyzu \u2013 od \u0161a\u0161o-mrav\u010dekov, cez eleganciu modr\u00fdch mot\u00fd\u013eov a\u017e po akrobaticky nezdolate\u013en\u00e9 cvr\u010dky odr\u00e1\u017eaj\u00face sa z trampol\u00edny \u010di hypnotick\u00fa pav\u00fa\u010dicu, kr\u00fatiacu sa vo svojej sieti. V\u0161etko v preveden\u00ed 53 akrobatov a hudobn\u00edkov z cel\u00e9ho sveta. V\u00fdsledkom je pestrofarebn\u00e9 predstavenie pln\u00e9 radosti, fant\u00e1zie a vrcholnej akrobacie ur\u010den\u00e9 pre v\u0161etky vekov\u00e9 kateg\u00f3rie.<\/p>\n","protected":false},"excerpt":{"rendered":"<p>Cirque du Soleil: Ovo sa predstav\u00ed v bratislavskej Tipos ar\u00e9ne od 25.- 28. febru\u00e1ra 2027. Bratislava sa stane dejiskom show Cirque du Soleil, ktor\u00e1 u\u017e roky uchvacuje publikum po celom svete, v \u00faplne novej podobe. Slovensk\u00ed fan\u00fa\u0161ikovia sa m\u00f4\u017eu te\u0161i\u0165 na prepracovan\u00fa sc\u00e9nu, nov\u00e9 akrobatick\u00e9 \u010d\u00edsla, \u010derstv\u00e9 hudobn\u00e9 aran\u017em\u00e1ny a upraven\u00e9 kost\u00fdmy, ktor\u00e9 rozjasnia atmosf\u00e9ru [&hellip;]<\/p>\n","protected":false},"featured_media":0,"template":"","acf":[],"event_date":{"start_date":1803513600,"end_date":1803772800},"_links":{"self":[{"href":"https:\/\/www.visitbratislava.com\/sk\/wp-json\/wp\/v2\/event\/387204"}],"collection":[{"href":"https:\/\/www.visitbratislava.com\/sk\/wp-json\/wp\/v2\/event"}],"about":[{"href":"https:\/\/www.visitbratislava.com\/sk\/wp-json\/wp\/v2\/types\/event"}],"version-history":[{"count":1,"href":"https:\/\/www.visitbratislava.com\/sk\/wp-json\/wp\/v2\/event\/387204\/revisions"}],"predecessor-version":[{"id":387604,"href":"https:\/\/www.visitbratislava.com\/sk\/wp-json\/wp\/v2\/event\/387204\/revisions\/387604"}],"wp:attachment":[{"href":"https:\/\/www.visitbratislava.com\/sk\/wp-json\/wp\/v2\/media?parent=387204"}],"curies":[{"name":"wp","href":"https:\/\/api.w.org\/{rel}","templated":true}]}}

<p><strong>Cirque du Soleil: Ovo sa predstaví v bratislavskej Tipos aréne od 25.- 28. februára 2027.</strong></p>
<p>Bratislava sa stane dejiskom show Cirque du Soleil, ktorá už roky uchvacuje publikum po celom svete, v úplne novej podobe. Slovenskí fanúšikovia sa môžu tešiť na prepracovanú scénu, nové akrobatické čísla, čerstvé hudobné aranžmány a upravené kostýmy, ktoré rozjasnia atmosféru farebného hmyzieho sveta.</p>
<p>Ovo („vajce“ v portugalčine) prináša na javisko fascinujúcu kolóniu neobyčajného a mimoriadne talentovaného hmyzu – od šašo-mravčekov, cez eleganciu modrých motýľov až po akrobaticky nezdolateľné cvrčky odrážajúce sa z trampolíny či hypnotickú pavúčicu, krútiacu sa vo svojej sieti. Všetko v prevedení 53 akrobatov a hudobníkov z celého sveta. Výsledkom je pestrofarebné predstavenie plné radosti, fantázie a vrcholnej akrobacie určené pre všetky vekové kategórie.</p>

<p>Cirque du Soleil: Ovo sa predstaví v bratislavskej Tipos aréne od 25.- 28. februára 2027. Bratislava sa stane dejiskom show Cirque du Soleil, ktorá už roky uchvacuje publikum po celom svete, v úplne novej podobe. Slovenskí fanúšikovia sa môžu tešiť na prepracovanú scénu, nové akrobatické čísla, čerstvé hudobné aranžmány a upravené kostýmy, ktoré rozjasnia atmosféru [&hellip;]</p>
