{"id":401181,"date":"2026-01-10T10:26:25","date_gmt":"2026-01-10T09:26:25","guid":{"rendered":"https:\/\/www.visitbratislava.com\/events\/vecer-trojkralovy-jana-kirschner-4\/"},"modified":"2026-04-24T11:26:11","modified_gmt":"2026-04-24T09:26:11","slug":"vecer-trojkralovy-jana-kirschner-4","status":"publish","type":"event","link":"https:\/\/www.visitbratislava.com\/sk\/podujatia\/vecer-trojkralovy-jana-kirschner-4\/","title":{"rendered":"Ve\u010der Trojkr\u00e1\u013eov\u00fd: Jana Kirschner"},"content":{"rendered":"<p>Trojkr\u00e1\u013eov\u00fd ve\u010der s Janou Kirschner prebehne 6. janu\u00e1ra v Starej Tr\u017enici v Bratislave.<\/p>\n","protected":false},"excerpt":{"rendered":"<p>Trojkr\u00e1\u013eov\u00fd ve\u010der s Janou Kirschner prebehne 6. janu\u00e1ra v Starej Tr\u017enici v Bratislave.<\/p>\n","protected":false},"featured_media":0,"template":"","acf":[],"event_date":{"start_date":1799193600,"end_date":1799193600},"_links":{"self":[{"href":"https:\/\/www.visitbratislava.com\/sk\/wp-json\/wp\/v2\/event\/401181"}],"collection":[{"href":"https:\/\/www.visitbratislava.com\/sk\/wp-json\/wp\/v2\/event"}],"about":[{"href":"https:\/\/www.visitbratislava.com\/sk\/wp-json\/wp\/v2\/types\/event"}],"version-history":[{"count":1,"href":"https:\/\/www.visitbratislava.com\/sk\/wp-json\/wp\/v2\/event\/401181\/revisions"}],"predecessor-version":[{"id":401749,"href":"https:\/\/www.visitbratislava.com\/sk\/wp-json\/wp\/v2\/event\/401181\/revisions\/401749"}],"wp:attachment":[{"href":"https:\/\/www.visitbratislava.com\/sk\/wp-json\/wp\/v2\/media?parent=401181"}],"curies":[{"name":"wp","href":"https:\/\/api.w.org\/{rel}","templated":true}]}}

Večer Trojkráľový: Jana Kirschner

<p>Trojkráľový večer s Janou Kirschner prebehne 6. januára v Starej Tržnici v Bratislave.</p>
