{"id":402936,"date":"2026-01-12T15:09:39","date_gmt":"2026-01-12T14:09:39","guid":{"rendered":"https:\/\/www.visitbratislava.com\/?post_type=event&#038;p=402936"},"modified":"2026-01-12T15:09:39","modified_gmt":"2026-01-12T14:09:39","slug":"vlak-v-meste","status":"publish","type":"event","link":"https:\/\/www.visitbratislava.com\/sk\/podujatia\/vlak-v-meste\/","title":{"rendered":"Vlak v meste"},"content":{"rendered":"<p>K\u00fdm star\u0161ie gener\u00e1cie Bratislav\u010danov nostalgicky spom\u00ednaj\u00fa na p\u00f4vodn\u00fa podobu tejto mestskej \u0161tvrte, najmlad\u0161ie v\u00f4bec netu\u0161ia, \u017ee na uliciach Karad\u017ei\u010dova, Metodova, Trnavsk\u00e1 cesta jazdili kedysi aj vlaky. Obrazov\u00e1 v\u00fdstava V\u00e1s prostredn\u00edctvom dobov\u00fdch a s\u00fa\u010dasn\u00fdch fotografi\u00ed zozn\u00e1mi s hist\u00f3riou a n\u00e1slednou rozsiahlou premenou tejto mestskej \u0161tvrte.<\/p>\n<p><img loading=\"lazy\" width=\"400\" height=\"303\" class=\"alignnone size-medium wp-image-402937\" src=\"https:\/\/www.visitbratislava.com\/wp-content\/uploads\/2026\/01\/vystava-vlak-v-meste-muzeum-dopravy-400x303.jpg\" alt=\"\" srcset=\"https:\/\/www.visitbratislava.com\/wp-content\/uploads\/2026\/01\/vystava-vlak-v-meste-muzeum-dopravy-400x303.jpg 400w, https:\/\/www.visitbratislava.com\/wp-content\/uploads\/2026\/01\/vystava-vlak-v-meste-muzeum-dopravy-800x606.jpg 800w, https:\/\/www.visitbratislava.com\/wp-content\/uploads\/2026\/01\/vystava-vlak-v-meste-muzeum-dopravy-768x582.jpg 768w, https:\/\/www.visitbratislava.com\/wp-content\/uploads\/2026\/01\/vystava-vlak-v-meste-muzeum-dopravy-1536x1164.jpg 1536w, https:\/\/www.visitbratislava.com\/wp-content\/uploads\/2026\/01\/vystava-vlak-v-meste-muzeum-dopravy-200x152.jpg 200w, https:\/\/www.visitbratislava.com\/wp-content\/uploads\/2026\/01\/vystava-vlak-v-meste-muzeum-dopravy.jpg 1754w\" sizes=\"(max-width: 400px) 100vw, 400px\" \/><\/p>\n","protected":false},"excerpt":{"rendered":"<p>Kedysi industri\u00e1lna \u010das\u0165 Bratislavy na v\u00fdchodnom okraji centra mesta, ktor\u00fa pozn\u00e1me pod n\u00e1zvom Nivy, zmenila v uplynul\u00fdch desa\u0165ro\u010diach svoju tv\u00e1r na nepoznanie.<\/p>\n","protected":false},"featured_media":402937,"template":"","acf":[],"event_date":{"start_date":1747267200,"end_date":1778803200},"_links":{"self":[{"href":"https:\/\/www.visitbratislava.com\/sk\/wp-json\/wp\/v2\/event\/402936"}],"collection":[{"href":"https:\/\/www.visitbratislava.com\/sk\/wp-json\/wp\/v2\/event"}],"about":[{"href":"https:\/\/www.visitbratislava.com\/sk\/wp-json\/wp\/v2\/types\/event"}],"version-history":[{"count":4,"href":"https:\/\/www.visitbratislava.com\/sk\/wp-json\/wp\/v2\/event\/402936\/revisions"}],"predecessor-version":[{"id":402946,"href":"https:\/\/www.visitbratislava.com\/sk\/wp-json\/wp\/v2\/event\/402936\/revisions\/402946"}],"wp:featuredmedia":[{"embeddable":true,"href":"https:\/\/www.visitbratislava.com\/sk\/wp-json\/wp\/v2\/media\/402937"}],"wp:attachment":[{"href":"https:\/\/www.visitbratislava.com\/sk\/wp-json\/wp\/v2\/media?parent=402936"}],"curies":[{"name":"wp","href":"https:\/\/api.w.org\/{rel}","templated":true}]}}

<p>Kým staršie generácie Bratislavčanov nostalgicky spomínajú na pôvodnú podobu tejto mestskej štvrte, najmladšie vôbec netušia, že na uliciach Karadžičova, Metodova, Trnavská cesta jazdili kedysi aj vlaky. Obrazová výstava Vás prostredníctvom dobových a súčasných fotografií zoznámi s históriou a následnou rozsiahlou premenou tejto mestskej štvrte.</p>
<p><img loading="lazy" width="400" height="303" class="alignnone size-medium wp-image-402937" src="https://www.visitbratislava.com/wp-content/uploads/2026/01/vystava-vlak-v-meste-muzeum-dopravy-400x303.jpg" alt="" srcset="https://www.visitbratislava.com/wp-content/uploads/2026/01/vystava-vlak-v-meste-muzeum-dopravy-400x303.jpg 400w, https://www.visitbratislava.com/wp-content/uploads/2026/01/vystava-vlak-v-meste-muzeum-dopravy-800x606.jpg 800w, https://www.visitbratislava.com/wp-content/uploads/2026/01/vystava-vlak-v-meste-muzeum-dopravy-768x582.jpg 768w, https://www.visitbratislava.com/wp-content/uploads/2026/01/vystava-vlak-v-meste-muzeum-dopravy-1536x1164.jpg 1536w, https://www.visitbratislava.com/wp-content/uploads/2026/01/vystava-vlak-v-meste-muzeum-dopravy-200x152.jpg 200w, https://www.visitbratislava.com/wp-content/uploads/2026/01/vystava-vlak-v-meste-muzeum-dopravy.jpg 1754w" sizes="(max-width: 400px) 100vw, 400px" /></p>

<p>Kedysi industriálna časť Bratislavy na východnom okraji centra mesta, ktorú poznáme pod názvom Nivy, zmenila v uplynulých desaťročiach svoju tvár na nepoznanie.</p>
