{"id":422674,"date":"2026-02-17T10:25:57","date_gmt":"2026-02-17T09:25:57","guid":{"rendered":"https:\/\/www.visitbratislava.com\/events\/zabit-frantiska-4\/"},"modified":"2026-03-15T10:25:39","modified_gmt":"2026-03-15T09:25:39","slug":"zabit-frantiska-4","status":"publish","type":"event","link":"https:\/\/www.visitbratislava.com\/sk\/podujatia\/zabit-frantiska-4\/","title":{"rendered":"Zabi\u0165 Franti\u0161ka"},"content":{"rendered":"<p><strong>K piatemu v\u00fdro\u010diu svojho debutov\u00e9 albumu zahr\u00e1 Zabi\u0165 Franti\u0161ka \u0161peci\u00e1lny koncert na schodisku v Novej Cvernovke.<\/strong><\/p>\n<p>\u00daplne unplugged, len s vyu\u017eit\u00edm akustiky priestoru odznej\u00fa v\u0161etky skladby zo Samovho debutu. Ako hos\u0165 ve\u010dera vyst\u00fapi Tereza Pavl\u00edkov\u00e1.<\/p>\n<p>Vynilov\u00e1 reed\u00edcia tohto albumu, ktor\u00fd bol dlh\u0161ie vypredan\u00fd, bude k dispoz\u00edcii na mieste v de\u0148 koncertu a predobjedna\u0165 sa d\u00e1 aj cez Donio.<\/p>\n","protected":false},"excerpt":{"rendered":"<p>K piatemu v\u00fdro\u010diu svojho debutov\u00e9 albumu zahr\u00e1 Zabi\u0165 Franti\u0161ka \u0161peci\u00e1lny koncert na schodisku v Novej Cvernovke. \u00daplne unplugged, len s vyu\u017eit\u00edm akustiky priestoru odznej\u00fa v\u0161etky skladby zo Samovho debutu. Ako hos\u0165 ve\u010dera vyst\u00fapi Tereza Pavl\u00edkov\u00e1. Vynilov\u00e1 reed\u00edcia tohto albumu, ktor\u00fd bol dlh\u0161ie vypredan\u00fd, bude k dispoz\u00edcii na mieste v de\u0148 koncertu a predobjedna\u0165 sa d\u00e1 [&hellip;]<\/p>\n","protected":false},"featured_media":0,"template":"","acf":[],"event_date":{"start_date":1773532800,"end_date":1773532800},"_links":{"self":[{"href":"https:\/\/www.visitbratislava.com\/sk\/wp-json\/wp\/v2\/event\/422674"}],"collection":[{"href":"https:\/\/www.visitbratislava.com\/sk\/wp-json\/wp\/v2\/event"}],"about":[{"href":"https:\/\/www.visitbratislava.com\/sk\/wp-json\/wp\/v2\/types\/event"}],"version-history":[{"count":1,"href":"https:\/\/www.visitbratislava.com\/sk\/wp-json\/wp\/v2\/event\/422674\/revisions"}],"predecessor-version":[{"id":423190,"href":"https:\/\/www.visitbratislava.com\/sk\/wp-json\/wp\/v2\/event\/422674\/revisions\/423190"}],"wp:attachment":[{"href":"https:\/\/www.visitbratislava.com\/sk\/wp-json\/wp\/v2\/media?parent=422674"}],"curies":[{"name":"wp","href":"https:\/\/api.w.org\/{rel}","templated":true}]}}

Zabiť Františka

<p><strong>K piatemu výročiu svojho debutové albumu zahrá Zabiť Františka špeciálny koncert na schodisku v Novej Cvernovke.</strong></p>
<p>Úplne unplugged, len s využitím akustiky priestoru odznejú všetky skladby zo Samovho debutu. Ako hosť večera vystúpi Tereza Pavlíková.</p>
<p>Vynilová reedícia tohto albumu, ktorý bol dlhšie vypredaný, bude k dispozícii na mieste v deň koncertu a predobjednať sa dá aj cez Donio.</p>

<p>K piatemu výročiu svojho debutové albumu zahrá Zabiť Františka špeciálny koncert na schodisku v Novej Cvernovke. Úplne unplugged, len s využitím akustiky priestoru odznejú všetky skladby zo Samovho debutu. Ako hosť večera vystúpi Tereza Pavlíková. Vynilová reedícia tohto albumu, ktorý bol dlhšie vypredaný, bude k dispozícii na mieste v deň koncertu a predobjednať sa dá [&hellip;]</p>
