{"id":426615,"date":"2026-02-25T10:26:35","date_gmt":"2026-02-25T09:26:35","guid":{"rendered":"https:\/\/www.visitbratislava.com\/events\/po-stopach-travertinu-2\/"},"modified":"2026-03-24T10:25:38","modified_gmt":"2026-03-24T09:25:38","slug":"po-stopach-travertinu-2","status":"publish","type":"event","link":"https:\/\/www.visitbratislava.com\/sk\/podujatia\/po-stopach-travertinu-2\/","title":{"rendered":"Po stop\u00e1ch travert\u00ednu"},"content":{"rendered":"<p>Kame\u0148 mnoh\u00fdch tv\u00e1r\u00ed a farieb, naz\u00fdvame ho aj slovensk\u00fd mramor. Zdob\u00ed fas\u00e1dy a interi\u00e9ry viacer\u00fdch v\u00fdznamn\u00fdch budov v na\u0161ich mest\u00e1ch a ob\u013e\u00fabili si ho architekti ako Emil\u202fBellu\u0161, M. M.\u202fHarminc, Juraj\u202fTvaro\u017eek, Franti\u0161ek\u202fKrupka\u202fa in\u00ed, ktor\u00ed d\u00e1vali prednos\u0165 kvalitn\u00fdm materi\u00e1lom pred zbyto\u010dn\u00fdmi a nepotrebn\u00fdmi ozdobami v \u00e9re modernej architekt\u00fary. Travert\u00edn vznikol z vody a vzduchu a je st\u00e1le \u017eiv\u00fd\u2026<\/p>\n<p>Sprev\u00e1dza: Eva Cubrikov\u00e1<\/p>\n","protected":false},"excerpt":{"rendered":"<p>Kame\u0148 mnoh\u00fdch tv\u00e1r\u00ed a farieb, naz\u00fdvame ho aj slovensk\u00fd mramor. Zdob\u00ed fas\u00e1dy a interi\u00e9ry viacer\u00fdch v\u00fdznamn\u00fdch budov v na\u0161ich mest\u00e1ch a ob\u013e\u00fabili si ho architekti ako Emil\u202fBellu\u0161, M. M.\u202fHarminc, Juraj\u202fTvaro\u017eek, Franti\u0161ek\u202fKrupka\u202fa in\u00ed, ktor\u00ed d\u00e1vali prednos\u0165 kvalitn\u00fdm materi\u00e1lom pred zbyto\u010dn\u00fdmi a nepotrebn\u00fdmi ozdobami v \u00e9re modernej architekt\u00fary. Travert\u00edn vznikol z vody a vzduchu a je st\u00e1le [&hellip;]<\/p>\n","protected":false},"featured_media":0,"template":"","acf":[],"event_date":{"start_date":1774310400,"end_date":1774310400},"_links":{"self":[{"href":"https:\/\/www.visitbratislava.com\/sk\/wp-json\/wp\/v2\/event\/426615"}],"collection":[{"href":"https:\/\/www.visitbratislava.com\/sk\/wp-json\/wp\/v2\/event"}],"about":[{"href":"https:\/\/www.visitbratislava.com\/sk\/wp-json\/wp\/v2\/types\/event"}],"version-history":[{"count":1,"href":"https:\/\/www.visitbratislava.com\/sk\/wp-json\/wp\/v2\/event\/426615\/revisions"}],"predecessor-version":[{"id":427140,"href":"https:\/\/www.visitbratislava.com\/sk\/wp-json\/wp\/v2\/event\/426615\/revisions\/427140"}],"wp:attachment":[{"href":"https:\/\/www.visitbratislava.com\/sk\/wp-json\/wp\/v2\/media?parent=426615"}],"curies":[{"name":"wp","href":"https:\/\/api.w.org\/{rel}","templated":true}]}}

Po stopách travertínu

<p>Kameň mnohých tvárí a farieb, nazývame ho aj slovenský mramor. Zdobí fasády a interiéry viacerých významných budov v našich mestách a obľúbili si ho architekti ako Emil Belluš, M. M. Harminc, Juraj Tvarožek, František Krupka a iní, ktorí dávali prednosť kvalitným materiálom pred zbytočnými a nepotrebnými ozdobami v ére modernej architektúry. Travertín vznikol z vody a vzduchu a je stále živý…</p>
<p>Sprevádza: Eva Cubriková</p>

<p>Kameň mnohých tvárí a farieb, nazývame ho aj slovenský mramor. Zdobí fasády a interiéry viacerých významných budov v našich mestách a obľúbili si ho architekti ako Emil Belluš, M. M. Harminc, Juraj Tvarožek, František Krupka a iní, ktorí dávali prednosť kvalitným materiálom pred zbytočnými a nepotrebnými ozdobami v ére modernej architektúry. Travertín vznikol z vody a vzduchu a je stále [&hellip;]</p>
