{"id":427155,"date":"2026-02-26T10:26:18","date_gmt":"2026-02-26T09:26:18","guid":{"rendered":"https:\/\/www.visitbratislava.com\/events\/nocna-allnighter-glaskin-live-nina-farrina-matwe-2\/"},"modified":"2026-03-27T10:25:44","modified_gmt":"2026-03-27T09:25:44","slug":"nocna-allnighter-glaskin-live-nina-farrina-matwe-2","status":"publish","type":"event","link":"https:\/\/www.visitbratislava.com\/sk\/podujatia\/nocna-allnighter-glaskin-live-nina-farrina-matwe-2\/","title":{"rendered":"No\u010dn\u00e1: AllNighter \u2013 Glaskin live + Nina Farrina + Matwe"},"content":{"rendered":"<p><strong>Nov\u00e1 Cvernovka sa 27. marca do\u010dk\u00e1 n\u00e1vratu party No\u010dn\u00e1 a to s nov\u00fdm AllNighter form\u00e1tom. N\u00e1v\u0161tevn\u00edci m\u00f4\u017eu o\u010dak\u00e1va\u0165 dlh\u0161ie DJ sety od Niny Farriny a Matweho, \u0161peci\u00e1lny liveact od Glaskin a bezpe\u010dn\u00fd priestor kult\u00farno-kreat\u00edvneho centra Nov\u00e1 Cvernovka.<\/strong><\/p>\n<p>Viac inform\u00e1ci\u00ed na <a href=\"https:\/\/www.facebook.com\/events\/2017125565513868\">Facebooku<\/a> alebo <a href=\"https:\/\/ra.co\/events\/2379920\">Resident Advisore<\/a>.<\/p>\n<p>Pripojte sa k <a href=\"https:\/\/chat.whatsapp.com\/EC6A4FLsZkfEMtQfg3my9r\">WhatsApp komunite<\/a> a z\u00edskajte inform\u00e1cie z prvej ruky.<\/p>\n<p>18+<\/p>\n","protected":false},"excerpt":{"rendered":"<p>Nov\u00e1 Cvernovka sa 27. marca do\u010dk\u00e1 n\u00e1vratu party No\u010dn\u00e1 a to s nov\u00fdm AllNighter form\u00e1tom. N\u00e1v\u0161tevn\u00edci m\u00f4\u017eu o\u010dak\u00e1va\u0165 dlh\u0161ie DJ sety od Niny Farriny a Matweho, \u0161peci\u00e1lny liveact od Glaskin a bezpe\u010dn\u00fd priestor kult\u00farno-kreat\u00edvneho centra Nov\u00e1 Cvernovka. Viac inform\u00e1ci\u00ed na Facebooku alebo Resident Advisore. Pripojte sa k WhatsApp komunite a z\u00edskajte inform\u00e1cie z prvej ruky. [&hellip;]<\/p>\n","protected":false},"featured_media":0,"template":"","acf":[],"event_date":{"start_date":1774569600,"end_date":1774569600},"_links":{"self":[{"href":"https:\/\/www.visitbratislava.com\/sk\/wp-json\/wp\/v2\/event\/427155"}],"collection":[{"href":"https:\/\/www.visitbratislava.com\/sk\/wp-json\/wp\/v2\/event"}],"about":[{"href":"https:\/\/www.visitbratislava.com\/sk\/wp-json\/wp\/v2\/types\/event"}],"version-history":[{"count":3,"href":"https:\/\/www.visitbratislava.com\/sk\/wp-json\/wp\/v2\/event\/427155\/revisions"}],"predecessor-version":[{"id":436126,"href":"https:\/\/www.visitbratislava.com\/sk\/wp-json\/wp\/v2\/event\/427155\/revisions\/436126"}],"wp:attachment":[{"href":"https:\/\/www.visitbratislava.com\/sk\/wp-json\/wp\/v2\/media?parent=427155"}],"curies":[{"name":"wp","href":"https:\/\/api.w.org\/{rel}","templated":true}]}}

Nočná: AllNighter – Glaskin live + Nina Farrina + Matwe

<p><strong>Nová Cvernovka sa 27. marca dočká návratu party Nočná a to s novým AllNighter formátom. Návštevníci môžu očakávať dlhšie DJ sety od Niny Farriny a Matweho, špeciálny liveact od Glaskin a bezpečný priestor kultúrno-kreatívneho centra Nová Cvernovka.</strong></p>
<p>Viac informácií na <a href="https://www.facebook.com/events/2017125565513868">Facebooku</a> alebo <a href="https://ra.co/events/2379920">Resident Advisore</a>.</p>
<p>Pripojte sa k <a href="https://chat.whatsapp.com/EC6A4FLsZkfEMtQfg3my9r">WhatsApp komunite</a> a získajte informácie z prvej ruky.</p>
<p>18+</p>

<p>Nová Cvernovka sa 27. marca dočká návratu party Nočná a to s novým AllNighter formátom. Návštevníci môžu očakávať dlhšie DJ sety od Niny Farriny a Matweho, špeciálny liveact od Glaskin a bezpečný priestor kultúrno-kreatívneho centra Nová Cvernovka. Viac informácií na Facebooku alebo Resident Advisore. Pripojte sa k WhatsApp komunite a získajte informácie z prvej ruky. [&hellip;]</p>
