{"id":427161,"date":"2026-02-26T10:26:20","date_gmt":"2026-02-26T09:26:20","guid":{"rendered":"https:\/\/www.visitbratislava.com\/events\/rozpravky-o-malej-tucnej-vile-21\/"},"modified":"2026-03-28T10:25:39","modified_gmt":"2026-03-28T09:25:39","slug":"rozpravky-o-malej-tucnej-vile-21","status":"publish","type":"event","link":"https:\/\/www.visitbratislava.com\/sk\/podujatia\/rozpravky-o-malej-tucnej-vile-21\/","title":{"rendered":"Rozpr\u00e1vky o Malej tu\u010dnej v\u00edle"},"content":{"rendered":"<p>Mal\u00e1 tu\u010dn\u00e1 v\u00edla, Trpajzel, Prechladnut\u00e1 rybi\u010dka, Prasisko, \u0160pinav\u00fd zajac &#8211; svet hra\u010diek, ktor\u00fd je citlivou par\u00f3diou svojr\u00e1znych \u013eudsk\u00fdch vlastnost\u00ed a jednania. Ako poveda\u0165 niekomu nepr\u00edjemn\u00fa pravdu a z\u00e1rove\u0148 ho neurazi\u0165? A ako si ju vypo\u010du\u0165? Kr\u00e1tke pr\u00edbehy o tom, ako zvl\u00e1da\u0165 hnev, nau\u010di\u0165 sa prij\u00edma\u0165 kritiku a pracova\u0165 so svojimi nepekn\u00fdmi vlastnos\u0165ami s\u00fa tlmo\u010den\u00e9 s detskou logikou a obrazn\u00fdm poh\u013eadom na svet.<\/p>\n<p>Predstavenie je vhodn\u00e9 pre deti od 3 rokov.<\/p>\n","protected":false},"excerpt":{"rendered":"<p>Mal\u00e1 tu\u010dn\u00e1 v\u00edla, Trpajzel, Prechladnut\u00e1 rybi\u010dka, Prasisko, \u0160pinav\u00fd zajac &#8211; svet hra\u010diek, ktor\u00fd je citlivou par\u00f3diou svojr\u00e1znych \u013eudsk\u00fdch vlastnost\u00ed a jednania. Ako poveda\u0165 niekomu nepr\u00edjemn\u00fa pravdu a z\u00e1rove\u0148 ho neurazi\u0165? A ako si ju vypo\u010du\u0165? Kr\u00e1tke pr\u00edbehy o tom, ako zvl\u00e1da\u0165 hnev, nau\u010di\u0165 sa prij\u00edma\u0165 kritiku a pracova\u0165 so svojimi nepekn\u00fdmi vlastnos\u0165ami s\u00fa tlmo\u010den\u00e9 s [&hellip;]<\/p>\n","protected":false},"featured_media":0,"template":"","acf":[],"event_date":{"start_date":1774656000,"end_date":1774656000},"_links":{"self":[{"href":"https:\/\/www.visitbratislava.com\/sk\/wp-json\/wp\/v2\/event\/427161"}],"collection":[{"href":"https:\/\/www.visitbratislava.com\/sk\/wp-json\/wp\/v2\/event"}],"about":[{"href":"https:\/\/www.visitbratislava.com\/sk\/wp-json\/wp\/v2\/types\/event"}],"version-history":[{"count":1,"href":"https:\/\/www.visitbratislava.com\/sk\/wp-json\/wp\/v2\/event\/427161\/revisions"}],"predecessor-version":[{"id":427665,"href":"https:\/\/www.visitbratislava.com\/sk\/wp-json\/wp\/v2\/event\/427161\/revisions\/427665"}],"wp:attachment":[{"href":"https:\/\/www.visitbratislava.com\/sk\/wp-json\/wp\/v2\/media?parent=427161"}],"curies":[{"name":"wp","href":"https:\/\/api.w.org\/{rel}","templated":true}]}}

Rozprávky o Malej tučnej víle

<p>Malá tučná víla, Trpajzel, Prechladnutá rybička, Prasisko, Špinavý zajac &#8211; svet hračiek, ktorý je citlivou paródiou svojráznych ľudských vlastností a jednania. Ako povedať niekomu nepríjemnú pravdu a zároveň ho neuraziť? A ako si ju vypočuť? Krátke príbehy o tom, ako zvládať hnev, naučiť sa prijímať kritiku a pracovať so svojimi nepeknými vlastnosťami sú tlmočené s detskou logikou a obrazným pohľadom na svet.</p>
<p>Predstavenie je vhodné pre deti od 3 rokov.</p>

<p>Malá tučná víla, Trpajzel, Prechladnutá rybička, Prasisko, Špinavý zajac &#8211; svet hračiek, ktorý je citlivou paródiou svojráznych ľudských vlastností a jednania. Ako povedať niekomu nepríjemnú pravdu a zároveň ho neuraziť? A ako si ju vypočuť? Krátke príbehy o tom, ako zvládať hnev, naučiť sa prijímať kritiku a pracovať so svojimi nepeknými vlastnosťami sú tlmočené s [&hellip;]</p>
