{"id":427638,"date":"2026-02-27T10:25:56","date_gmt":"2026-02-27T09:25:56","guid":{"rendered":"https:\/\/www.visitbratislava.com\/events\/zelen-v-meste-s-lenkou-marfoldy-5\/"},"modified":"2026-03-17T10:25:40","modified_gmt":"2026-03-17T09:25:40","slug":"zelen-v-meste-s-lenkou-marfoldy-5","status":"publish","type":"event","link":"https:\/\/www.visitbratislava.com\/sk\/podujatia\/zelen-v-meste-s-lenkou-marfoldy-5\/","title":{"rendered":"Zele\u0148 v meste s Lenkou M\u00e1rf\u00f6ldy"},"content":{"rendered":"<p>Prv\u00fd tohtoro\u010dn\u00fd kvetinov\u00fd workshop Zele\u0148 v meste s Lenkou M\u00e1rf\u00f6ldy, kde sa bude vyr\u00e1ba\u0165 aran\u017em\u00e1n z jarn\u00fdch cibi\u013eov\u00edn a machu.<\/p>\n<p>Potrebn\u00e1 registr\u00e1cia na: daria.chriastelova@staremesto.sk<\/p>\n","protected":false},"excerpt":{"rendered":"<p>Prv\u00fd tohtoro\u010dn\u00fd kvetinov\u00fd workshop Zele\u0148 v meste s Lenkou M\u00e1rf\u00f6ldy, kde sa bude vyr\u00e1ba\u0165 aran\u017em\u00e1n z jarn\u00fdch cibi\u013eov\u00edn a machu. Potrebn\u00e1 registr\u00e1cia na: daria.chriastelova@staremesto.sk<\/p>\n","protected":false},"featured_media":0,"template":"","acf":[],"event_date":{"start_date":1773705600,"end_date":1773705600},"_links":{"self":[{"href":"https:\/\/www.visitbratislava.com\/sk\/wp-json\/wp\/v2\/event\/427638"}],"collection":[{"href":"https:\/\/www.visitbratislava.com\/sk\/wp-json\/wp\/v2\/event"}],"about":[{"href":"https:\/\/www.visitbratislava.com\/sk\/wp-json\/wp\/v2\/types\/event"}],"version-history":[{"count":1,"href":"https:\/\/www.visitbratislava.com\/sk\/wp-json\/wp\/v2\/event\/427638\/revisions"}],"predecessor-version":[{"id":428098,"href":"https:\/\/www.visitbratislava.com\/sk\/wp-json\/wp\/v2\/event\/427638\/revisions\/428098"}],"wp:attachment":[{"href":"https:\/\/www.visitbratislava.com\/sk\/wp-json\/wp\/v2\/media?parent=427638"}],"curies":[{"name":"wp","href":"https:\/\/api.w.org\/{rel}","templated":true}]}}

Zeleň v meste s Lenkou Márföldy

<p>Prvý tohtoročný kvetinový workshop Zeleň v meste s Lenkou Márföldy, kde sa bude vyrábať aranžmán z jarných cibiľovín a machu.</p>
<p>Potrebná registrácia na: daria.chriastelova@staremesto.sk</p>

<p>Prvý tohtoročný kvetinový workshop Zeleň v meste s Lenkou Márföldy, kde sa bude vyrábať aranžmán z jarných cibiľovín a machu. Potrebná registrácia na: daria.chriastelova@staremesto.sk</p>
