{"id":427677,"date":"2026-02-27T10:26:08","date_gmt":"2026-02-27T09:26:08","guid":{"rendered":"https:\/\/www.visitbratislava.com\/events\/patch-to-match-textilny-autorsky-kurz-textilna-dekoracia-2\/"},"modified":"2026-03-31T11:25:34","modified_gmt":"2026-03-31T09:25:34","slug":"patch-to-match-textilny-autorsky-kurz-textilna-dekoracia-2","status":"publish","type":"event","link":"https:\/\/www.visitbratislava.com\/sk\/podujatia\/patch-to-match-textilny-autorsky-kurz-textilna-dekoracia-2\/","title":{"rendered":"Patch to Match: Textiln\u00fd autorsk\u00fd kurz \u2013 Textiln\u00e1 dekor\u00e1cia"},"content":{"rendered":"<p>Na textilnom kurze si \u00fa\u010dastn\u00edci u\u0161ij\u00fa vlastn\u00e9ho vt\u00e1\u010dika do okna alebo interi\u00e9ru, ktor\u00fd symbolizuje nov\u00e9 za\u010diatky a pr\u00edchod teplej\u0161\u00edch dn\u00ed. Bude sa pracova\u0165 s m\u00e4kk\u00fdmi textiln\u00fdmi materi\u00e1lmi, vrstven\u00edm a \u0161it\u00edm, ka\u017ed\u00fd pod\u013ea vlastn\u00e9ho c\u00edtenia. V\u00fdsledkom bude jedine\u010dn\u00e1 dekor\u00e1cia, ktor\u00e1 prinesie do priestoru domova farby a jarn\u00fa atmosf\u00e9ru.<\/p>\n<p>Workshop je vhodn\u00fd aj pre \u013eud\u00ed bez predch\u00e1dzaj\u00facich sk\u00fasenost\u00ed so \u0161it\u00edm.\u202f<\/p>\n<p>Registr\u00e1cia je nutn\u00e1 na kurzy@staremesto.sk<\/p>\n","protected":false},"excerpt":{"rendered":"<p>Na textilnom kurze si \u00fa\u010dastn\u00edci u\u0161ij\u00fa vlastn\u00e9ho vt\u00e1\u010dika do okna alebo interi\u00e9ru, ktor\u00fd symbolizuje nov\u00e9 za\u010diatky a pr\u00edchod teplej\u0161\u00edch dn\u00ed. Bude sa pracova\u0165 s m\u00e4kk\u00fdmi textiln\u00fdmi materi\u00e1lmi, vrstven\u00edm a \u0161it\u00edm, ka\u017ed\u00fd pod\u013ea vlastn\u00e9ho c\u00edtenia. V\u00fdsledkom bude jedine\u010dn\u00e1 dekor\u00e1cia, ktor\u00e1 prinesie do priestoru domova farby a jarn\u00fa atmosf\u00e9ru. Workshop je vhodn\u00fd aj pre \u013eud\u00ed bez predch\u00e1dzaj\u00facich [&hellip;]<\/p>\n","protected":false},"featured_media":0,"template":"","acf":[],"event_date":{"start_date":1774915200,"end_date":1774915200},"_links":{"self":[{"href":"https:\/\/www.visitbratislava.com\/sk\/wp-json\/wp\/v2\/event\/427677"}],"collection":[{"href":"https:\/\/www.visitbratislava.com\/sk\/wp-json\/wp\/v2\/event"}],"about":[{"href":"https:\/\/www.visitbratislava.com\/sk\/wp-json\/wp\/v2\/types\/event"}],"version-history":[{"count":1,"href":"https:\/\/www.visitbratislava.com\/sk\/wp-json\/wp\/v2\/event\/427677\/revisions"}],"predecessor-version":[{"id":428104,"href":"https:\/\/www.visitbratislava.com\/sk\/wp-json\/wp\/v2\/event\/427677\/revisions\/428104"}],"wp:attachment":[{"href":"https:\/\/www.visitbratislava.com\/sk\/wp-json\/wp\/v2\/media?parent=427677"}],"curies":[{"name":"wp","href":"https:\/\/api.w.org\/{rel}","templated":true}]}}

Patch to Match: Textilný autorský kurz – Textilná dekorácia

<p>Na textilnom kurze si účastníci ušijú vlastného vtáčika do okna alebo interiéru, ktorý symbolizuje nové začiatky a príchod teplejších dní. Bude sa pracovať s mäkkými textilnými materiálmi, vrstvením a šitím, každý podľa vlastného cítenia. Výsledkom bude jedinečná dekorácia, ktorá prinesie do priestoru domova farby a jarnú atmosféru.</p>
<p>Workshop je vhodný aj pre ľudí bez predchádzajúcich skúseností so šitím. </p>
<p>Registrácia je nutná na kurzy@staremesto.sk</p>

<p>Na textilnom kurze si účastníci ušijú vlastného vtáčika do okna alebo interiéru, ktorý symbolizuje nové začiatky a príchod teplejších dní. Bude sa pracovať s mäkkými textilnými materiálmi, vrstvením a šitím, každý podľa vlastného cítenia. Výsledkom bude jedinečná dekorácia, ktorá prinesie do priestoru domova farby a jarnú atmosféru. Workshop je vhodný aj pre ľudí bez predchádzajúcich [&hellip;]</p>
