{"id":434349,"date":"2026-03-06T10:25:53","date_gmt":"2026-03-06T09:25:53","guid":{"rendered":"https:\/\/www.visitbratislava.com\/events\/febiofest-x-kino-inak-striebro-2\/"},"modified":"2026-03-15T10:25:38","modified_gmt":"2026-03-15T09:25:38","slug":"febiofest-x-kino-inak-striebro-2","status":"publish","type":"event","link":"https:\/\/www.visitbratislava.com\/sk\/podujatia\/febiofest-x-kino-inak-striebro-2\/","title":{"rendered":"Febiofest x Kino inak: Striebro"},"content":{"rendered":"<p>V nehostinnej, takmer mesa\u010dnej krajine \u017eij\u00fa ban\u00edci so svojimi rodinami v tieni striebornej bane, kde ka\u017edodenn\u00e1 pr\u00e1ca prin\u00e1\u0161a aj neust\u00e1le riziko smrti. Film sleduje ich fyzicky vy\u010derp\u00e1vaj\u00facu drinu aj tich\u00e9 ritu\u00e1ly viery, ktor\u00e9 im pom\u00e1haj\u00fa zn\u00e1\u0161a\u0165 realitu pln\u00fa nebezpe\u010denstva a chudoby. Po\u013esk\u00e1 re\u017eis\u00e9rka Natalia Koniarz s empatiou a vizu\u00e1lnou presnos\u0165ou odha\u013euje nielen ka\u017edodennos\u0165 miestnej komunity, ale aj \u0161ir\u0161\u00ed historick\u00fd kontext, koloni\u00e1lne korene eur\u00f3pskeho bohatstva, cenu pokroku a nerovnov\u00e1hu sveta, ktor\u00fd stoj\u00ed na nevidite\u013enej pr\u00e1ci in\u00fdch.<\/p>\n<p>Sn\u00edmka z\u00edskala hne\u010f dve ocenenia na Medzin\u00e1rodnom festivale dokument\u00e1rnych filmov Ji.hlava: cenu Opus Bonum za najlep\u0161\u00ed medzin\u00e1rodn\u00fd dokument\u00e1rny film a Opus Bonum \u2013 Cenu za najlep\u0161\u00ed film z vy\u0161ehradsk\u00e9ho regi\u00f3nu.<\/p>\n<p>15+<\/p>\n","protected":false},"excerpt":{"rendered":"<p>V nehostinnej, takmer mesa\u010dnej krajine \u017eij\u00fa ban\u00edci so svojimi rodinami v tieni striebornej bane, kde ka\u017edodenn\u00e1 pr\u00e1ca prin\u00e1\u0161a aj neust\u00e1le riziko smrti. Film sleduje ich fyzicky vy\u010derp\u00e1vaj\u00facu drinu aj tich\u00e9 ritu\u00e1ly viery, ktor\u00e9 im pom\u00e1haj\u00fa zn\u00e1\u0161a\u0165 realitu pln\u00fa nebezpe\u010denstva a chudoby. Po\u013esk\u00e1 re\u017eis\u00e9rka Natalia Koniarz s empatiou a vizu\u00e1lnou presnos\u0165ou odha\u013euje nielen ka\u017edodennos\u0165 miestnej komunity, [&hellip;]<\/p>\n","protected":false},"featured_media":0,"template":"","acf":[],"event_date":{"start_date":1773532800,"end_date":1773532800},"_links":{"self":[{"href":"https:\/\/www.visitbratislava.com\/sk\/wp-json\/wp\/v2\/event\/434349"}],"collection":[{"href":"https:\/\/www.visitbratislava.com\/sk\/wp-json\/wp\/v2\/event"}],"about":[{"href":"https:\/\/www.visitbratislava.com\/sk\/wp-json\/wp\/v2\/types\/event"}],"version-history":[{"count":1,"href":"https:\/\/www.visitbratislava.com\/sk\/wp-json\/wp\/v2\/event\/434349\/revisions"}],"predecessor-version":[{"id":435125,"href":"https:\/\/www.visitbratislava.com\/sk\/wp-json\/wp\/v2\/event\/434349\/revisions\/435125"}],"wp:attachment":[{"href":"https:\/\/www.visitbratislava.com\/sk\/wp-json\/wp\/v2\/media?parent=434349"}],"curies":[{"name":"wp","href":"https:\/\/api.w.org\/{rel}","templated":true}]}}

<p>V nehostinnej, takmer mesačnej krajine žijú baníci so svojimi rodinami v tieni striebornej bane, kde každodenná práca prináša aj neustále riziko smrti. Film sleduje ich fyzicky vyčerpávajúcu drinu aj tiché rituály viery, ktoré im pomáhajú znášať realitu plnú nebezpečenstva a chudoby. Poľská režisérka Natalia Koniarz s empatiou a vizuálnou presnosťou odhaľuje nielen každodennosť miestnej komunity, ale aj širší historický kontext, koloniálne korene európskeho bohatstva, cenu pokroku a nerovnováhu sveta, ktorý stojí na neviditeľnej práci iných.</p>
<p>Snímka získala hneď dve ocenenia na Medzinárodnom festivale dokumentárnych filmov Ji.hlava: cenu Opus Bonum za najlepší medzinárodný dokumentárny film a Opus Bonum – Cenu za najlepší film z vyšehradského regiónu.</p>
<p>15+</p>

<p>V nehostinnej, takmer mesačnej krajine žijú baníci so svojimi rodinami v tieni striebornej bane, kde každodenná práca prináša aj neustále riziko smrti. Film sleduje ich fyzicky vyčerpávajúcu drinu aj tiché rituály viery, ktoré im pomáhajú znášať realitu plnú nebezpečenstva a chudoby. Poľská režisérka Natalia Koniarz s empatiou a vizuálnou presnosťou odhaľuje nielen každodennosť miestnej komunity, [&hellip;]</p>
