{"id":435832,"date":"2026-03-14T10:26:11","date_gmt":"2026-03-14T09:26:11","guid":{"rendered":"https:\/\/www.visitbratislava.com\/events\/spolu-s-umenim-dotyk-vnutra-2\/"},"modified":"2026-04-16T11:25:35","modified_gmt":"2026-04-16T09:25:35","slug":"spolu-s-umenim-dotyk-vnutra-2","status":"publish","type":"event","link":"https:\/\/www.visitbratislava.com\/sk\/podujatia\/spolu-s-umenim-dotyk-vnutra-2\/","title":{"rendered":"Spolu s umen\u00edm: Dotyk vn\u00fatra"},"content":{"rendered":"<p><strong>Text organiz\u00e1tora:<\/strong><\/p>\n<p>Pr\u00ed\u010fte str\u00e1vi\u0165 in\u0161pirat\u00edvny \u010das v gal\u00e9rii na pravideln\u00fd program Spolu s umen\u00edm! V apr\u00edli nav\u0161t\u00edvime v\u00fdstavu umelkyne Katar\u00edny Bajkayovej Prunus persica v P\u00e1lffyho pal\u00e1ci. Spozn\u00e1me ako m\u00e9dium keramiky dok\u00e1\u017ee reflektova\u0165 t\u00e9my intimity a \u017eenstva. Hostkou programu bude autorka Katar\u00edna Bajkayov\u00e1, ktor\u00e1 n\u00e1m v rozhovore predstav\u00ed svoju autorsk\u00fa koncepciu a tie\u017e sociologi\u010dka M\u00e1ria Dud\u017e\u00e1kov\u00e1, ktor\u00e1 bude hovori\u0165 o role \u017eeny v s\u00fa\u010dasnej spolo\u010dnosti. S\u00fa\u010das\u0165ou stretnutia je medzigenera\u010dn\u00e9 prep\u00e1janie vo forme diskusie, tvorenie komunity a spolo\u010dn\u00e1 k\u00e1va v kaviarni Emil.<\/p>\n<p>Hostia: Katar\u00edna Bajkayov\u00e1, M\u00e1ria Dud\u017e\u00e1kov\u00e1<\/p>\n<p>Odpor\u00fa\u010dan\u00fd vek: 60+ a v\u0161etky ostatn\u00e9 vekov\u00e9 kateg\u00f3rie, medzigenera\u010dn\u00fd charakter<\/p>\n<p>Dodato\u010dn\u00e9 info:<\/p>\n<ul>\n<li>Vstupenka je v predaji online aj v pokladni P\u00e1lffyho pal\u00e1ca.<\/li>\n<li>Po\u010det miest je limitovan\u00fd, aby ste si zaistili miesto, odpor\u00fa\u010dame k\u00fapu l\u00edstku vopred.<\/li>\n<li>Na program je potrebn\u00e9 pr\u00eds\u0165 na\u010das. Stret\u00e1vame sa o 13:00 vo vstupnej hale P\u00e1lffyho pal\u00e1ca.<\/li>\n<\/ul>\n","protected":false},"excerpt":{"rendered":"<p>Text organiz\u00e1tora: Pr\u00ed\u010fte str\u00e1vi\u0165 in\u0161pirat\u00edvny \u010das v gal\u00e9rii na pravideln\u00fd program Spolu s umen\u00edm! V apr\u00edli nav\u0161t\u00edvime v\u00fdstavu umelkyne Katar\u00edny Bajkayovej Prunus persica v P\u00e1lffyho pal\u00e1ci. Spozn\u00e1me ako m\u00e9dium keramiky dok\u00e1\u017ee reflektova\u0165 t\u00e9my intimity a \u017eenstva. Hostkou programu bude autorka Katar\u00edna Bajkayov\u00e1, ktor\u00e1 n\u00e1m v rozhovore predstav\u00ed svoju autorsk\u00fa koncepciu a tie\u017e sociologi\u010dka M\u00e1ria Dud\u017e\u00e1kov\u00e1, [&hellip;]<\/p>\n","protected":false},"featured_media":0,"template":"","acf":[],"event_date":{"start_date":1776297600,"end_date":1776297600},"_links":{"self":[{"href":"https:\/\/www.visitbratislava.com\/sk\/wp-json\/wp\/v2\/event\/435832"}],"collection":[{"href":"https:\/\/www.visitbratislava.com\/sk\/wp-json\/wp\/v2\/event"}],"about":[{"href":"https:\/\/www.visitbratislava.com\/sk\/wp-json\/wp\/v2\/types\/event"}],"version-history":[{"count":1,"href":"https:\/\/www.visitbratislava.com\/sk\/wp-json\/wp\/v2\/event\/435832\/revisions"}],"predecessor-version":[{"id":435883,"href":"https:\/\/www.visitbratislava.com\/sk\/wp-json\/wp\/v2\/event\/435832\/revisions\/435883"}],"wp:attachment":[{"href":"https:\/\/www.visitbratislava.com\/sk\/wp-json\/wp\/v2\/media?parent=435832"}],"curies":[{"name":"wp","href":"https:\/\/api.w.org\/{rel}","templated":true}]}}

Spolu s umením: Dotyk vnútra

<p><strong>Text organizátora:</strong></p>
<p>Príďte stráviť inšpiratívny čas v galérii na pravidelný program Spolu s umením! V apríli navštívime výstavu umelkyne Kataríny Bajkayovej Prunus persica v Pálffyho paláci. Spoznáme ako médium keramiky dokáže reflektovať témy intimity a ženstva. Hostkou programu bude autorka Katarína Bajkayová, ktorá nám v rozhovore predstaví svoju autorskú koncepciu a tiež sociologička Mária Dudžáková, ktorá bude hovoriť o role ženy v súčasnej spoločnosti. Súčasťou stretnutia je medzigeneračné prepájanie vo forme diskusie, tvorenie komunity a spoločná káva v kaviarni Emil.</p>
<p>Hostia: Katarína Bajkayová, Mária Dudžáková</p>
<p>Odporúčaný vek: 60+ a všetky ostatné vekové kategórie, medzigeneračný charakter</p>
<p>Dodatočné info:</p>
<ul>
<li>Vstupenka je v predaji online aj v pokladni Pálffyho paláca.</li>
<li>Počet miest je limitovaný, aby ste si zaistili miesto, odporúčame kúpu lístku vopred.</li>
<li>Na program je potrebné prísť načas. Stretávame sa o 13:00 vo vstupnej hale Pálffyho paláca.</li>
</ul>

<p>Text organizátora: Príďte stráviť inšpiratívny čas v galérii na pravidelný program Spolu s umením! V apríli navštívime výstavu umelkyne Kataríny Bajkayovej Prunus persica v Pálffyho paláci. Spoznáme ako médium keramiky dokáže reflektovať témy intimity a ženstva. Hostkou programu bude autorka Katarína Bajkayová, ktorá nám v rozhovore predstaví svoju autorskú koncepciu a tiež sociologička Mária Dudžáková, [&hellip;]</p>
