{"id":436369,"date":"2026-03-24T10:26:12","date_gmt":"2026-03-24T09:26:12","guid":{"rendered":"https:\/\/www.visitbratislava.com\/events\/japonska-ikebana-umenie-aranzovania-kvetov-2\/"},"modified":"2026-04-24T11:26:02","modified_gmt":"2026-04-24T09:26:02","slug":"japonska-ikebana-umenie-aranzovania-kvetov-2","status":"publish","type":"event","link":"https:\/\/www.visitbratislava.com\/sk\/podujatia\/japonska-ikebana-umenie-aranzovania-kvetov-2\/","title":{"rendered":"Japonsk\u00e1 Ikebana: Umenie aran\u017eovania kvetov"},"content":{"rendered":"<p><strong>Origin\u00e1lna japonsk\u00e1 ikebana oslavuje spojenie s pr\u00edrodou, harm\u00f3niu a p\u00f4vab v r\u00f4znych kreat\u00edvnych kompoz\u00edciach. V\u00fdstava pon\u00faka pr\u00edle\u017eitos\u0165 za\u017ei\u0165 atmosf\u00e9ru a necha\u0165 sa in\u0161pirova\u0165 trad\u00edciou aj modern\u00fdmi trendmi v tomto umen\u00ed.<\/strong><\/p>\n<p>Japonsk\u00e1 Ikebana je viac ne\u017e len aran\u017eovanie kvetov; je to hlbok\u00e9 umeleck\u00e9 vyjadrenie kult\u00fary, filozofie a harm\u00f3nie medzi \u010dlovekom a pr\u00edrodou. Toto tradi\u010dn\u00e9 japonsk\u00e9 umenie pretv\u00e1ra jednoduch\u00e9 kvety, rastliny aj netradi\u010dn\u00fd materi\u00e1l na n\u00e1dhern\u00e9 umeleck\u00e9 dielo, ktor\u00e9 oslovuje zmysly a evokuje r\u00f4zne em\u00f3cie.<\/p>\n<p>V\u00fdstava d\u00e1 pr\u00edle\u017eitosti objavi\u0165 r\u00f4zne \u0161t\u00fdly origin\u00e1lnej Ikebany, od klasick\u00fdch kompoz\u00edci\u00ed po modern\u00e9 interpret\u00e1cie. N\u00e1v\u0161tevn\u00edci sa m\u00f4\u017eu te\u0161i\u0165 na in\u0161pirat\u00edvne aran\u017em\u00e1ny, ktor\u00e9 s\u00fa postaven\u00e9 na princ\u00edpoch rovnov\u00e1hy, minimalizmu, kr\u00e1sy a estetick\u00e9ho p\u00f4vabu.<\/p>\n<p>Okrem v\u00fdstavn\u00fdch expon\u00e1tov maj\u00fa n\u00e1v\u0161tevn\u00edci pr\u00edle\u017eitos\u0165 prihl\u00e1si\u0165 sa na interakt\u00edvny workshop, kde si mo\u017eno vysk\u00fa\u0161a\u0165 techniky Ikebany pod veden\u00edm sk\u00fasen\u00fdch lektorov.<\/p>\n","protected":false},"excerpt":{"rendered":"<p>Origin\u00e1lna japonsk\u00e1 ikebana oslavuje spojenie s pr\u00edrodou, harm\u00f3niu a p\u00f4vab v r\u00f4znych kreat\u00edvnych kompoz\u00edci\u00e1ch. Za\u017eite atmosf\u00e9ru a dajte sa in\u0161pirova\u0165 trad\u00edciou aj modern\u00fdmi trendmi v tomto umen\u00ed.<\/p>\n","protected":false},"featured_media":0,"template":"","acf":[],"event_date":{"start_date":1779494400,"end_date":1779580800},"_links":{"self":[{"href":"https:\/\/www.visitbratislava.com\/sk\/wp-json\/wp\/v2\/event\/436369"}],"collection":[{"href":"https:\/\/www.visitbratislava.com\/sk\/wp-json\/wp\/v2\/event"}],"about":[{"href":"https:\/\/www.visitbratislava.com\/sk\/wp-json\/wp\/v2\/types\/event"}],"version-history":[{"count":5,"href":"https:\/\/www.visitbratislava.com\/sk\/wp-json\/wp\/v2\/event\/436369\/revisions"}],"predecessor-version":[{"id":436455,"href":"https:\/\/www.visitbratislava.com\/sk\/wp-json\/wp\/v2\/event\/436369\/revisions\/436455"}],"wp:attachment":[{"href":"https:\/\/www.visitbratislava.com\/sk\/wp-json\/wp\/v2\/media?parent=436369"}],"curies":[{"name":"wp","href":"https:\/\/api.w.org\/{rel}","templated":true}]}}

Japonská Ikebana: Umenie aranžovania kvetov

<p><strong>Originálna japonská ikebana oslavuje spojenie s prírodou, harmóniu a pôvab v rôznych kreatívnych kompozíciach. Výstava ponúka príležitosť zažiť atmosféru a nechať sa inšpirovať tradíciou aj modernými trendmi v tomto umení.</strong></p>
<p>Japonská Ikebana je viac než len aranžovanie kvetov; je to hlboké umelecké vyjadrenie kultúry, filozofie a harmónie medzi človekom a prírodou. Toto tradičné japonské umenie pretvára jednoduché kvety, rastliny aj netradičný materiál na nádherné umelecké dielo, ktoré oslovuje zmysly a evokuje rôzne emócie.</p>
<p>Výstava dá príležitosti objaviť rôzne štýly originálnej Ikebany, od klasických kompozícií po moderné interpretácie. Návštevníci sa môžu tešiť na inšpiratívne aranžmány, ktoré sú postavené na princípoch rovnováhy, minimalizmu, krásy a estetického pôvabu.</p>
<p>Okrem výstavných exponátov majú návštevníci príležitosť prihlásiť sa na interaktívny workshop, kde si možno vyskúšať techniky Ikebany pod vedením skúsených lektorov.</p>

<p>Originálna japonská ikebana oslavuje spojenie s prírodou, harmóniu a pôvab v rôznych kreatívnych kompozíciách. Zažite atmosféru a dajte sa inšpirovať tradíciou aj modernými trendmi v tomto umení.</p>
