{"id":436517,"date":"2026-03-25T12:00:24","date_gmt":"2026-03-25T11:00:24","guid":{"rendered":"https:\/\/www.visitbratislava.com\/?post_type=event&#038;p=436517"},"modified":"2026-04-01T11:39:16","modified_gmt":"2026-04-01T09:39:16","slug":"zazite-velkonocne-stredoveke-trhy-na-nadvori-bratislavskeho-hradu","status":"publish","type":"event","link":"https:\/\/www.visitbratislava.com\/sk\/podujatia\/zazite-velkonocne-stredoveke-trhy-na-nadvori-bratislavskeho-hradu\/","title":{"rendered":"Ve\u013ekono\u010dn\u00e9 stredovek\u00e9 trhy na n\u00e1dvor\u00ed Bratislavsk\u00e9ho hradu"},"content":{"rendered":"<p><span style=\"font-weight: 400;\">Kov\u00e1\u010d, v\u010del\u00e1r, minciar, kraj\u010d\u00edr, svie\u010dkar, tok\u00e1r, hrn\u010diar a\u00a0\u010fal\u0161\u00ed <\/span><span style=\"font-weight: 400;\">remeseln\u00edci a remeseln\u00ed\u010dky v\u00e1m predved\u00fa svoje zru\u010dnosti aj ru\u010dne vyr\u00e1ban\u00e9 produkty. Novinkou bude aj zbroj\u00e1r, u ktor\u00e9ho uvid\u00edte v\u00fdrobu kr\u00fa\u017ekovej ko\u0161ele priamo na mieste.<\/span><\/p>\n<p><span style=\"font-weight: 400;\">Atmosf\u00e9ru dopln\u00ed stredovek\u00e1 kuchy\u0148a, v\u00edno od vin\u00e1ra aj tradi\u010dn\u00e9 ve\u013ekono\u010dn\u00e9 aktivity ako pletenie korb\u00e1\u010dov \u010di v\u00fdroba vencov. Te\u0161i\u0165 sa m\u00f4\u017eete aj na sokoliarov, lukostre\u013ebu a dreven\u00fd koloto\u010d pre deti.<\/span><\/p>\n<p><span style=\"font-weight: 400;\">\ud83d\udcc5<\/span><span style=\"font-weight: 400;\"> Ve\u013ek\u00fd piatok a\u017e Ve\u013ekono\u010dn\u00fd pondelok: <strong>3. \u2013 6. apr\u00edl 2026<\/strong><\/span><span style=\"font-weight: 400;\"><br \/>\n<\/span><span style=\"font-weight: 400;\">\ud83d\udd59<\/span><span style=\"font-weight: 400;\"> 10:00 \u2013 18:00<\/span><span style=\"font-weight: 400;\"><br \/>\n<\/span><span style=\"font-weight: 400;\">\ud83c\udf9f<\/span><span style=\"font-weight: 400;\">\ufe0f Vstup na n\u00e1dvorie je vo\u013en\u00fd<\/span><\/p>\n<p><span style=\"font-weight: 400;\">Po\u010das Ve\u013ekono\u010dn\u00fdch sviatkov a\u00a0v\u00edkendu je otvoren\u00e9 aj SNM \u2013 Historick\u00e9 m\u00fazeum. Ka\u017ed\u00fd de\u0148 okrem utorka od 10:00 do 18:00 (posledn\u00fd vstup o\u00a017:00). Te\u0161i\u0165 sa m\u00f4\u017eete na predmety s\u00a0ve\u013ekono\u010dnou tematikou, stredovek v\u00a0expoz\u00edcii Dejiny Slovenska \u010di v\u00fdh\u013ead z\u00a0Korunnej ve\u017ee. <\/span><\/p>\n<div class=\"grid-container\"><div class=\"grid-container__item\"><div class=\"block\"><a href=\"https:\/\/www.visitbratislava.com\/wp-content\/uploads\/2026\/03\/velkonocne_trhy_2024-day1-20240329-002-800x533.jpg\" data-fancybox=\"gallery\" data-caption=\"\"><div class=\"background\"><img src=\"https:\/\/www.visitbratislava.com\/wp-content\/uploads\/2026\/03\/velkonocne_trhy_2024-day1-20240329-002-800x533.jpg\" alt=\"foto\"\/><\/div><div class=\"overlay filter-blue\"><div class=\"content\"><span class=\"zoom-button\"><\/span><\/div><\/div><\/a><\/div><\/div><div class=\"grid-container__item\"><div class=\"block\"><a href=\"https:\/\/www.visitbratislava.com\/wp-content\/uploads\/2026\/03\/trhy-vn25-031-800x533.jpg\" data-fancybox=\"gallery\" data-caption=\"\"><div class=\"background\" style=\"background-image: url(https:\/\/www.visitbratislava.com\/wp-content\/uploads\/2026\/03\/trhy-vn25-031-800x533.jpg)\"><\/div><div class=\"overlay filter-green\"><div class=\"content\"><span class=\"zoom-button\"><\/span><\/div><\/div><\/a><\/div><\/div><div class=\"grid-container__item\"><div class=\"block\" ><a href=\"https:\/\/www.visitbratislava.com\/wp-content\/uploads\/2026\/03\/trhy-vn25-010-800x533.jpg\" data-fancybox=\"gallery\" data-caption=\"\"><div class=\"background\" style=\"background-image: url(https:\/\/www.visitbratislava.com\/wp-content\/uploads\/2026\/03\/trhy-vn25-010-800x533.jpg)\"><\/div><div class=\"overlay filter-orange\"><div class=\"content\"><span class=\"zoom-button\"><\/span><\/div><\/div><\/a><\/div><\/div><div class=\"grid-container__item\"><div class=\"block\"><a href=\"https:\/\/www.visitbratislava.com\/wp-content\/uploads\/2026\/03\/trhy-vn25-004-800x533.jpg\" data-fancybox=\"gallery\" data-caption=\"\"><div class=\"background\" style=\"background-image: url(https:\/\/www.visitbratislava.com\/wp-content\/uploads\/2026\/03\/trhy-vn25-004-800x533.jpg)\"><\/div><div class=\"overlay filter-purple\"><div class=\"content\"><span class=\"zoom-button\"><\/span><\/div><\/div><\/a><\/div><\/div><div class=\"grid-container__item more\"><div class=\"block\" ><a class=\"more-link\"><div class=\"content show-more-gallery\"><span class=\"icon-camera\"><\/span><div class=\"title empathized\">&plus;3 Fotky<\/div><\/div><\/a><\/div><\/div><div class=\"d-none\"><div class=\"block block-inside image\"><a href=\"https:\/\/www.visitbratislava.com\/wp-content\/uploads\/2026\/03\/trhy-vn25-002-800x533.jpg\" data-fancybox=\"gallery\" data-caption=\"\"><div class=\"background\" data-equalizer-block=\"4\"><img src=\"https:\/\/www.visitbratislava.com\/wp-content\/uploads\/2026\/03\/trhy-vn25-002-384x384.jpg\" class=\"attachment-medium-crop size-medium-crop\" alt=\"\" loading=\"lazy\" data-interchange=\"[https:\/\/www.visitbratislava.com\/wp-content\/uploads\/2026\/03\/trhy-vn25-002-384x384.jpg, (default)], [https:\/\/www.visitbratislava.com\/wp-content\/uploads\/2026\/03\/trhy-vn25-002-384x384.jpg, (small)]\" title=\"trhy-vn25-002\" srcset=\"https:\/\/www.visitbratislava.com\/wp-content\/uploads\/2026\/03\/trhy-vn25-002-384x384.jpg 384w, https:\/\/www.visitbratislava.com\/wp-content\/uploads\/2026\/03\/trhy-vn25-002-150x150.jpg 150w, https:\/\/www.visitbratislava.com\/wp-content\/uploads\/2026\/03\/trhy-vn25-002-184x184.jpg 184w, https:\/\/www.visitbratislava.com\/wp-content\/uploads\/2026\/03\/trhy-vn25-002-784x784.jpg 784w\" sizes=\"(max-width: 384px) 100vw, 384px\" \/><\/div><div class=\"overlay invert filter filter-blue\"><div class=\"content\"><span class=\"zoom-button\"><\/span><\/div><\/div><\/a><\/div><\/div><div class=\"d-none\"><div class=\"block block-inside image\"><a href=\"https:\/\/www.visitbratislava.com\/wp-content\/uploads\/2026\/03\/stredoveke-trhy-na-ba-hrade-20230408-047-800x533.jpg\" data-fancybox=\"gallery\" data-caption=\"\"><div class=\"background\" data-equalizer-block=\"4\"><img src=\"https:\/\/www.visitbratislava.com\/wp-content\/uploads\/2026\/03\/stredoveke-trhy-na-ba-hrade-20230408-047-384x384.jpg\" class=\"attachment-medium-crop size-medium-crop\" alt=\"\" loading=\"lazy\" data-interchange=\"[https:\/\/www.visitbratislava.com\/wp-content\/uploads\/2026\/03\/stredoveke-trhy-na-ba-hrade-20230408-047-384x384.jpg, (default)], [https:\/\/www.visitbratislava.com\/wp-content\/uploads\/2026\/03\/stredoveke-trhy-na-ba-hrade-20230408-047-384x384.jpg, (small)]\" title=\"stredoveke-trhy-na-ba-hrade-20230408-047\" srcset=\"https:\/\/www.visitbratislava.com\/wp-content\/uploads\/2026\/03\/stredoveke-trhy-na-ba-hrade-20230408-047-384x384.jpg 384w, https:\/\/www.visitbratislava.com\/wp-content\/uploads\/2026\/03\/stredoveke-trhy-na-ba-hrade-20230408-047-150x150.jpg 150w, https:\/\/www.visitbratislava.com\/wp-content\/uploads\/2026\/03\/stredoveke-trhy-na-ba-hrade-20230408-047-184x184.jpg 184w, https:\/\/www.visitbratislava.com\/wp-content\/uploads\/2026\/03\/stredoveke-trhy-na-ba-hrade-20230408-047-784x784.jpg 784w\" sizes=\"(max-width: 384px) 100vw, 384px\" \/><\/div><div class=\"overlay invert filter filter-green\"><div class=\"content\"><span class=\"zoom-button\"><\/span><\/div><\/div><\/a><\/div><\/div><div class=\"d-none\"><div class=\"block block-inside image\"><a href=\"https:\/\/www.visitbratislava.com\/wp-content\/uploads\/2026\/03\/stredoveke-trhy-na-ba-hrade-20230408-040-800x533.jpg\" data-fancybox=\"gallery\" data-caption=\"\"><div class=\"background\" data-equalizer-block=\"4\"><img src=\"https:\/\/www.visitbratislava.com\/wp-content\/uploads\/2026\/03\/stredoveke-trhy-na-ba-hrade-20230408-040-384x384.jpg\" class=\"attachment-medium-crop size-medium-crop\" alt=\"\" loading=\"lazy\" data-interchange=\"[https:\/\/www.visitbratislava.com\/wp-content\/uploads\/2026\/03\/stredoveke-trhy-na-ba-hrade-20230408-040-384x384.jpg, (default)], [https:\/\/www.visitbratislava.com\/wp-content\/uploads\/2026\/03\/stredoveke-trhy-na-ba-hrade-20230408-040-384x384.jpg, (small)]\" title=\"stredoveke-trhy-na-ba-hrade-20230408-040\" srcset=\"https:\/\/www.visitbratislava.com\/wp-content\/uploads\/2026\/03\/stredoveke-trhy-na-ba-hrade-20230408-040-384x384.jpg 384w, https:\/\/www.visitbratislava.com\/wp-content\/uploads\/2026\/03\/stredoveke-trhy-na-ba-hrade-20230408-040-150x150.jpg 150w, https:\/\/www.visitbratislava.com\/wp-content\/uploads\/2026\/03\/stredoveke-trhy-na-ba-hrade-20230408-040-184x184.jpg 184w, https:\/\/www.visitbratislava.com\/wp-content\/uploads\/2026\/03\/stredoveke-trhy-na-ba-hrade-20230408-040-784x784.jpg 784w\" sizes=\"(max-width: 384px) 100vw, 384px\" \/><\/div><div class=\"overlay invert filter filter-fiord\"><div class=\"content\"><span class=\"zoom-button\"><\/span><\/div><\/div><\/a><\/div><\/div><\/div>\n","protected":false},"excerpt":{"rendered":"<p>Za\u017eite Ve\u013ek\u00fa noc v Bratislave pln\u00fa remesiel, stredovekej atmosf\u00e9ry, tradi\u010dn\u00fdch aktiv\u00edt a vo\u013en\u00e9ho vstupu do SNM \u2013 Historick\u00e9 m\u00fazeum.<\/p>\n","protected":false},"featured_media":436477,"template":"","acf":[],"event_date":{"start_date":1775174400,"end_date":1775433600},"_links":{"self":[{"href":"https:\/\/www.visitbratislava.com\/sk\/wp-json\/wp\/v2\/event\/436517"}],"collection":[{"href":"https:\/\/www.visitbratislava.com\/sk\/wp-json\/wp\/v2\/event"}],"about":[{"href":"https:\/\/www.visitbratislava.com\/sk\/wp-json\/wp\/v2\/types\/event"}],"version-history":[{"count":6,"href":"https:\/\/www.visitbratislava.com\/sk\/wp-json\/wp\/v2\/event\/436517\/revisions"}],"predecessor-version":[{"id":437114,"href":"https:\/\/www.visitbratislava.com\/sk\/wp-json\/wp\/v2\/event\/436517\/revisions\/437114"}],"wp:featuredmedia":[{"embeddable":true,"href":"https:\/\/www.visitbratislava.com\/sk\/wp-json\/wp\/v2\/media\/436477"}],"wp:attachment":[{"href":"https:\/\/www.visitbratislava.com\/sk\/wp-json\/wp\/v2\/media?parent=436517"}],"curies":[{"name":"wp","href":"https:\/\/api.w.org\/{rel}","templated":true}]}}

Veľkonočné stredoveké trhy na nádvorí Bratislavského hradu

<p><span style="font-weight: 400;">Kováč, včelár, minciar, krajčír, sviečkar, tokár, hrnčiar a ďalší </span><span style="font-weight: 400;">remeselníci a remeselníčky vám predvedú svoje zručnosti aj ručne vyrábané produkty. Novinkou bude aj zbrojár, u ktorého uvidíte výrobu krúžkovej košele priamo na mieste.</span></p>
<p><span style="font-weight: 400;">Atmosféru doplní stredoveká kuchyňa, víno od vinára aj tradičné veľkonočné aktivity ako pletenie korbáčov či výroba vencov. Tešiť sa môžete aj na sokoliarov, lukostreľbu a drevený kolotoč pre deti.</span></p>
<p><span style="font-weight: 400;">📅</span><span style="font-weight: 400;"> Veľký piatok až Veľkonočný pondelok: <strong>3. – 6. apríl 2026</strong></span><span style="font-weight: 400;"><br />
</span><span style="font-weight: 400;">🕙</span><span style="font-weight: 400;"> 10:00 – 18:00</span><span style="font-weight: 400;"><br />
</span><span style="font-weight: 400;">🎟</span><span style="font-weight: 400;">️ Vstup na nádvorie je voľný</span></p>
<p><span style="font-weight: 400;">Počas Veľkonočných sviatkov a víkendu je otvorené aj SNM – Historické múzeum. Každý deň okrem utorka od 10:00 do 18:00 (posledný vstup o 17:00). Tešiť sa môžete na predmety s veľkonočnou tematikou, stredovek v expozícii Dejiny Slovenska či výhľad z Korunnej veže. </span></p>
<div class="grid-container"><div class="grid-container__item"><div class="block"><a href="https://www.visitbratislava.com/wp-content/uploads/2026/03/velkonocne_trhy_2024-day1-20240329-002-800x533.jpg" data-fancybox="gallery" data-caption=""><div class="background"><img src="https://www.visitbratislava.com/wp-content/uploads/2026/03/velkonocne_trhy_2024-day1-20240329-002-800x533.jpg" alt="foto"/></div><div class="overlay filter-blue"><div class="content"><span class="zoom-button"></span></div></div></a></div></div><div class="grid-container__item"><div class="block"><a href="https://www.visitbratislava.com/wp-content/uploads/2026/03/trhy-vn25-031-800x533.jpg" data-fancybox="gallery" data-caption=""><div class="background" style="background-image: url(https://www.visitbratislava.com/wp-content/uploads/2026/03/trhy-vn25-031-800x533.jpg)"></div><div class="overlay filter-green"><div class="content"><span class="zoom-button"></span></div></div></a></div></div><div class="grid-container__item"><div class="block" ><a href="https://www.visitbratislava.com/wp-content/uploads/2026/03/trhy-vn25-010-800x533.jpg" data-fancybox="gallery" data-caption=""><div class="background" style="background-image: url(https://www.visitbratislava.com/wp-content/uploads/2026/03/trhy-vn25-010-800x533.jpg)"></div><div class="overlay filter-orange"><div class="content"><span class="zoom-button"></span></div></div></a></div></div><div class="grid-container__item"><div class="block"><a href="https://www.visitbratislava.com/wp-content/uploads/2026/03/trhy-vn25-004-800x533.jpg" data-fancybox="gallery" data-caption=""><div class="background" style="background-image: url(https://www.visitbratislava.com/wp-content/uploads/2026/03/trhy-vn25-004-800x533.jpg)"></div><div class="overlay filter-purple"><div class="content"><span class="zoom-button"></span></div></div></a></div></div><div class="grid-container__item more"><div class="block" ><a class="more-link"><div class="content show-more-gallery"><span class="icon-camera"></span><div class="title empathized">&plus;3 Fotky</div></div></a></div></div><div class="d-none"><div class="block block-inside image"><a href="https://www.visitbratislava.com/wp-content/uploads/2026/03/trhy-vn25-002-800x533.jpg" data-fancybox="gallery" data-caption=""><div class="background" data-equalizer-block="4"><img src="https://www.visitbratislava.com/wp-content/uploads/2026/03/trhy-vn25-002-384x384.jpg" class="attachment-medium-crop size-medium-crop" alt="" loading="lazy" data-interchange="[https://www.visitbratislava.com/wp-content/uploads/2026/03/trhy-vn25-002-384x384.jpg, (default)], [https://www.visitbratislava.com/wp-content/uploads/2026/03/trhy-vn25-002-384x384.jpg, (small)]" title="trhy-vn25-002" srcset="https://www.visitbratislava.com/wp-content/uploads/2026/03/trhy-vn25-002-384x384.jpg 384w, https://www.visitbratislava.com/wp-content/uploads/2026/03/trhy-vn25-002-150x150.jpg 150w, https://www.visitbratislava.com/wp-content/uploads/2026/03/trhy-vn25-002-184x184.jpg 184w, https://www.visitbratislava.com/wp-content/uploads/2026/03/trhy-vn25-002-784x784.jpg 784w" sizes="(max-width: 384px) 100vw, 384px" /></div><div class="overlay invert filter filter-blue"><div class="content"><span class="zoom-button"></span></div></div></a></div></div><div class="d-none"><div class="block block-inside image"><a href="https://www.visitbratislava.com/wp-content/uploads/2026/03/stredoveke-trhy-na-ba-hrade-20230408-047-800x533.jpg" data-fancybox="gallery" data-caption=""><div class="background" data-equalizer-block="4"><img src="https://www.visitbratislava.com/wp-content/uploads/2026/03/stredoveke-trhy-na-ba-hrade-20230408-047-384x384.jpg" class="attachment-medium-crop size-medium-crop" alt="" loading="lazy" data-interchange="[https://www.visitbratislava.com/wp-content/uploads/2026/03/stredoveke-trhy-na-ba-hrade-20230408-047-384x384.jpg, (default)], [https://www.visitbratislava.com/wp-content/uploads/2026/03/stredoveke-trhy-na-ba-hrade-20230408-047-384x384.jpg, (small)]" title="stredoveke-trhy-na-ba-hrade-20230408-047" srcset="https://www.visitbratislava.com/wp-content/uploads/2026/03/stredoveke-trhy-na-ba-hrade-20230408-047-384x384.jpg 384w, https://www.visitbratislava.com/wp-content/uploads/2026/03/stredoveke-trhy-na-ba-hrade-20230408-047-150x150.jpg 150w, https://www.visitbratislava.com/wp-content/uploads/2026/03/stredoveke-trhy-na-ba-hrade-20230408-047-184x184.jpg 184w, https://www.visitbratislava.com/wp-content/uploads/2026/03/stredoveke-trhy-na-ba-hrade-20230408-047-784x784.jpg 784w" sizes="(max-width: 384px) 100vw, 384px" /></div><div class="overlay invert filter filter-green"><div class="content"><span class="zoom-button"></span></div></div></a></div></div><div class="d-none"><div class="block block-inside image"><a href="https://www.visitbratislava.com/wp-content/uploads/2026/03/stredoveke-trhy-na-ba-hrade-20230408-040-800x533.jpg" data-fancybox="gallery" data-caption=""><div class="background" data-equalizer-block="4"><img src="https://www.visitbratislava.com/wp-content/uploads/2026/03/stredoveke-trhy-na-ba-hrade-20230408-040-384x384.jpg" class="attachment-medium-crop size-medium-crop" alt="" loading="lazy" data-interchange="[https://www.visitbratislava.com/wp-content/uploads/2026/03/stredoveke-trhy-na-ba-hrade-20230408-040-384x384.jpg, (default)], [https://www.visitbratislava.com/wp-content/uploads/2026/03/stredoveke-trhy-na-ba-hrade-20230408-040-384x384.jpg, (small)]" title="stredoveke-trhy-na-ba-hrade-20230408-040" srcset="https://www.visitbratislava.com/wp-content/uploads/2026/03/stredoveke-trhy-na-ba-hrade-20230408-040-384x384.jpg 384w, https://www.visitbratislava.com/wp-content/uploads/2026/03/stredoveke-trhy-na-ba-hrade-20230408-040-150x150.jpg 150w, https://www.visitbratislava.com/wp-content/uploads/2026/03/stredoveke-trhy-na-ba-hrade-20230408-040-184x184.jpg 184w, https://www.visitbratislava.com/wp-content/uploads/2026/03/stredoveke-trhy-na-ba-hrade-20230408-040-784x784.jpg 784w" sizes="(max-width: 384px) 100vw, 384px" /></div><div class="overlay invert filter filter-fiord"><div class="content"><span class="zoom-button"></span></div></div></a></div></div></div>

<p>Zažite Veľkú noc v Bratislave plnú remesiel, stredovekej atmosféry, tradičných aktivít a voľného vstupu do SNM – Historické múzeum.</p>
