{"id":437438,"date":"2026-04-08T11:25:36","date_gmt":"2026-04-08T09:25:36","guid":{"rendered":"https:\/\/www.visitbratislava.com\/events\/creative-morning-s-veronou-nemcovou-3\/"},"modified":"2026-04-10T11:25:37","modified_gmt":"2026-04-10T09:25:37","slug":"creative-morning-s-veronou-nemcovou-3","status":"publish","type":"event","link":"https:\/\/www.visitbratislava.com\/sk\/podujatia\/creative-morning-s-veronou-nemcovou-3\/","title":{"rendered":"Creative Morning s Veronou N\u011bmcovou"},"content":{"rendered":"<p><strong>Verona N\u011bmcov\u00e1 pr\u00edde porozpr\u00e1va\u0165 o tom, \u010do ju poh\u00e1\u0148a v \u017eivote a v tvorbe.<\/strong><\/p>\n<p>Veronika N\u011bmcov\u00e1 vy\u0161tudovala kulturol\u00f3giu. Do 31. marca 2025 p\u00f4sobila ako riadite\u013eka Schaubmarovho mlyna v Pezinku, vysunut\u00e9ho pracoviska Slovenskej n\u00e1rodnej gal\u00e9rie. Je s\u00fa\u010das\u0165ou iniciat\u00edvy hromadn\u00fdch v\u00fdpoved\u00ed zamestnancov a zamestnank\u00fd\u0148 SNG, ktor\u00ed odi\u0161li na protest proti s\u00fa\u010dasn\u00e9mu neodborn\u00e9mu vedeniu in\u0161tit\u00facie. Akt\u00edvne sa anga\u017euje v iniciat\u00edve Otvoren\u00e1 kult\u00fara!, ktorej cie\u013eom je zastavi\u0165 devasta\u010dn\u00e9 z\u00e1sahy vedenia Ministerstva kult\u00fary SR do kult\u00farneho prostredia na v\u0161etk\u00fdch \u00farovniach. V s\u00fa\u010dasnosti sa venuje umeniu vo verejnom priestore v r\u00e1mci doktorandsk\u00e9ho \u0161t\u00fadia na STU a p\u00f4sob\u00ed ako produk\u010dn\u00e1 projektu Waiting Places, ktor\u00fd je s\u00fa\u010das\u0165ou programu EHMK Tren\u010d\u00edn 2026.<\/p>\n<p>Potrebn\u00e1 registr\u00e1cia na <a href=\"https:\/\/creativemornings.com\/talks\/veronika-nemcova\">webe<\/a>.<\/p>\n","protected":false},"excerpt":{"rendered":"<p>Verona N\u011bmcov\u00e1 pr\u00edde porozpr\u00e1va\u0165 o tom, \u010do ju poh\u00e1\u0148a v \u017eivote a v tvorbe. Veronika N\u011bmcov\u00e1 vy\u0161tudovala kulturol\u00f3giu. Do 31. marca 2025 p\u00f4sobila ako riadite\u013eka Schaubmarovho mlyna v Pezinku, vysunut\u00e9ho pracoviska Slovenskej n\u00e1rodnej gal\u00e9rie. Je s\u00fa\u010das\u0165ou iniciat\u00edvy hromadn\u00fdch v\u00fdpoved\u00ed zamestnancov a zamestnank\u00fd\u0148 SNG, ktor\u00ed odi\u0161li na protest proti s\u00fa\u010dasn\u00e9mu neodborn\u00e9mu vedeniu in\u0161tit\u00facie. Akt\u00edvne sa anga\u017euje [&hellip;]<\/p>\n","protected":false},"featured_media":0,"template":"","acf":[],"event_date":{"start_date":1775779200,"end_date":1775779200},"_links":{"self":[{"href":"https:\/\/www.visitbratislava.com\/sk\/wp-json\/wp\/v2\/event\/437438"}],"collection":[{"href":"https:\/\/www.visitbratislava.com\/sk\/wp-json\/wp\/v2\/event"}],"about":[{"href":"https:\/\/www.visitbratislava.com\/sk\/wp-json\/wp\/v2\/types\/event"}],"version-history":[{"count":1,"href":"https:\/\/www.visitbratislava.com\/sk\/wp-json\/wp\/v2\/event\/437438\/revisions"}],"predecessor-version":[{"id":437606,"href":"https:\/\/www.visitbratislava.com\/sk\/wp-json\/wp\/v2\/event\/437438\/revisions\/437606"}],"wp:attachment":[{"href":"https:\/\/www.visitbratislava.com\/sk\/wp-json\/wp\/v2\/media?parent=437438"}],"curies":[{"name":"wp","href":"https:\/\/api.w.org\/{rel}","templated":true}]}}

Creative Morning s Veronou Němcovou

<p><strong>Verona Němcová príde porozprávať o tom, čo ju poháňa v živote a v tvorbe.</strong></p>
<p>Veronika Němcová vyštudovala kulturológiu. Do 31. marca 2025 pôsobila ako riaditeľka Schaubmarovho mlyna v Pezinku, vysunutého pracoviska Slovenskej národnej galérie. Je súčasťou iniciatívy hromadných výpovedí zamestnancov a zamestnankýň SNG, ktorí odišli na protest proti súčasnému neodbornému vedeniu inštitúcie. Aktívne sa angažuje v iniciatíve Otvorená kultúra!, ktorej cieľom je zastaviť devastačné zásahy vedenia Ministerstva kultúry SR do kultúrneho prostredia na všetkých úrovniach. V súčasnosti sa venuje umeniu vo verejnom priestore v rámci doktorandského štúdia na STU a pôsobí ako produkčná projektu Waiting Places, ktorý je súčasťou programu EHMK Trenčín 2026.</p>
<p>Potrebná registrácia na <a href="https://creativemornings.com/talks/veronika-nemcova">webe</a>.</p>

<p>Verona Němcová príde porozprávať o tom, čo ju poháňa v živote a v tvorbe. Veronika Němcová vyštudovala kulturológiu. Do 31. marca 2025 pôsobila ako riaditeľka Schaubmarovho mlyna v Pezinku, vysunutého pracoviska Slovenskej národnej galérie. Je súčasťou iniciatívy hromadných výpovedí zamestnancov a zamestnankýň SNG, ktorí odišli na protest proti súčasnému neodbornému vedeniu inštitúcie. Aktívne sa angažuje [&hellip;]</p>
