{"id":437453,"date":"2026-04-08T11:25:42","date_gmt":"2026-04-08T09:25:42","guid":{"rendered":"https:\/\/www.visitbratislava.com\/events\/viera-kleinova-zachranit-alebo-vymazat-2\/"},"modified":"2026-04-15T11:25:35","modified_gmt":"2026-04-15T09:25:35","slug":"viera-kleinova-zachranit-alebo-vymazat-2","status":"publish","type":"event","link":"https:\/\/www.visitbratislava.com\/sk\/podujatia\/viera-kleinova-zachranit-alebo-vymazat-2\/","title":{"rendered":"Viera Kleinov\u00e1: Zachr\u00e1ni\u0165 alebo vymaza\u0165?"},"content":{"rendered":"<p><strong>Keramick\u00e1 prax Juraja Martha a Jozefa Su\u0161ienku vo verejnom priestore.<\/strong><\/p>\n<p>Predn\u00e1\u0161ka je pr\u00edspevkom do verejnej diskusie o umen\u00ed vo verejnom priestore, ktor\u00e1 v ostatn\u00fdch rokoch pre\u0161la z\u00e1sluhou in\u0161titucion\u00e1lnych a aktivistick\u00fdch iniciat\u00edv celkom dynamick\u00fdm obratom smerom k pozn\u00e1vaniu, interpret\u00e1cii, ochrane a revitaliz\u00e1cii tejto st\u00e1le \u201ehor\u00facej\u201c s\u00fa\u010dasti n\u00e1\u0161ho kult\u00farneho dedi\u010dstva. Z\u00e1rove\u0148 je apelom a prip\u00e1ja sa k aktivit\u00e1m kolegov a koleg\u00fd\u0148 z Banskej Bystrice a Hlohovca, ktor\u00ed ned\u00e1vno iniciovali z\u00e1chranu rozsiahleho a unik\u00e1tneho keramick\u00e9ho diela \u2013 M\u00faru Jozefa Su\u0161ienku v parku pri Pam\u00e4tn\u00edku SNP v Banskej Bystrici.<\/p>\n<p>Zrete\u013en\u00e1 \u010das\u0165 po\u010detn\u00fdch, do verejn\u00e9ho priestoru realizovan\u00fdch diel Juraja Martha a Jozefa Su\u0161ienku sa postupne st\u00e1va (alebo sa u\u017e stala) obe\u0165ou n\u00e1\u0161ho trvalo nevyjasnen\u00e9ho a \u010dasto prezierav\u00e9ho postoja k modernistick\u00e9mu umeniu, dizajnu a architekt\u00fare re\u00e1lneho socializmu. Ich materialita je probl\u00e9mom navy\u0161e. Je to pre n\u00e1s len \u201ehra s hlinou\u201c? Je vz\u0165ah ku keramike argumentom jej dlhodob\u00e9ho pre\u017e\u00edvania ako (ne)malebnej ruiny?<\/p>\n<p>Predn\u00e1\u0161ka sa bude zaobera\u0165 t\u00fdm, ako sa keramika presadzovala v mestskej \u201epr\u00edrode\u201c (J. Su\u0161ienka), aj ak\u00fdmi argumentmi vyjedn\u00e1vala v spolupr\u00e1cach s architekt\u00farou (J. Marth). Bude sa p\u00fdta\u0165, kde, ako a pre\u010do sa keramick\u00e9 k\u00f3dy t\u00fdchto soch\u00e1rov prep\u00edsali do prostred\u00ed najm\u00e4 Bratislavy, Hlohovca, Banskej Bystrice a Pie\u0161\u0165an.<\/p>\n<p>Viera Kleinov\u00e1 je histori\u010dka dizajnu a kur\u00e1torka. Do marca 2025 bola kur\u00e1torkou Zbierok dizajnu a \u00fa\u017eitkov\u00e9ho umenia SNG v Bratislave. V s\u00fa\u010dasnosti p\u00f4sob\u00ed na Katedre te\u00f3rie a dej\u00edn umenia V\u0160VU v Bratislave. Dlhodobo je spolupracovn\u00ed\u010dkou a kur\u00e1torkou Medzin\u00e1rodn\u00e9ho festivalu Bratislava Design Week. Venuje sa v\u00fdskumu materiality hliny, zauj\u00edma ju diskurz a prax materi\u00e1lov\u00fdch discipl\u00edn v 20. storo\u010d\u00ed.<\/p>\n","protected":false},"excerpt":{"rendered":"<p>Keramick\u00e1 prax Juraja Martha a Jozefa Su\u0161ienku vo verejnom priestore. Predn\u00e1\u0161ka je pr\u00edspevkom do verejnej diskusie o umen\u00ed vo verejnom priestore, ktor\u00e1 v ostatn\u00fdch rokoch pre\u0161la z\u00e1sluhou in\u0161titucion\u00e1lnych a aktivistick\u00fdch iniciat\u00edv celkom dynamick\u00fdm obratom smerom k pozn\u00e1vaniu, interpret\u00e1cii, ochrane a revitaliz\u00e1cii tejto st\u00e1le \u201ehor\u00facej\u201c s\u00fa\u010dasti n\u00e1\u0161ho kult\u00farneho dedi\u010dstva. Z\u00e1rove\u0148 je apelom a prip\u00e1ja sa k [&hellip;]<\/p>\n","protected":false},"featured_media":0,"template":"","acf":[],"event_date":{"start_date":1776211200,"end_date":1776211200},"_links":{"self":[{"href":"https:\/\/www.visitbratislava.com\/sk\/wp-json\/wp\/v2\/event\/437453"}],"collection":[{"href":"https:\/\/www.visitbratislava.com\/sk\/wp-json\/wp\/v2\/event"}],"about":[{"href":"https:\/\/www.visitbratislava.com\/sk\/wp-json\/wp\/v2\/types\/event"}],"version-history":[{"count":1,"href":"https:\/\/www.visitbratislava.com\/sk\/wp-json\/wp\/v2\/event\/437453\/revisions"}],"predecessor-version":[{"id":437624,"href":"https:\/\/www.visitbratislava.com\/sk\/wp-json\/wp\/v2\/event\/437453\/revisions\/437624"}],"wp:attachment":[{"href":"https:\/\/www.visitbratislava.com\/sk\/wp-json\/wp\/v2\/media?parent=437453"}],"curies":[{"name":"wp","href":"https:\/\/api.w.org\/{rel}","templated":true}]}}

Viera Kleinová: Zachrániť alebo vymazať?

<p><strong>Keramická prax Juraja Martha a Jozefa Sušienku vo verejnom priestore.</strong></p>
<p>Prednáška je príspevkom do verejnej diskusie o umení vo verejnom priestore, ktorá v ostatných rokoch prešla zásluhou inštitucionálnych a aktivistických iniciatív celkom dynamickým obratom smerom k poznávaniu, interpretácii, ochrane a revitalizácii tejto stále „horúcej“ súčasti nášho kultúrneho dedičstva. Zároveň je apelom a pripája sa k aktivitám kolegov a kolegýň z Banskej Bystrice a Hlohovca, ktorí nedávno iniciovali záchranu rozsiahleho a unikátneho keramického diela – Múru Jozefa Sušienku v parku pri Pamätníku SNP v Banskej Bystrici.</p>
<p>Zreteľná časť početných, do verejného priestoru realizovaných diel Juraja Martha a Jozefa Sušienku sa postupne stáva (alebo sa už stala) obeťou nášho trvalo nevyjasneného a často prezieravého postoja k modernistickému umeniu, dizajnu a architektúre reálneho socializmu. Ich materialita je problémom navyše. Je to pre nás len „hra s hlinou“? Je vzťah ku keramike argumentom jej dlhodobého prežívania ako (ne)malebnej ruiny?</p>
<p>Prednáška sa bude zaoberať tým, ako sa keramika presadzovala v mestskej „prírode“ (J. Sušienka), aj akými argumentmi vyjednávala v spoluprácach s architektúrou (J. Marth). Bude sa pýtať, kde, ako a prečo sa keramické kódy týchto sochárov prepísali do prostredí najmä Bratislavy, Hlohovca, Banskej Bystrice a Piešťan.</p>
<p>Viera Kleinová je historička dizajnu a kurátorka. Do marca 2025 bola kurátorkou Zbierok dizajnu a úžitkového umenia SNG v Bratislave. V súčasnosti pôsobí na Katedre teórie a dejín umenia VŠVU v Bratislave. Dlhodobo je spolupracovníčkou a kurátorkou Medzinárodného festivalu Bratislava Design Week. Venuje sa výskumu materiality hliny, zaujíma ju diskurz a prax materiálových disciplín v 20. storočí.</p>

<p>Keramická prax Juraja Martha a Jozefa Sušienku vo verejnom priestore. Prednáška je príspevkom do verejnej diskusie o umení vo verejnom priestore, ktorá v ostatných rokoch prešla zásluhou inštitucionálnych a aktivistických iniciatív celkom dynamickým obratom smerom k poznávaniu, interpretácii, ochrane a revitalizácii tejto stále „horúcej“ súčasti nášho kultúrneho dedičstva. Zároveň je apelom a pripája sa k [&hellip;]</p>
