{"id":437468,"date":"2026-04-08T11:25:47","date_gmt":"2026-04-08T09:25:47","guid":{"rendered":"https:\/\/www.visitbratislava.com\/events\/komentovana-prehliadka-vystavy-moje-mesto-pocitov-2\/"},"modified":"2026-04-20T11:25:35","modified_gmt":"2026-04-20T09:25:35","slug":"komentovana-prehliadka-vystavy-moje-mesto-pocitov-2","status":"publish","type":"event","link":"https:\/\/www.visitbratislava.com\/sk\/podujatia\/komentovana-prehliadka-vystavy-moje-mesto-pocitov-2\/","title":{"rendered":"Komentovan\u00e1 prehliadka v\u00fdstavy Moje mesto pocitov"},"content":{"rendered":"<p>*Komentovan\u00e1 prehliadka v\u00fdstavy Moje mesto pocitov*, ktor\u00fa pripravilo ob\u010dianske zdru\u017eenie Zdrav\u00e9 zdravotn\u00edctvo v spolupr\u00e1ci s Metropolitn\u00fdm in\u0161tit\u00fatom Bratislavy.***<\/p>\n<p>Pomocou hrav\u00fdch prvkov, ako s\u00fa zvukov\u00e1 mapa mesta, senzorick\u00e9 a pohybov\u00e9 aktivity \u010di kruh em\u00f3ci\u00ed, si deti z\u00e1\u017eitkovou formou osvoja n\u00e1stroje, v\u010faka ktor\u00fdm sa m\u00f4\u017eu lep\u0161ie orientova\u0165 vo vlastnom pre\u017e\u00edvan\u00ed. Rodin\u00e1m, \u0161k\u00f4lkam a \u0161kol\u00e1m je v TU-BA otvoren\u00fd bezpe\u010dn\u00fd a podnetn\u00fd priestor na spolo\u010dn\u00e9 objavovanie sveta pocitov. V\u00fdstava je ur\u010den\u00e1 de\u0165om vo veku 4 \u2013 8 rokov.<\/p>\n<p>Pre dospel\u00e9 publikum je pripraven\u00fd obsah zameran\u00fd na t\u00e9my ako samostatnos\u0165 det\u00ed, akt\u00edvna mobilita, fyzick\u00e1 bezpe\u010dnos\u0165.<\/p>\n<p>Potrebn\u00e1 registr\u00e1cia na <a href=\"https:\/\/tuba.mib.sk\/program\/moje-mesto-pocitov-komentovana-prehliadka\/\">webe<\/a>.<\/p>\n","protected":false},"excerpt":{"rendered":"<p>*Komentovan\u00e1 prehliadka v\u00fdstavy Moje mesto pocitov*, ktor\u00fa pripravilo ob\u010dianske zdru\u017eenie Zdrav\u00e9 zdravotn\u00edctvo v spolupr\u00e1ci s Metropolitn\u00fdm in\u0161tit\u00fatom Bratislavy.*** Pomocou hrav\u00fdch prvkov, ako s\u00fa zvukov\u00e1 mapa mesta, senzorick\u00e9 a pohybov\u00e9 aktivity \u010di kruh em\u00f3ci\u00ed, si deti z\u00e1\u017eitkovou formou osvoja n\u00e1stroje, v\u010faka ktor\u00fdm sa m\u00f4\u017eu lep\u0161ie orientova\u0165 vo vlastnom pre\u017e\u00edvan\u00ed. Rodin\u00e1m, \u0161k\u00f4lkam a \u0161kol\u00e1m je v TU-BA [&hellip;]<\/p>\n","protected":false},"featured_media":0,"template":"","acf":[],"event_date":{"start_date":1776643200,"end_date":1776643200},"_links":{"self":[{"href":"https:\/\/www.visitbratislava.com\/sk\/wp-json\/wp\/v2\/event\/437468"}],"collection":[{"href":"https:\/\/www.visitbratislava.com\/sk\/wp-json\/wp\/v2\/event"}],"about":[{"href":"https:\/\/www.visitbratislava.com\/sk\/wp-json\/wp\/v2\/types\/event"}],"version-history":[{"count":1,"href":"https:\/\/www.visitbratislava.com\/sk\/wp-json\/wp\/v2\/event\/437468\/revisions"}],"predecessor-version":[{"id":437642,"href":"https:\/\/www.visitbratislava.com\/sk\/wp-json\/wp\/v2\/event\/437468\/revisions\/437642"}],"wp:attachment":[{"href":"https:\/\/www.visitbratislava.com\/sk\/wp-json\/wp\/v2\/media?parent=437468"}],"curies":[{"name":"wp","href":"https:\/\/api.w.org\/{rel}","templated":true}]}}

Komentovaná prehliadka výstavy Moje mesto pocitov

<p>*Komentovaná prehliadka výstavy Moje mesto pocitov*, ktorú pripravilo občianske združenie Zdravé zdravotníctvo v spolupráci s Metropolitným inštitútom Bratislavy.***</p>
<p>Pomocou hravých prvkov, ako sú zvuková mapa mesta, senzorické a pohybové aktivity či kruh emócií, si deti zážitkovou formou osvoja nástroje, vďaka ktorým sa môžu lepšie orientovať vo vlastnom prežívaní. Rodinám, škôlkam a školám je v TU-BA otvorený bezpečný a podnetný priestor na spoločné objavovanie sveta pocitov. Výstava je určená deťom vo veku 4 – 8 rokov.</p>
<p>Pre dospelé publikum je pripravený obsah zameraný na témy ako samostatnosť detí, aktívna mobilita, fyzická bezpečnosť.</p>
<p>Potrebná registrácia na <a href="https://tuba.mib.sk/program/moje-mesto-pocitov-komentovana-prehliadka/">webe</a>.</p>

<p>*Komentovaná prehliadka výstavy Moje mesto pocitov*, ktorú pripravilo občianske združenie Zdravé zdravotníctvo v spolupráci s Metropolitným inštitútom Bratislavy.*** Pomocou hravých prvkov, ako sú zvuková mapa mesta, senzorické a pohybové aktivity či kruh emócií, si deti zážitkovou formou osvoja nástroje, vďaka ktorým sa môžu lepšie orientovať vo vlastnom prežívaní. Rodinám, škôlkam a školám je v TU-BA [&hellip;]</p>
