{"id":437477,"date":"2026-04-08T11:25:48","date_gmt":"2026-04-08T09:25:48","guid":{"rendered":"https:\/\/www.visitbratislava.com\/events\/laureati-ce-za-ar-2025-doxa-bistan-architekti-krajska-kniznica-p-o-hviezdoslava-v-presove-2\/"},"modified":"2026-04-23T11:25:37","modified_gmt":"2026-04-23T09:25:37","slug":"laureati-ce-za-ar-2025-doxa-bistan-architekti-krajska-kniznica-p-o-hviezdoslava-v-presove-2","status":"publish","type":"event","link":"https:\/\/www.visitbratislava.com\/sk\/podujatia\/laureati-ce-za-ar-2025-doxa-bistan-architekti-krajska-kniznica-p-o-hviezdoslava-v-presove-2\/","title":{"rendered":"Laure\u00e1ti CE ZA AR 2025: DOXA &amp; bistan architekti: Krajsk\u00e1 kni\u017enica P. O. Hviezdoslava v Pre\u0161ove"},"content":{"rendered":"<p><strong>Cyklus predn\u00e1\u0161ok a diskusi\u00ed, ktor\u00fd po prv\u00fdkr\u00e1t prep\u00e1ja verejnos\u0165 priamo s laure\u00e1tmi 24. ro\u010dn\u00edka CE ZA AR.<\/strong><\/p>\n<p>V apr\u00edli sa predstavia DOXA &amp; bistan architekti so svoj\u00edm v\u00ed\u0165azn\u00fdm dielom v kateg\u00f3ri\u00ed Interi\u00e9r: Krajsk\u00e1 kni\u017enica P. O. Hviezdoslava v Pre\u0161ove.<\/p>\n<p>N\u00e1v\u0161tevn\u00edci nahliadnu do z\u00e1kulisia porotcovsk\u00fdch obhliadok, spoznaj\u00fa autorov a ich tvoriv\u00fd proces. S\u00fa\u010das\u0165ou programu bude videodokument, prezent\u00e1cia projektu aj otvoren\u00e1 diskusia, kde bude priestor na ot\u00e1zky.<\/p>\n<p>Potrebn\u00e1 registr\u00e1cia na <a href=\"https:\/\/tuba.mib.sk\/program\/laureati-ce-za-ar-2025-doxa-bistan-architekti-krajska-kniznica-p-o-hviezdoslava-v-presove\/\">webe<\/a>.<\/p>\n","protected":false},"excerpt":{"rendered":"<p>Cyklus predn\u00e1\u0161ok a diskusi\u00ed, ktor\u00fd po prv\u00fdkr\u00e1t prep\u00e1ja verejnos\u0165 priamo s laure\u00e1tmi 24. ro\u010dn\u00edka CE ZA AR. V apr\u00edli sa predstavia DOXA &amp; bistan architekti so svoj\u00edm v\u00ed\u0165azn\u00fdm dielom v kateg\u00f3ri\u00ed Interi\u00e9r: Krajsk\u00e1 kni\u017enica P. O. Hviezdoslava v Pre\u0161ove. N\u00e1v\u0161tevn\u00edci nahliadnu do z\u00e1kulisia porotcovsk\u00fdch obhliadok, spoznaj\u00fa autorov a ich tvoriv\u00fd proces. S\u00fa\u010das\u0165ou programu bude videodokument, [&hellip;]<\/p>\n","protected":false},"featured_media":0,"template":"","acf":[],"event_date":{"start_date":1776902400,"end_date":1776902400},"_links":{"self":[{"href":"https:\/\/www.visitbratislava.com\/sk\/wp-json\/wp\/v2\/event\/437477"}],"collection":[{"href":"https:\/\/www.visitbratislava.com\/sk\/wp-json\/wp\/v2\/event"}],"about":[{"href":"https:\/\/www.visitbratislava.com\/sk\/wp-json\/wp\/v2\/types\/event"}],"version-history":[{"count":1,"href":"https:\/\/www.visitbratislava.com\/sk\/wp-json\/wp\/v2\/event\/437477\/revisions"}],"predecessor-version":[{"id":437654,"href":"https:\/\/www.visitbratislava.com\/sk\/wp-json\/wp\/v2\/event\/437477\/revisions\/437654"}],"wp:attachment":[{"href":"https:\/\/www.visitbratislava.com\/sk\/wp-json\/wp\/v2\/media?parent=437477"}],"curies":[{"name":"wp","href":"https:\/\/api.w.org\/{rel}","templated":true}]}}

Laureáti CE ZA AR 2025: DOXA &amp; bistan architekti: Krajská knižnica P. O. Hviezdoslava v Prešove

<p><strong>Cyklus prednášok a diskusií, ktorý po prvýkrát prepája verejnosť priamo s laureátmi 24. ročníka CE ZA AR.</strong></p>
<p>V apríli sa predstavia DOXA &amp; bistan architekti so svojím víťazným dielom v kategórií Interiér: Krajská knižnica P. O. Hviezdoslava v Prešove.</p>
<p>Návštevníci nahliadnu do zákulisia porotcovských obhliadok, spoznajú autorov a ich tvorivý proces. Súčasťou programu bude videodokument, prezentácia projektu aj otvorená diskusia, kde bude priestor na otázky.</p>
<p>Potrebná registrácia na <a href="https://tuba.mib.sk/program/laureati-ce-za-ar-2025-doxa-bistan-architekti-krajska-kniznica-p-o-hviezdoslava-v-presove/">webe</a>.</p>

<p>Cyklus prednášok a diskusií, ktorý po prvýkrát prepája verejnosť priamo s laureátmi 24. ročníka CE ZA AR. V apríli sa predstavia DOXA &amp; bistan architekti so svojím víťazným dielom v kategórií Interiér: Krajská knižnica P. O. Hviezdoslava v Prešove. Návštevníci nahliadnu do zákulisia porotcovských obhliadok, spoznajú autorov a ich tvorivý proces. Súčasťou programu bude videodokument, [&hellip;]</p>
