{"id":437480,"date":"2026-04-08T11:25:50","date_gmt":"2026-04-08T09:25:50","guid":{"rendered":"https:\/\/www.visitbratislava.com\/events\/architektonicke-navrhy-obnovy-slovenskeho-narodneho-muzea-2\/"},"modified":"2026-04-27T11:25:38","modified_gmt":"2026-04-27T09:25:38","slug":"architektonicke-navrhy-obnovy-slovenskeho-narodneho-muzea-2","status":"publish","type":"event","link":"https:\/\/www.visitbratislava.com\/sk\/podujatia\/architektonicke-navrhy-obnovy-slovenskeho-narodneho-muzea-2\/","title":{"rendered":"Architektonick\u00e9 n\u00e1vrhy obnovy Slovensk\u00e9ho n\u00e1rodn\u00e9ho m\u00fazea"},"content":{"rendered":"<p><strong>Prezent\u00e1ciu architektonick\u00fdch n\u00e1vrhov obnovy Slovensk\u00e9ho n\u00e1rodn\u00e9ho m\u00fazea s autorsk\u00fdm v\u00fdkladom.<\/strong><\/p>\n<p>Slovensk\u00e9 n\u00e1rodn\u00e9 m\u00fazeum ako n\u00e1rodn\u00e1 kult\u00farna pamiatka a v\u00fdznamn\u00e1 kult\u00farno-vzdel\u00e1vacia in\u0161tit\u00facia predstavuje d\u00f4le\u017eit\u00fd prvok identity mesta aj spolo\u010dnosti. Stav budovy ovplyv\u0148uje nielen vn\u00fatorn\u00e9 fungovanie a kvalitu n\u00e1v\u0161tevn\u00edckeho z\u00e1\u017eitku, ale aj charakter verejn\u00e9ho priestoru na Vajansk\u00e9ho n\u00e1bre\u017e\u00ed.<\/p>\n<p>Potrebn\u00e1 registr\u00e1cia na <a href=\"https:\/\/tuba.mib.sk\/program\/architektonicke-navrhy-obnovy-slovenskeho-narodneho-muzea\/\">webe<\/a>.<\/p>\n","protected":false},"excerpt":{"rendered":"<p>Prezent\u00e1ciu architektonick\u00fdch n\u00e1vrhov obnovy Slovensk\u00e9ho n\u00e1rodn\u00e9ho m\u00fazea s autorsk\u00fdm v\u00fdkladom. Slovensk\u00e9 n\u00e1rodn\u00e9 m\u00fazeum ako n\u00e1rodn\u00e1 kult\u00farna pamiatka a v\u00fdznamn\u00e1 kult\u00farno-vzdel\u00e1vacia in\u0161tit\u00facia predstavuje d\u00f4le\u017eit\u00fd prvok identity mesta aj spolo\u010dnosti. Stav budovy ovplyv\u0148uje nielen vn\u00fatorn\u00e9 fungovanie a kvalitu n\u00e1v\u0161tevn\u00edckeho z\u00e1\u017eitku, ale aj charakter verejn\u00e9ho priestoru na Vajansk\u00e9ho n\u00e1bre\u017e\u00ed. Potrebn\u00e1 registr\u00e1cia na webe.<\/p>\n","protected":false},"featured_media":0,"template":"","acf":[],"event_date":{"start_date":1777248000,"end_date":1777248000},"_links":{"self":[{"href":"https:\/\/www.visitbratislava.com\/sk\/wp-json\/wp\/v2\/event\/437480"}],"collection":[{"href":"https:\/\/www.visitbratislava.com\/sk\/wp-json\/wp\/v2\/event"}],"about":[{"href":"https:\/\/www.visitbratislava.com\/sk\/wp-json\/wp\/v2\/types\/event"}],"version-history":[{"count":1,"href":"https:\/\/www.visitbratislava.com\/sk\/wp-json\/wp\/v2\/event\/437480\/revisions"}],"predecessor-version":[{"id":437669,"href":"https:\/\/www.visitbratislava.com\/sk\/wp-json\/wp\/v2\/event\/437480\/revisions\/437669"}],"wp:attachment":[{"href":"https:\/\/www.visitbratislava.com\/sk\/wp-json\/wp\/v2\/media?parent=437480"}],"curies":[{"name":"wp","href":"https:\/\/api.w.org\/{rel}","templated":true}]}}

Architektonické návrhy obnovy Slovenského národného múzea

<p><strong>Prezentáciu architektonických návrhov obnovy Slovenského národného múzea s autorským výkladom.</strong></p>
<p>Slovenské národné múzeum ako národná kultúrna pamiatka a významná kultúrno-vzdelávacia inštitúcia predstavuje dôležitý prvok identity mesta aj spoločnosti. Stav budovy ovplyvňuje nielen vnútorné fungovanie a kvalitu návštevníckeho zážitku, ale aj charakter verejného priestoru na Vajanského nábreží.</p>
<p>Potrebná registrácia na <a href="https://tuba.mib.sk/program/architektonicke-navrhy-obnovy-slovenskeho-narodneho-muzea/">webe</a>.</p>

<p>Prezentáciu architektonických návrhov obnovy Slovenského národného múzea s autorským výkladom. Slovenské národné múzeum ako národná kultúrna pamiatka a významná kultúrno-vzdelávacia inštitúcia predstavuje dôležitý prvok identity mesta aj spoločnosti. Stav budovy ovplyvňuje nielen vnútorné fungovanie a kvalitu návštevníckeho zážitku, ale aj charakter verejného priestoru na Vajanského nábreží. Potrebná registrácia na webe.</p>
