{"id":437489,"date":"2026-04-08T11:25:52","date_gmt":"2026-04-08T09:25:52","guid":{"rendered":"https:\/\/www.visitbratislava.com\/events\/slam-poetry-bratislava-arena-2\/"},"modified":"2026-04-27T11:25:41","modified_gmt":"2026-04-27T09:25:41","slug":"slam-poetry-bratislava-arena-2","status":"publish","type":"event","link":"https:\/\/www.visitbratislava.com\/sk\/podujatia\/slam-poetry-bratislava-arena-2\/","title":{"rendered":"Slam Poetry Bratislava: Ar\u00e9na"},"content":{"rendered":"<p><strong>Text organiz\u00e1tora:<\/strong><\/p>\n<p>Toto sme tu e\u0161te nemali. Dve trojice slamerov si to proti sebe rozdaj\u00fa v t\u00edmovej s\u00fa\u0165a\u017ei. Po\u010fte sa pozrie\u0165 a vypo\u010du\u0165 si, ako sa na\u0161i poeti vyrovnaj\u00fa s tlakom z\u00edska\u0165 \u010do najviac bodov nie len pre seba, ale pre cel\u00fd t\u00edm.<\/p>\n<p>Dve trojice vyberieme z t\u00fdchto kr\u00e1snych \u013eud\u00ed: Adri, Gyenge Veroni, Adam Traumer, Ljuk, Potopa Ba\u0161a a Sof.<\/p>\n<p>Moderova\u010dka tie\u017e nebude o jednotlivcovi. Cel\u00fdm battlom preved\u00fa Veron a Mari\u00e1n Ps\u00e1r.<\/p>\n<p>Tento event vznikne len v\u010faka va\u0161ej podpore. \u010eakujeme.<\/p>\n<p><strong>18+<\/strong><\/p>\n","protected":false},"excerpt":{"rendered":"<p>Text organiz\u00e1tora: Toto sme tu e\u0161te nemali. Dve trojice slamerov si to proti sebe rozdaj\u00fa v t\u00edmovej s\u00fa\u0165a\u017ei. Po\u010fte sa pozrie\u0165 a vypo\u010du\u0165 si, ako sa na\u0161i poeti vyrovnaj\u00fa s tlakom z\u00edska\u0165 \u010do najviac bodov nie len pre seba, ale pre cel\u00fd t\u00edm. Dve trojice vyberieme z t\u00fdchto kr\u00e1snych \u013eud\u00ed: Adri, Gyenge Veroni, Adam Traumer, [&hellip;]<\/p>\n","protected":false},"featured_media":0,"template":"","acf":[],"event_date":{"start_date":1777507200,"end_date":1777507200},"_links":{"self":[{"href":"https:\/\/www.visitbratislava.com\/sk\/wp-json\/wp\/v2\/event\/437489"}],"collection":[{"href":"https:\/\/www.visitbratislava.com\/sk\/wp-json\/wp\/v2\/event"}],"about":[{"href":"https:\/\/www.visitbratislava.com\/sk\/wp-json\/wp\/v2\/types\/event"}],"version-history":[{"count":1,"href":"https:\/\/www.visitbratislava.com\/sk\/wp-json\/wp\/v2\/event\/437489\/revisions"}],"predecessor-version":[{"id":437681,"href":"https:\/\/www.visitbratislava.com\/sk\/wp-json\/wp\/v2\/event\/437489\/revisions\/437681"}],"wp:attachment":[{"href":"https:\/\/www.visitbratislava.com\/sk\/wp-json\/wp\/v2\/media?parent=437489"}],"curies":[{"name":"wp","href":"https:\/\/api.w.org\/{rel}","templated":true}]}}

Slam Poetry Bratislava: Aréna

<p><strong>Text organizátora:</strong></p>
<p>Toto sme tu ešte nemali. Dve trojice slamerov si to proti sebe rozdajú v tímovej súťaži. Poďte sa pozrieť a vypočuť si, ako sa naši poeti vyrovnajú s tlakom získať čo najviac bodov nie len pre seba, ale pre celý tím.</p>
<p>Dve trojice vyberieme z týchto krásnych ľudí: Adri, Gyenge Veroni, Adam Traumer, Ljuk, Potopa Baša a Sof.</p>
<p>Moderovačka tiež nebude o jednotlivcovi. Celým battlom prevedú Veron a Marián Psár.</p>
<p>Tento event vznikne len vďaka vašej podpore. Ďakujeme.</p>
<p><strong>18+</strong></p>

<p>Text organizátora: Toto sme tu ešte nemali. Dve trojice slamerov si to proti sebe rozdajú v tímovej súťaži. Poďte sa pozrieť a vypočuť si, ako sa naši poeti vyrovnajú s tlakom získať čo najviac bodov nie len pre seba, ale pre celý tím. Dve trojice vyberieme z týchto krásnych ľudí: Adri, Gyenge Veroni, Adam Traumer, [&hellip;]</p>
