{"id":438361,"date":"2026-04-18T11:25:36","date_gmt":"2026-04-18T09:25:36","guid":{"rendered":"https:\/\/www.visitbratislava.com\/events\/ukrajinsky-vecer-na-dunaji-2\/"},"modified":"2026-04-18T11:25:36","modified_gmt":"2026-04-18T09:25:36","slug":"ukrajinsky-vecer-na-dunaji-2","status":"publish","type":"event","link":"https:\/\/www.visitbratislava.com\/sk\/podujatia\/ukrajinsky-vecer-na-dunaji-2\/","title":{"rendered":"Ukrajinsk\u00fd ve\u010der na Dunaji"},"content":{"rendered":"<p><strong>Text organiz\u00e1tora:<\/strong><\/p>\n<p>V sobotu 18. apr\u00edla sa stretneme na lodi Sundeck \u2013 a Bratislava op\u00e4\u0165 o\u017eije ukrajin\u010dinou.<\/p>\n<p>Na p\u00f3diu DJs:<\/p>\n<ul>\n<li>Alex Shelest<\/li>\n<li>Vitali Hlak<\/li>\n<\/ul>\n<p>Za\u010d\u00edname s vibr\u00e1ciami afro house a rozbiehame sa k ob\u013e\u00faben\u00fdm ukrajinsk\u00fdm skladb\u00e1m, ktor\u00e9 ur\u010dite pozn\u00e1\u0161 naspam\u00e4\u0165.<\/p>\n<hr \/>\n<p>\u0412 \u0441\u0443\u0431\u043e\u0442\u0443, 18 \u043a\u0432\u0456\u0442\u043d\u044f, \u0437\u0443\u0441\u0442\u0440\u0456\u0447\u0430\u0454\u043c\u043e\u0441\u044c \u043d\u0430 \u043a\u043e\u0440\u0430\u0431\u043b\u0456 Sundeck @sundeckbratislava &#8211; \u0456 \u0411\u0440\u0430\u0442\u0438\u0441\u043b\u0430\u0432\u0430 \u0437\u043d\u043e\u0432\u0443 \u0437\u0430\u0437\u0432\u0443\u0447\u0438\u0442\u044c \u0443\u043a\u0440\u0430\u0457\u043d\u0441\u044c\u043a\u043e\u044e.<\/p>\n<p>\u041d\u0430 \u0441\u0446\u0435\u043d\u0456:<\/p>\n<ul>\n<li>Alex Shelst<\/li>\n<li>Vitali Hlak<\/li>\n<\/ul>\n<p>\u0421\u0442\u0430\u0440\u0442\u0443\u0454\u043c\u043e \u0437 \u0432\u0430\u0439\u0431\u0456\u0432 \u0430\u0444\u0440\u043e \u0445\u0430\u0443\u0441\u0443 \u0456 \u0440\u043e\u0437\u0433\u0430\u043d\u044f\u0454\u043c\u043e\u0441\u044c \u0434\u043e \u0443\u043b\u044e\u0431\u043b\u0435\u043d\u0438\u0445 \u0443\u043a\u0440\u0430\u0457\u043d\u0441\u044c\u043a\u0438\u0445 \u0442\u0440\u0435\u043a\u0456\u0432, \u044f\u043a\u0456 \u0442\u0438 \u0442\u043e\u0447\u043d\u043e \u0437\u043d\u0430\u0454\u0448 \u043d\u0430 \u043f\u0430\u043c\u02bc\u044f\u0442\u044c.<\/p>\n<p><strong>18+<\/strong><\/p>\n","protected":false},"excerpt":{"rendered":"<p>Text organiz\u00e1tora: V sobotu 18. apr\u00edla sa stretneme na lodi Sundeck \u2013 a Bratislava op\u00e4\u0165 o\u017eije ukrajin\u010dinou. Na p\u00f3diu DJs: Alex Shelest Vitali Hlak Za\u010d\u00edname s vibr\u00e1ciami afro house a rozbiehame sa k ob\u013e\u00faben\u00fdm ukrajinsk\u00fdm skladb\u00e1m, ktor\u00e9 ur\u010dite pozn\u00e1\u0161 naspam\u00e4\u0165. \u0412 \u0441\u0443\u0431\u043e\u0442\u0443, 18 \u043a\u0432\u0456\u0442\u043d\u044f, \u0437\u0443\u0441\u0442\u0440\u0456\u0447\u0430\u0454\u043c\u043e\u0441\u044c \u043d\u0430 \u043a\u043e\u0440\u0430\u0431\u043b\u0456 Sundeck @sundeckbratislava &#8211; \u0456 \u0411\u0440\u0430\u0442\u0438\u0441\u043b\u0430\u0432\u0430 \u0437\u043d\u043e\u0432\u0443 \u0437\u0430\u0437\u0432\u0443\u0447\u0438\u0442\u044c \u0443\u043a\u0440\u0430\u0457\u043d\u0441\u044c\u043a\u043e\u044e. [&hellip;]<\/p>\n","protected":false},"featured_media":0,"template":"","acf":[],"event_date":{"start_date":1776470400,"end_date":1776470400},"_links":{"self":[{"href":"https:\/\/www.visitbratislava.com\/sk\/wp-json\/wp\/v2\/event\/438361"}],"collection":[{"href":"https:\/\/www.visitbratislava.com\/sk\/wp-json\/wp\/v2\/event"}],"about":[{"href":"https:\/\/www.visitbratislava.com\/sk\/wp-json\/wp\/v2\/types\/event"}],"version-history":[{"count":0,"href":"https:\/\/www.visitbratislava.com\/sk\/wp-json\/wp\/v2\/event\/438361\/revisions"}],"wp:attachment":[{"href":"https:\/\/www.visitbratislava.com\/sk\/wp-json\/wp\/v2\/media?parent=438361"}],"curies":[{"name":"wp","href":"https:\/\/api.w.org\/{rel}","templated":true}]}}

Ukrajinský večer na Dunaji

<p><strong>Text organizátora:</strong></p>
<p>V sobotu 18. apríla sa stretneme na lodi Sundeck – a Bratislava opäť ožije ukrajinčinou.</p>
<p>Na pódiu DJs:</p>
<ul>
<li>Alex Shelest</li>
<li>Vitali Hlak</li>
</ul>
<p>Začíname s vibráciami afro house a rozbiehame sa k obľúbeným ukrajinským skladbám, ktoré určite poznáš naspamäť.</p>
<hr />
<p>В суботу, 18 квітня, зустрічаємось на кораблі Sundeck @sundeckbratislava &#8211; і Братислава знову зазвучить українською.</p>
<p>На сцені:</p>
<ul>
<li>Alex Shelst</li>
<li>Vitali Hlak</li>
</ul>
<p>Стартуємо з вайбів афро хаусу і розганяємось до улюблених українських треків, які ти точно знаєш на памʼять.</p>
<p><strong>18+</strong></p>

<p>Text organizátora: V sobotu 18. apríla sa stretneme na lodi Sundeck – a Bratislava opäť ožije ukrajinčinou. Na pódiu DJs: Alex Shelest Vitali Hlak Začíname s vibráciami afro house a rozbiehame sa k obľúbeným ukrajinským skladbám, ktoré určite poznáš naspamäť. В суботу, 18 квітня, зустрічаємось на кораблі Sundeck @sundeckbratislava &#8211; і Братислава знову зазвучить українською. [&hellip;]</p>
