{"id":438639,"date":"2026-04-22T11:25:56","date_gmt":"2026-04-22T09:25:56","guid":{"rendered":"https:\/\/www.visitbratislava.com\/events\/karm-bratislavsky-improvizacny-orchester-2\/"},"modified":"2026-04-24T11:25:58","modified_gmt":"2026-04-24T09:25:58","slug":"karm-bratislavsky-improvizacny-orchester-2","status":"publish","type":"event","link":"https:\/\/www.visitbratislava.com\/sk\/podujatia\/karm-bratislavsky-improvizacny-orchester-2\/","title":{"rendered":"Karm + Bratislavsk\u00fd improviza\u010dn\u00fd orchester"},"content":{"rendered":"<p><strong>Int\u00edmne a delik\u00e1tne zvuky v podan\u00ed duo Karm, ktor\u00e9 tvor\u00ed pra\u017esk\u00fd saxofonista a klarinetista Michal Wr\u00f3blewski a Berl\u00edn\u010dan Torsten Papenheim (akustick\u00e1 gitara, objekty) v A4.<\/strong><\/p>\n<p>S \u010disto akustick\u00fdm nastaven\u00edm vytv\u00e1raj duo zvukov\u00e9 priestory \u010faleko za hranicami zn\u00e1mych zvukov svojich n\u00e1strojov. Karm sa dr\u017eia svojho osobit\u00e9ho \u0161t\u00fdlu a vytv\u00e1raj\u00fa hudbu, ktor\u00e1 dok\u00e1\u017ee by\u0165 z\u00e1rove\u0148 stroh\u00e1 a zhusten\u00e1.<br \/>\nA ako ka\u017ed\u00fd mesiac, v\u017edy in\u00e9 a v\u017edy prekvapiv\u00e9 vyst\u00fapenie obsaden\u00edm premenliv\u00e9ho rezidentsk\u00e9ho telesa v A4: Bratislavsk\u00e9ho improviza\u010dn\u00e9ho orchestra. S\u00fabor vznikol v roku 2023. Tvor\u00ed ho vo\u013en\u00e9 zoskupenie hudobn\u00ed\u010dok a hudobn\u00edkov hraj\u00facich na akustick\u00e9 aj elektronick\u00e9 n\u00e1stroje a venuj\u00facich sa vo\u013ene improvizovanej hudbe r\u00f4znych pod\u00f4b.<\/p>\n<p>Z verejn\u00fdch zdrojov podporil Fond na podporu umenia a Nad\u00e1cia mesta Bratislavy.<\/p>\n","protected":false},"excerpt":{"rendered":"<p>Int\u00edmne a delik\u00e1tne zvuky v podan\u00ed duo Karm, ktor\u00e9 tvor\u00ed pra\u017esk\u00fd saxofonista a klarinetista Michal Wr\u00f3blewski a Berl\u00edn\u010dan Torsten Papenheim (akustick\u00e1 gitara, objekty) v A4. S \u010disto akustick\u00fdm nastaven\u00edm vytv\u00e1raj duo zvukov\u00e9 priestory \u010faleko za hranicami zn\u00e1mych zvukov svojich n\u00e1strojov. Karm sa dr\u017eia svojho osobit\u00e9ho \u0161t\u00fdlu a vytv\u00e1raj\u00fa hudbu, ktor\u00e1 dok\u00e1\u017ee by\u0165 z\u00e1rove\u0148 stroh\u00e1 a [&hellip;]<\/p>\n","protected":false},"featured_media":0,"template":"","acf":[],"event_date":{"start_date":1779062400,"end_date":1779062400},"_links":{"self":[{"href":"https:\/\/www.visitbratislava.com\/sk\/wp-json\/wp\/v2\/event\/438639"}],"collection":[{"href":"https:\/\/www.visitbratislava.com\/sk\/wp-json\/wp\/v2\/event"}],"about":[{"href":"https:\/\/www.visitbratislava.com\/sk\/wp-json\/wp\/v2\/types\/event"}],"version-history":[{"count":1,"href":"https:\/\/www.visitbratislava.com\/sk\/wp-json\/wp\/v2\/event\/438639\/revisions"}],"predecessor-version":[{"id":438804,"href":"https:\/\/www.visitbratislava.com\/sk\/wp-json\/wp\/v2\/event\/438639\/revisions\/438804"}],"wp:attachment":[{"href":"https:\/\/www.visitbratislava.com\/sk\/wp-json\/wp\/v2\/media?parent=438639"}],"curies":[{"name":"wp","href":"https:\/\/api.w.org\/{rel}","templated":true}]}}

Karm + Bratislavský improvizačný orchester

<p><strong>Intímne a delikátne zvuky v podaní duo Karm, ktoré tvorí pražský saxofonista a klarinetista Michal Wróblewski a Berlínčan Torsten Papenheim (akustická gitara, objekty) v A4.</strong></p>
<p>S čisto akustickým nastavením vytváraj duo zvukové priestory ďaleko za hranicami známych zvukov svojich nástrojov. Karm sa držia svojho osobitého štýlu a vytvárajú hudbu, ktorá dokáže byť zároveň strohá a zhustená.<br />
A ako každý mesiac, vždy iné a vždy prekvapivé vystúpenie obsadením premenlivého rezidentského telesa v A4: Bratislavského improvizačného orchestra. Súbor vznikol v roku 2023. Tvorí ho voľné zoskupenie hudobníčok a hudobníkov hrajúcich na akustické aj elektronické nástroje a venujúcich sa voľne improvizovanej hudbe rôznych podôb.</p>
<p>Z verejných zdrojov podporil Fond na podporu umenia a Nadácia mesta Bratislavy.</p>

<p>Intímne a delikátne zvuky v podaní duo Karm, ktoré tvorí pražský saxofonista a klarinetista Michal Wróblewski a Berlínčan Torsten Papenheim (akustická gitara, objekty) v A4. S čisto akustickým nastavením vytváraj duo zvukové priestory ďaleko za hranicami známych zvukov svojich nástrojov. Karm sa držia svojho osobitého štýlu a vytvárajú hudbu, ktorá dokáže byť zároveň strohá a [&hellip;]</p>
