{"id":460273,"date":"2026-08-28T11:28:17","date_gmt":"2026-08-28T09:28:17","guid":{"rendered":"https:\/\/www.visitbratislava.com\/events\/spoj-o-europskej-identite-s-mikulasom-dzurindom-2\/"},"modified":"2026-09-01T11:27:56","modified_gmt":"2026-09-01T09:27:56","slug":"spoj-o-europskej-identite-s-mikulasom-dzurindom-2","status":"publish","type":"event","link":"https:\/\/www.visitbratislava.com\/sk\/podujatia\/spoj-o-europskej-identite-s-mikulasom-dzurindom-2\/","title":{"rendered":"Spoj: O eur\u00f3pskej identite s Mikul\u00e1\u0161om Dzurindom"},"content":{"rendered":"<p><strong>Text organiz\u00e1tora:<\/strong><\/p>\n<p>\u010co znamen\u00e1 by\u0165 Eur\u00f3panom? Je eur\u00f3pska identita iba abstraktn\u00fd pojem, alebo m\u00e1 pre n\u00e1s skuto\u010dn\u00fd v\u00fdznam?<\/p>\n<p>Svet sa r\u00fdchlo men\u00ed a ot\u00e1zky oh\u013eadom n\u00e1\u0161ho smerovania s\u00fa \u010doraz naliehavej\u0161ie. C\u00edtime sa by\u0165 Eur\u00f3panmi? \u010co n\u00e1m v tom br\u00e1ni? A ak\u00e9 pr\u00edle\u017eitosti \u010di \u00faskalia prin\u00e1\u0161a u\u017e\u0161ia spolupr\u00e1ca medzi jednotliv\u00fdmi krajinami?<\/p>\n<p>O s\u00fa\u010dasnom postaven\u00ed Eur\u00f3py, jej bud\u00facnosti aj hodnot\u00e1ch, na ktor\u00fdch m\u00f4\u017ee stava\u0165, budeme diskutova\u0165 s dvojn\u00e1sobn\u00fdm premi\u00e9rom SR Mikul\u00e1\u0161om Dzurindom.<\/p>\n<p>Diskusia bude, ako v\u017edy, otvoren\u00e1 aj va\u0161im ot\u00e1zkam.<\/p>\n<p>Diskusiu vedie Michal Konc.<\/p>\n","protected":false},"excerpt":{"rendered":"<p>Text organiz\u00e1tora: \u010co znamen\u00e1 by\u0165 Eur\u00f3panom? Je eur\u00f3pska identita iba abstraktn\u00fd pojem, alebo m\u00e1 pre n\u00e1s skuto\u010dn\u00fd v\u00fdznam? Svet sa r\u00fdchlo men\u00ed a ot\u00e1zky oh\u013eadom n\u00e1\u0161ho smerovania s\u00fa \u010doraz naliehavej\u0161ie. C\u00edtime sa by\u0165 Eur\u00f3panmi? \u010co n\u00e1m v tom br\u00e1ni? A ak\u00e9 pr\u00edle\u017eitosti \u010di \u00faskalia prin\u00e1\u0161a u\u017e\u0161ia spolupr\u00e1ca medzi jednotliv\u00fdmi krajinami? O s\u00fa\u010dasnom postaven\u00ed Eur\u00f3py, jej [&hellip;]<\/p>\n","protected":false},"featured_media":0,"template":"","acf":[],"event_date":{"start_date":1790726400,"end_date":1790726400},"_links":{"self":[{"href":"https:\/\/www.visitbratislava.com\/sk\/wp-json\/wp\/v2\/event\/460273"}],"collection":[{"href":"https:\/\/www.visitbratislava.com\/sk\/wp-json\/wp\/v2\/event"}],"about":[{"href":"https:\/\/www.visitbratislava.com\/sk\/wp-json\/wp\/v2\/types\/event"}],"version-history":[{"count":1,"href":"https:\/\/www.visitbratislava.com\/sk\/wp-json\/wp\/v2\/event\/460273\/revisions"}],"predecessor-version":[{"id":460298,"href":"https:\/\/www.visitbratislava.com\/sk\/wp-json\/wp\/v2\/event\/460273\/revisions\/460298"}],"wp:attachment":[{"href":"https:\/\/www.visitbratislava.com\/sk\/wp-json\/wp\/v2\/media?parent=460273"}],"curies":[{"name":"wp","href":"https:\/\/api.w.org\/{rel}","templated":true}]}}

Spoj: O európskej identite s Mikulášom Dzurindom

<p><strong>Text organizátora:</strong></p>
<p>Čo znamená byť Európanom? Je európska identita iba abstraktný pojem, alebo má pre nás skutočný význam?</p>
<p>Svet sa rýchlo mení a otázky ohľadom nášho smerovania sú čoraz naliehavejšie. Cítime sa byť Európanmi? Čo nám v tom bráni? A aké príležitosti či úskalia prináša užšia spolupráca medzi jednotlivými krajinami?</p>
<p>O súčasnom postavení Európy, jej budúcnosti aj hodnotách, na ktorých môže stavať, budeme diskutovať s dvojnásobným premiérom SR Mikulášom Dzurindom.</p>
<p>Diskusia bude, ako vždy, otvorená aj vašim otázkam.</p>
<p>Diskusiu vedie Michal Konc.</p>

<p>Text organizátora: Čo znamená byť Európanom? Je európska identita iba abstraktný pojem, alebo má pre nás skutočný význam? Svet sa rýchlo mení a otázky ohľadom nášho smerovania sú čoraz naliehavejšie. Cítime sa byť Európanmi? Čo nám v tom bráni? A aké príležitosti či úskalia prináša užšia spolupráca medzi jednotlivými krajinami? O súčasnom postavení Európy, jej [&hellip;]</p>
