{"id":460402,"date":"2026-09-01T11:27:36","date_gmt":"2026-09-01T09:27:36","guid":{"rendered":"https:\/\/www.visitbratislava.com\/events\/afterdark-day-rave-raylab-shoutout2niki-vahram-2\/"},"modified":"2026-09-02T11:27:57","modified_gmt":"2026-09-02T09:27:57","slug":"afterdark-day-rave-raylab-shoutout2niki-vahram-2","status":"publish","type":"event","link":"https:\/\/www.visitbratislava.com\/sk\/podujatia\/afterdark-day-rave-raylab-shoutout2niki-vahram-2\/","title":{"rendered":"Afterdark Day Rave: Raylab + ShoutOut2Niki + Vahram"},"content":{"rendered":"<p>Terasa v K\u00e1ce\u010dku sa 5. septembra 2026 premen\u00ed na priestor pln\u00fd elektronickej hudby. Ve\u010der prinesie kvalitn\u00fd sound, skvel\u00fa komunitu \u013eud\u00ed a jedine\u010dn\u00fa atmosf\u00e9ru priamo v centre Bratislavy. Po skon\u010den\u00ed dennej \u010dasti bude program pokra\u010dova\u0165 na afterparty v s\u00e1le, kde sa prepne do temnej\u0161ieho a intenz\u00edvnej\u0161ieho klubov\u00e9ho re\u017eimu.<\/p>\n","protected":false},"excerpt":{"rendered":"<p>Terasa v K\u00e1ce\u010dku sa 5. septembra 2026 premen\u00ed na priestor pln\u00fd elektronickej hudby. Ve\u010der prinesie kvalitn\u00fd sound, skvel\u00fa komunitu \u013eud\u00ed a jedine\u010dn\u00fa atmosf\u00e9ru priamo v centre Bratislavy. Po skon\u010den\u00ed dennej \u010dasti bude program pokra\u010dova\u0165 na afterparty v s\u00e1le, kde sa prepne do temnej\u0161ieho a intenz\u00edvnej\u0161ieho klubov\u00e9ho re\u017eimu.<\/p>\n","protected":false},"featured_media":0,"template":"","acf":[],"event_date":{"start_date":1788566400,"end_date":1788566400},"_links":{"self":[{"href":"https:\/\/www.visitbratislava.com\/sk\/wp-json\/wp\/v2\/event\/460402"}],"collection":[{"href":"https:\/\/www.visitbratislava.com\/sk\/wp-json\/wp\/v2\/event"}],"about":[{"href":"https:\/\/www.visitbratislava.com\/sk\/wp-json\/wp\/v2\/types\/event"}],"version-history":[{"count":1,"href":"https:\/\/www.visitbratislava.com\/sk\/wp-json\/wp\/v2\/event\/460402\/revisions"}],"predecessor-version":[{"id":460511,"href":"https:\/\/www.visitbratislava.com\/sk\/wp-json\/wp\/v2\/event\/460402\/revisions\/460511"}],"wp:attachment":[{"href":"https:\/\/www.visitbratislava.com\/sk\/wp-json\/wp\/v2\/media?parent=460402"}],"curies":[{"name":"wp","href":"https:\/\/api.w.org\/{rel}","templated":true}]}}

<p>Terasa v Kácečku sa 5. septembra 2026 premení na priestor plný elektronickej hudby. Večer prinesie kvalitný sound, skvelú komunitu ľudí a jedinečnú atmosféru priamo v centre Bratislavy. Po skončení dennej časti bude program pokračovať na afterparty v sále, kde sa prepne do temnejšieho a intenzívnejšieho klubového režimu.</p>
