{"id":460726,"date":"2026-09-04T11:28:09","date_gmt":"2026-09-04T09:28:09","guid":{"rendered":"https:\/\/www.visitbratislava.com\/events\/moja-rec-4\/"},"modified":"2026-09-04T11:28:09","modified_gmt":"2026-09-04T09:28:09","slug":"moja-rec-4","status":"publish","type":"event","link":"https:\/\/www.visitbratislava.com\/sk\/podujatia\/moja-rec-4\/","title":{"rendered":"Moja Re\u010d"},"content":{"rendered":"<p><strong>Jeden album, jedna \u00e9ra, jedine\u010dn\u00e1 tour.<\/strong><\/p>\n<p>Je to 20 rokov od vydania albumu Dobr\u00ed chlapci vol.1 a Moja Re\u010d vyr\u00e1\u017ea na jesenno-zimn\u00e9 tour.<\/p>\n","protected":false},"excerpt":{"rendered":"<p>Jeden album, jedna \u00e9ra, jedine\u010dn\u00e1 tour. Je to 20 rokov od vydania albumu Dobr\u00ed chlapci vol.1 a Moja Re\u010d vyr\u00e1\u017ea na jesenno-zimn\u00e9 tour.<\/p>\n","protected":false},"featured_media":0,"template":"","acf":[],"event_date":{"start_date":1792108800,"end_date":1792108800},"_links":{"self":[{"href":"https:\/\/www.visitbratislava.com\/sk\/wp-json\/wp\/v2\/event\/460726"}],"collection":[{"href":"https:\/\/www.visitbratislava.com\/sk\/wp-json\/wp\/v2\/event"}],"about":[{"href":"https:\/\/www.visitbratislava.com\/sk\/wp-json\/wp\/v2\/types\/event"}],"version-history":[{"count":0,"href":"https:\/\/www.visitbratislava.com\/sk\/wp-json\/wp\/v2\/event\/460726\/revisions"}],"wp:attachment":[{"href":"https:\/\/www.visitbratislava.com\/sk\/wp-json\/wp\/v2\/media?parent=460726"}],"curies":[{"name":"wp","href":"https:\/\/api.w.org\/{rel}","templated":true}]}}

Moja Reč

<p><strong>Jeden album, jedna éra, jedinečná tour.</strong></p>
<p>Je to 20 rokov od vydania albumu Dobrí chlapci vol.1 a Moja Reč vyráža na jesenno-zimné tour.</p>

<p>Jeden album, jedna éra, jedinečná tour. Je to 20 rokov od vydania albumu Dobrí chlapci vol.1 a Moja Reč vyráža na jesenno-zimné tour.</p>
