{"id":50176,"date":"2018-11-02T23:05:06","date_gmt":"2018-11-02T22:05:06","guid":{"rendered":"https:\/\/www.visitbratislava.com\/?post_type=event&#038;p=50176\/"},"modified":"2018-11-02T23:53:39","modified_gmt":"2018-11-02T22:53:39","slug":"brahms-dohnanyi-schmidt","status":"publish","type":"event","link":"https:\/\/www.visitbratislava.com\/sk\/podujatia\/brahms-dohnanyi-schmidt\/","title":{"rendered":"Brahms &#8211; Dohn\u00e1nyi &#8211; Schmidt"},"content":{"rendered":"<p><strong>II. abonentn\u00fd koncert 90. koncertnej sez\u00f3ny Symfonick\u00e9ho orchestra Slovensk\u00e9ho rozhlasu <\/strong>sa ponesie v znamen\u00ed hudby dvoch v\u00fdnimo\u010dn\u00fdch bratislavsk\u00fdch rod\u00e1kov Franza Schmidta a Ern\u0151 Dohn\u00e1nyiho.\u00a0Koncert je venovan\u00fd prof. \u013dudov\u00edtovi Rajterovi, ktor\u00fd bol \u017eiakom oboch spom\u00ednan\u00fdch skladate\u013eov vo Viedni, resp. v Budape\u0161ti, nesk\u00f4r \u0161\u00e9fdirigentom Symfonick\u00e9ho orchestra Slovensk\u00e9ho rozhlasu a spoluzakladate\u013eom a prv\u00fdm dirigentom Slovenskej filharm\u00f3nie.<\/p>\n<p>Koncert sa kon\u00e1 v\u00a0spolupr\u00e1ci s\u00a0cyklom (Ne)zn\u00e1ma hudba o. z. Albrechtina ako s\u00fa\u010das\u0165 projektu (Ne)zn\u00e1ma hudba v\u00a0RTVS 2018, ktor\u00e9ho hlavn\u00fdm partnerom je Fond na podporu umenia.<\/p>\n<p><strong>Symfonick\u00fd orchester Slovensk\u00e9ho rozhlasu<\/strong><br \/>\n<strong>Milan PA\u013dA<\/strong>, husle<br \/>\n<strong>Martin LEGINUS<\/strong>, dirigent<\/p>\n<p><strong>Program:<\/strong><\/p>\n<p><strong>Johannes BRAHMS<\/strong> (1833 \u2013 1897)<br \/>\n<em>Akademick\u00e1 predohra, op. 80<\/em><\/p>\n<p><strong>Ern\u0151 DOHN\u00c1NYI<\/strong> (1877 \u2013 1960)<br \/>\n<em>Hus\u013eov\u00fd koncert \u010d. 2 c mol, op. 43<\/em><\/p>\n<p><strong>Franz SCHMIDT<\/strong> (1874 \u2013 1939)<br \/>\n<em>Symf\u00f3nia \u010d. 3 A dur<\/em><\/p>\n<p><strong>Piatok 9. 11. 2018 \/ 19.00 hod.\/ Ve\u013ek\u00e9 koncertn\u00e9 \u0161t\u00fadio Slovensk\u00e9ho rozhlasu Bratislava<\/strong><\/p>\n<p><strong><a href=\"https:\/\/www.ticketportal.sk\/Event\/Symfonicky_orchester_SRo_2_koncert_sezony\">Vstupenky<\/a> <\/strong><\/p>\n<p><strong><a href=\"http:\/\/www.koncertyrtvs.sk\/\">Koncerty RTVS<\/a><\/strong><\/p>\n<p><a href=\"http:\/\/www.albrechtina.sk\/\"><strong>o. z. Albrechtina<\/strong><\/a><\/p>\n<p><a href=\"https:\/\/www.facebook.com\/events\/274366083405251\/\"><strong>Podujatie na Facebooku<\/strong><\/a><\/p>\n","protected":false},"excerpt":{"rendered":"<p>II. abonentn\u00fd koncert 90. koncertnej sez\u00f3ny Symfonick\u00e9ho orchestra Slovensk\u00e9ho rozhlasu sa ponesie v znamen\u00ed hudby dvoch v\u00fdnimo\u010dn\u00fdch bratislavsk\u00fdch rod\u00e1kov Franza Schmidta a Ern\u0151 Dohn\u00e1nyiho.\u00a0Koncert je venovan\u00fd prof. \u013dudov\u00edtovi Rajterovi, ktor\u00fd bol \u017eiakom oboch spom\u00ednan\u00fdch skladate\u013eov vo Viedni, resp. v Budape\u0161ti, nesk\u00f4r \u0161\u00e9fdirigentom Symfonick\u00e9ho orchestra Slovensk\u00e9ho rozhlasu a spoluzakladate\u013eom a prv\u00fdm dirigentom Slovenskej filharm\u00f3nie. Koncert sa [&hellip;]<\/p>\n","protected":false},"featured_media":50181,"template":"","acf":[],"event_date":{"start_date":1541721600,"end_date":1541721600},"_links":{"self":[{"href":"https:\/\/www.visitbratislava.com\/sk\/wp-json\/wp\/v2\/event\/50176"}],"collection":[{"href":"https:\/\/www.visitbratislava.com\/sk\/wp-json\/wp\/v2\/event"}],"about":[{"href":"https:\/\/www.visitbratislava.com\/sk\/wp-json\/wp\/v2\/types\/event"}],"version-history":[{"count":0,"href":"https:\/\/www.visitbratislava.com\/sk\/wp-json\/wp\/v2\/event\/50176\/revisions"}],"wp:featuredmedia":[{"embeddable":true,"href":"https:\/\/www.visitbratislava.com\/sk\/wp-json\/wp\/v2\/media\/50181"}],"wp:attachment":[{"href":"https:\/\/www.visitbratislava.com\/sk\/wp-json\/wp\/v2\/media?parent=50176"}],"curies":[{"name":"wp","href":"https:\/\/api.w.org\/{rel}","templated":true}]}}

Brahms &#8211; Dohnányi &#8211; Schmidt

<p><strong>II. abonentný koncert 90. koncertnej sezóny Symfonického orchestra Slovenského rozhlasu </strong>sa ponesie v znamení hudby dvoch výnimočných bratislavských rodákov Franza Schmidta a Ernő Dohnányiho. Koncert je venovaný prof. Ľudovítovi Rajterovi, ktorý bol žiakom oboch spomínaných skladateľov vo Viedni, resp. v Budapešti, neskôr šéfdirigentom Symfonického orchestra Slovenského rozhlasu a spoluzakladateľom a prvým dirigentom Slovenskej filharmónie.</p>
<p>Koncert sa koná v spolupráci s cyklom (Ne)známa hudba o. z. Albrechtina ako súčasť projektu (Ne)známa hudba v RTVS 2018, ktorého hlavným partnerom je Fond na podporu umenia.</p>
<p><strong>Symfonický orchester Slovenského rozhlasu</strong><br />
<strong>Milan PAĽA</strong>, husle<br />
<strong>Martin LEGINUS</strong>, dirigent</p>
<p><strong>Program:</strong></p>
<p><strong>Johannes BRAHMS</strong> (1833 – 1897)<br />
<em>Akademická predohra, op. 80</em></p>
<p><strong>Ernő DOHNÁNYI</strong> (1877 – 1960)<br />
<em>Husľový koncert č. 2 c mol, op. 43</em></p>
<p><strong>Franz SCHMIDT</strong> (1874 – 1939)<br />
<em>Symfónia č. 3 A dur</em></p>
<p><strong>Piatok 9. 11. 2018 / 19.00 hod./ Veľké koncertné štúdio Slovenského rozhlasu Bratislava</strong></p>
<p><strong><a href="https://www.ticketportal.sk/Event/Symfonicky_orchester_SRo_2_koncert_sezony">Vstupenky</a> </strong></p>
<p><strong><a href="http://www.koncertyrtvs.sk/">Koncerty RTVS</a></strong></p>
<p><a href="http://www.albrechtina.sk/"><strong>o. z. Albrechtina</strong></a></p>
<p><a href="https://www.facebook.com/events/274366083405251/"><strong>Podujatie na Facebooku</strong></a></p>

<p>II. abonentný koncert 90. koncertnej sezóny Symfonického orchestra Slovenského rozhlasu sa ponesie v znamení hudby dvoch výnimočných bratislavských rodákov Franza Schmidta a Ernő Dohnányiho. Koncert je venovaný prof. Ľudovítovi Rajterovi, ktorý bol žiakom oboch spomínaných skladateľov vo Viedni, resp. v Budapešti, neskôr šéfdirigentom Symfonického orchestra Slovenského rozhlasu a spoluzakladateľom a prvým dirigentom Slovenskej filharmónie. Koncert sa [&hellip;]</p>
