{"id":61811,"date":"2019-06-25T09:15:47","date_gmt":"2019-06-25T07:15:47","guid":{"rendered":"https:\/\/www.visitbratislava.com\/?post_type=event&#038;p=61811\/"},"modified":"2019-06-26T15:24:54","modified_gmt":"2019-06-26T13:24:54","slug":"francuzsky-den","status":"publish","type":"event","link":"https:\/\/www.visitbratislava.com\/sk\/podujatia\/francuzsky-den\/","title":{"rendered":"Franc\u00fazsky de\u0148"},"content":{"rendered":"<p>Oslavy franc\u00fazskeho \u0161t\u00e1tneho sviatku pri pr\u00edle\u017eitosti v\u00fdro\u010dia Dobytia Bastily sa bud\u00fa kona\u0165 v piatok 12. j\u00fala 2019 na Hlavnom n\u00e1mest\u00ed v srdci Bratislavy v r\u00e1mci podujatia Franc\u00fazsky de\u0148. Na Hlavnom n\u00e1mest\u00ed sa n\u00e1v\u0161tevn\u00edci bud\u00fa m\u00f4c\u0165 poprech\u00e1dza\u0165 po franc\u00fazskom trhu: dvadsiatka st\u00e1nkov pon\u00fakne franc\u00fazske v\u00fdrobky od 14:00 do 20:00.\u00a0Bezplatn\u00fd hudobn\u00fd a kult\u00farny program pril\u00e1ka od 16:30 do 22:00 milovn\u00edkov hudby, ale i \u017eongl\u00e9rstva.<\/p>\n<p>Ve\u013ekolep\u00e9 oslavy zav\u0155\u0161i koncert franc\u00fazskej kapely <em>M\u00e9t\u00e9o Mirage<\/em> (21:00 \u2013 22:00), ktorej rockovo-elektronick\u00e1 hudba je ide\u00e1lna na letn\u00fd j\u00falov\u00fd ve\u010der!<\/p>\n<p>Kompletn\u00fd program n\u00e1jdete <a href=\"https:\/\/www.visitbratislava.com\/wp-content\/uploads\/2019\/06\/Francuzsky-den-2019_Priloha.pdf\" target=\"_blank\" rel=\"noopener\"><strong>TU<\/strong><\/a>.<\/p>\n<p><strong>\u010cas: piatok 12. j\u00fala 2019 od 14.00 do 22.00<br \/>\n<\/strong><strong>Miesto: Hlavn\u00e9 n\u00e1mestie, Bratislava<br \/>\n<\/strong><strong>Vstup vo\u013en\u00fd<\/strong><\/p>\n<p><strong>\u00a0<\/strong><\/p>\n","protected":false},"excerpt":{"rendered":"<p>Oslavy franc\u00fazskeho \u0161t\u00e1tneho sviatku pri pr\u00edle\u017eitosti v\u00fdro\u010dia Dobytia Bastily sa bud\u00fa kona\u0165 v piatok 12. j\u00fala 2019 na Hlavnom n\u00e1mest\u00ed v srdci Bratislavy v r\u00e1mci podujatia Franc\u00fazsky de\u0148. Na Hlavnom n\u00e1mest\u00ed sa n\u00e1v\u0161tevn\u00edci bud\u00fa m\u00f4c\u0165 poprech\u00e1dza\u0165 po franc\u00fazskom trhu: dvadsiatka st\u00e1nkov pon\u00fakne franc\u00fazske v\u00fdrobky od 14:00 do 20:00.\u00a0Bezplatn\u00fd hudobn\u00fd a kult\u00farny program pril\u00e1ka od 16:30 [&hellip;]<\/p>\n","protected":false},"featured_media":61818,"template":"","acf":[],"event_date":{"start_date":1562889600,"end_date":1562889600},"_links":{"self":[{"href":"https:\/\/www.visitbratislava.com\/sk\/wp-json\/wp\/v2\/event\/61811"}],"collection":[{"href":"https:\/\/www.visitbratislava.com\/sk\/wp-json\/wp\/v2\/event"}],"about":[{"href":"https:\/\/www.visitbratislava.com\/sk\/wp-json\/wp\/v2\/types\/event"}],"version-history":[{"count":0,"href":"https:\/\/www.visitbratislava.com\/sk\/wp-json\/wp\/v2\/event\/61811\/revisions"}],"wp:featuredmedia":[{"embeddable":true,"href":"https:\/\/www.visitbratislava.com\/sk\/wp-json\/wp\/v2\/media\/61818"}],"wp:attachment":[{"href":"https:\/\/www.visitbratislava.com\/sk\/wp-json\/wp\/v2\/media?parent=61811"}],"curies":[{"name":"wp","href":"https:\/\/api.w.org\/{rel}","templated":true}]}}

Francúzsky deň

<p>Oslavy francúzskeho štátneho sviatku pri príležitosti výročia Dobytia Bastily sa budú konať v piatok 12. júla 2019 na Hlavnom námestí v srdci Bratislavy v rámci podujatia Francúzsky deň. Na Hlavnom námestí sa návštevníci budú môcť poprechádzať po francúzskom trhu: dvadsiatka stánkov ponúkne francúzske výrobky od 14:00 do 20:00. Bezplatný hudobný a kultúrny program priláka od 16:30 do 22:00 milovníkov hudby, ale i žonglérstva.</p>
<p>Veľkolepé oslavy zavŕši koncert francúzskej kapely <em>Météo Mirage</em> (21:00 – 22:00), ktorej rockovo-elektronická hudba je ideálna na letný júlový večer!</p>
<p>Kompletný program nájdete <a href="https://www.visitbratislava.com/wp-content/uploads/2019/06/Francuzsky-den-2019_Priloha.pdf" target="_blank" rel="noopener"><strong>TU</strong></a>.</p>
<p><strong>Čas: piatok 12. júla 2019 od 14.00 do 22.00<br />
</strong><strong>Miesto: Hlavné námestie, Bratislava<br />
</strong><strong>Vstup voľný</strong></p>
<p><strong> </strong></p>

<p>Oslavy francúzskeho štátneho sviatku pri príležitosti výročia Dobytia Bastily sa budú konať v piatok 12. júla 2019 na Hlavnom námestí v srdci Bratislavy v rámci podujatia Francúzsky deň. Na Hlavnom námestí sa návštevníci budú môcť poprechádzať po francúzskom trhu: dvadsiatka stánkov ponúkne francúzske výrobky od 14:00 do 20:00. Bezplatný hudobný a kultúrny program priláka od 16:30 [&hellip;]</p>
