{"id":70334,"date":"2019-11-13T15:12:08","date_gmt":"2019-11-13T14:12:08","guid":{"rendered":"https:\/\/www.visitbratislava.com\/?post_type=event&#038;p=70334\/"},"modified":"2019-11-13T16:37:02","modified_gmt":"2019-11-13T15:37:02","slug":"dobove-vozidla-v-premavke-ako-spomienka","status":"publish","type":"event","link":"https:\/\/www.visitbratislava.com\/sk\/podujatia\/dobove-vozidla-v-premavke-ako-spomienka\/","title":{"rendered":"Dobov\u00e9 vozidl\u00e1 v prem\u00e1vke ako spomienka na 17. november"},"content":{"rendered":"<div class=\"dokument\">\n<p>V r\u00e1mci spomienok na Ne\u017en\u00fa revol\u00faciu si budete m\u00f4c\u0165\u00a0<strong>v nede\u013eu 17. novembra 2019<\/strong>\u00a0pripomen\u00fa\u0165 dobov\u00fa atmosf\u00e9ru v uliciach aj v bratislavskej MHD. Dopravn\u00fd podnik Bratislava pri tejto pr\u00edle\u017eitosti vyprav\u00ed do ul\u00edc mesta vozidl\u00e1, ktor\u00e9 vtedy vozili \u013eud\u00ed aj na demon\u0161tr\u00e1cie. Niektor\u00e9 z t\u00fdchto vozidiel s\u00fa u\u017e v zbierke historick\u00fdch vozidiel, in\u00e9 e\u0161te be\u017ene prem\u00e1vaj\u00fa s cestuj\u00facimi aj dnes.<\/p>\n<p>Na pripomenutie dobovej atmosf\u00e9ry bud\u00fa aj t\u00fato nede\u013eu niektor\u00e9 vozidl\u00e1 v spolupr\u00e1ci so Slovensk\u00fdm n\u00e1rodn\u00fdm m\u00fazeom vybaven\u00e9 dobov\u00fdmi transparentami a n\u00e1pismi ako v roku 1989.<\/p>\n<p>Historick\u00fdmi vozidlami\u00a0sa bud\u00fa m\u00f4c\u0165 Bratislav\u010dania\u00a0bezplatne\u00a0previez\u0165 napr\u00edklad\u00a0k Bratislavk\u00e9mu hradu na v\u00fdstavu o novembri 1989\u00a0<a href=\"https:\/\/www.visitbratislava.com\/sk\/podujatia\/vystava-n89-cesta-k-slobode\/\" target=\"_blank\" rel=\"noopener\">N89 &#8211; Cesta k slobode<\/a>\u00a0\u010di\u00a0okruhom po centre mesta\u00a0v \u010dase\u00a0medzi 12. a 18. hodinou.<\/p>\n<ul>\n<li>Trolejbusovo-autobusov\u00e1 linka\u00a0<span class=\"linka ba lN89\">N89<\/span>\u00a0bude prem\u00e1va\u0165 s historick\u00fdmi trolejbusmi a autobusom\u00a0<strong>v intervale 20 min\u00fat\u00a0\u00a0<\/strong>po trase:\u00a0<strong>Nemocnica sv. Michala<\/strong>\u00a0(Rajsk\u00e1) &#8211; Ondrejsk\u00fd cintor\u00edn &#8211; Koll\u00e1rovo n\u00e1m. &#8211; Hod\u017eovo n\u00e1m. &#8211; Palis\u00e1dy &#8211; Hrad &#8211; Mudro\u0148ova &#8211;\u00a0<strong>B\u00fadkov\u00e1<\/strong>.<\/li>\n<li>Elektri\u010dkov\u00e1 linka\u00a0<span class=\"linka ba lN89\">N89<\/span>\u00a0bude prem\u00e1va\u0165 s historick\u00fdmi elektri\u010dkami okruhom po meste\u00a0<strong>v intervale 20 min\u00fat<\/strong>\u00a0 po trase:\u00a0<strong>SND (Jesensk\u00e9ho)<\/strong>\u00a0&#8211; N\u00e1mestie SNP &#8211; Obchodn\u00e1 &#8211; Blument\u00e1l &#8211; Vazovova &#8211; Americk\u00e9 n\u00e1mestie &#8211; \u0160pit\u00e1lska &#8211; N\u00e1mestie SNP &#8211; Kapuc\u00ednska &#8211; tunel &#8211; Most SNP &#8211; Mostov\u00e1 &#8211;\u00a0<strong>SND (Jesensk\u00e9ho)<\/strong>.<\/li>\n<\/ul>\n<p>Dobov\u00e9 elektri\u010dkov\u00e9 s\u00fapravy Tatra T3 bud\u00fa vypraven\u00e9 na be\u017en\u00e9 linky\u00a0<strong><span class=\"linka ba l3\">3<\/span>\u00a0a\u00a0<span class=\"linka ba l9\">9<\/span><\/strong>\u00a0z Ra\u010de cez centrum do Ru\u017einova, na ktor\u00fdch bude plati\u0165 \u0161tandardn\u00e1 tarifa IDS BK. Prestup medzi oboma linkami\u00a0<span class=\"linka ba lN89\">N89<\/span>\u00a0a linkou\u00a0<span class=\"linka ba l9\">9<\/span>\u00a0bude mo\u017en\u00fd v uzle Koll\u00e1rovo n\u00e1mestie &#8211; Vysok\u00e1, pr\u00edpadne v uzle Kamenn\u00e9 n\u00e1m. &#8211; N\u00e1m. SNP &#8211; Nemocnica sv. Michala (tu aj linka\u00a0<span class=\"linka ba l3\">3<\/span>).<\/p>\n<p>&nbsp;<\/p>\n<\/div>\n<p><img loading=\"lazy\" class=\"alignnone wp-image-70356 size-large\" src=\"https:\/\/www.visitbratislava.com\/wp-content\/uploads\/2019\/11\/Skoda-9-Tr-6154-podporuje-generalny-strajk-v-Ceskoslovensku-800x579.jpg\" alt=\"\" width=\"800\" height=\"579\" srcset=\"https:\/\/www.visitbratislava.com\/wp-content\/uploads\/2019\/11\/Skoda-9-Tr-6154-podporuje-generalny-strajk-v-Ceskoslovensku-800x579.jpg 800w, https:\/\/www.visitbratislava.com\/wp-content\/uploads\/2019\/11\/Skoda-9-Tr-6154-podporuje-generalny-strajk-v-Ceskoslovensku-400x289.jpg 400w, https:\/\/www.visitbratislava.com\/wp-content\/uploads\/2019\/11\/Skoda-9-Tr-6154-podporuje-generalny-strajk-v-Ceskoslovensku-768x556.jpg 768w, https:\/\/www.visitbratislava.com\/wp-content\/uploads\/2019\/11\/Skoda-9-Tr-6154-podporuje-generalny-strajk-v-Ceskoslovensku-200x145.jpg 200w, https:\/\/www.visitbratislava.com\/wp-content\/uploads\/2019\/11\/Skoda-9-Tr-6154-podporuje-generalny-strajk-v-Ceskoslovensku.jpg 1920w\" sizes=\"(max-width: 800px) 100vw, 800px\" \/><\/p>\n","protected":false},"excerpt":{"rendered":"<p>V r\u00e1mci spomienok na Ne\u017en\u00fa revol\u00faciu si budete m\u00f4c\u0165\u00a0v nede\u013eu 17. novembra 2019\u00a0pripomen\u00fa\u0165 dobov\u00fa atmosf\u00e9ru v uliciach aj v bratislavskej MHD. Dopravn\u00fd podnik Bratislava pri tejto pr\u00edle\u017eitosti vyprav\u00ed do ul\u00edc mesta vozidl\u00e1, ktor\u00e9 vtedy vozili \u013eud\u00ed aj na demon\u0161tr\u00e1cie. Niektor\u00e9 z t\u00fdchto vozidiel s\u00fa u\u017e v zbierke historick\u00fdch vozidiel, in\u00e9 e\u0161te be\u017ene prem\u00e1vaj\u00fa s cestuj\u00facimi [&hellip;]<\/p>\n","protected":false},"featured_media":70341,"template":"","acf":[],"event_date":{"start_date":1573948800,"end_date":1573948800},"_links":{"self":[{"href":"https:\/\/www.visitbratislava.com\/sk\/wp-json\/wp\/v2\/event\/70334"}],"collection":[{"href":"https:\/\/www.visitbratislava.com\/sk\/wp-json\/wp\/v2\/event"}],"about":[{"href":"https:\/\/www.visitbratislava.com\/sk\/wp-json\/wp\/v2\/types\/event"}],"version-history":[{"count":0,"href":"https:\/\/www.visitbratislava.com\/sk\/wp-json\/wp\/v2\/event\/70334\/revisions"}],"wp:featuredmedia":[{"embeddable":true,"href":"https:\/\/www.visitbratislava.com\/sk\/wp-json\/wp\/v2\/media\/70341"}],"wp:attachment":[{"href":"https:\/\/www.visitbratislava.com\/sk\/wp-json\/wp\/v2\/media?parent=70334"}],"curies":[{"name":"wp","href":"https:\/\/api.w.org\/{rel}","templated":true}]}}

Dobové vozidlá v premávke ako spomienka na 17. november

<div class="dokument">
<p>V rámci spomienok na Nežnú revolúciu si budete môcť <strong>v nedeľu 17. novembra 2019</strong> pripomenúť dobovú atmosféru v uliciach aj v bratislavskej MHD. Dopravný podnik Bratislava pri tejto príležitosti vypraví do ulíc mesta vozidlá, ktoré vtedy vozili ľudí aj na demonštrácie. Niektoré z týchto vozidiel sú už v zbierke historických vozidiel, iné ešte bežne premávajú s cestujúcimi aj dnes.</p>
<p>Na pripomenutie dobovej atmosféry budú aj túto nedeľu niektoré vozidlá v spolupráci so Slovenským národným múzeom vybavené dobovými transparentami a nápismi ako v roku 1989.</p>
<p>Historickými vozidlami sa budú môcť Bratislavčania bezplatne previezť napríklad k Bratislavkému hradu na výstavu o novembri 1989 <a href="https://www.visitbratislava.com/sk/podujatia/vystava-n89-cesta-k-slobode/" target="_blank" rel="noopener">N89 &#8211; Cesta k slobode</a> či okruhom po centre mesta v čase medzi 12. a 18. hodinou.</p>
<ul>
<li>Trolejbusovo-autobusová linka <span class="linka ba lN89">N89</span> bude premávať s historickými trolejbusmi a autobusom <strong>v intervale 20 minút  </strong>po trase: <strong>Nemocnica sv. Michala</strong> (Rajská) &#8211; Ondrejský cintorín &#8211; Kollárovo nám. &#8211; Hodžovo nám. &#8211; Palisády &#8211; Hrad &#8211; Mudroňova &#8211; <strong>Búdková</strong>.</li>
<li>Električková linka <span class="linka ba lN89">N89</span> bude premávať s historickými električkami okruhom po meste <strong>v intervale 20 minút</strong>  po trase: <strong>SND (Jesenského)</strong> &#8211; Námestie SNP &#8211; Obchodná &#8211; Blumentál &#8211; Vazovova &#8211; Americké námestie &#8211; Špitálska &#8211; Námestie SNP &#8211; Kapucínska &#8211; tunel &#8211; Most SNP &#8211; Mostová &#8211; <strong>SND (Jesenského)</strong>.</li>
</ul>
<p>Dobové električkové súpravy Tatra T3 budú vypravené na bežné linky <strong><span class="linka ba l3">3</span> a <span class="linka ba l9">9</span></strong> z Rače cez centrum do Ružinova, na ktorých bude platiť štandardná tarifa IDS BK. Prestup medzi oboma linkami <span class="linka ba lN89">N89</span> a linkou <span class="linka ba l9">9</span> bude možný v uzle Kollárovo námestie &#8211; Vysoká, prípadne v uzle Kamenné nám. &#8211; Nám. SNP &#8211; Nemocnica sv. Michala (tu aj linka <span class="linka ba l3">3</span>).</p>
<p>&nbsp;</p>
</div>
<p><img loading="lazy" class="alignnone wp-image-70356 size-large" src="https://www.visitbratislava.com/wp-content/uploads/2019/11/Skoda-9-Tr-6154-podporuje-generalny-strajk-v-Ceskoslovensku-800x579.jpg" alt="" width="800" height="579" srcset="https://www.visitbratislava.com/wp-content/uploads/2019/11/Skoda-9-Tr-6154-podporuje-generalny-strajk-v-Ceskoslovensku-800x579.jpg 800w, https://www.visitbratislava.com/wp-content/uploads/2019/11/Skoda-9-Tr-6154-podporuje-generalny-strajk-v-Ceskoslovensku-400x289.jpg 400w, https://www.visitbratislava.com/wp-content/uploads/2019/11/Skoda-9-Tr-6154-podporuje-generalny-strajk-v-Ceskoslovensku-768x556.jpg 768w, https://www.visitbratislava.com/wp-content/uploads/2019/11/Skoda-9-Tr-6154-podporuje-generalny-strajk-v-Ceskoslovensku-200x145.jpg 200w, https://www.visitbratislava.com/wp-content/uploads/2019/11/Skoda-9-Tr-6154-podporuje-generalny-strajk-v-Ceskoslovensku.jpg 1920w" sizes="(max-width: 800px) 100vw, 800px" /></p>

<p>V rámci spomienok na Nežnú revolúciu si budete môcť v nedeľu 17. novembra 2019 pripomenúť dobovú atmosféru v uliciach aj v bratislavskej MHD. Dopravný podnik Bratislava pri tejto príležitosti vypraví do ulíc mesta vozidlá, ktoré vtedy vozili ľudí aj na demonštrácie. Niektoré z týchto vozidiel sú už v zbierke historických vozidiel, iné ešte bežne premávajú s cestujúcimi [&hellip;]</p>
