{"id":90511,"date":"2020-08-17T10:47:21","date_gmt":"2020-08-17T08:47:21","guid":{"rendered":"https:\/\/www.visitbratislava.com\/?post_type=event&#038;p=90511\/"},"modified":"2020-08-17T11:28:28","modified_gmt":"2020-08-17T09:28:28","slug":"ivan-buffa-skladatelsky-portret-ii-2","status":"publish","type":"event","link":"https:\/\/www.visitbratislava.com\/sk\/podujatia\/ivan-buffa-skladatelsky-portret-ii-2\/","title":{"rendered":"Ivan Buffa \u2013 Skladate\u013esk\u00fd portr\u00e9t II."},"content":{"rendered":"<p>V porad\u00ed druh\u00fd autorsk\u00fd profil Ivana Buffu prin\u00e1\u0161a retrospekt\u00edvny poh\u013ead na diela, ktor\u00e9 najm\u00e4 v priebehu prvej dek\u00e1dy nov\u00e9ho mil\u00e9nia st\u00e1li pri formovan\u00ed jeho skladate\u013eskej poetiky.<\/p>\n<p>Sl\u00e1\u010dikov\u00e9 kvarteto ako \u0161tvor\u010das\u0165ov\u00fd formov\u00fd celok vznikalo nieko\u013eko rokov po\u010das vysoko\u0161kolsk\u00fdch \u0161t\u00fadi\u00ed a mo\u017eno ho pova\u017eova\u0165 za prv\u00fa autorovu rozsiahlej\u0161iu kompoz\u00edciu, reaguj\u00facu na podnety zo stredoeur\u00f3pskeho priestoru. Aria pre basov\u00fa flautu a Burlesque pre lesn\u00fd roh s\u00fa miniat\u00farami odha\u013euj\u00facimi tajomn\u00e9 z\u00e1kutia farebn\u00fdch a dynamick\u00fdch mo\u017enost\u00ed s\u00f3lov\u00e9ho n\u00e1stroja. Ich vz\u00e1jomn\u00e9 premie\u0161avanie v rozmanit\u00fdch kombin\u00e1ci\u00e1ch prin\u00e1\u0161a Trio poch\u00e1dzaj\u00face taktie\u017e zo \u0161tudentsk\u00fdch \u010dias.<\/p>\n<p>Ans\u00e1mblov\u00fd Rebirth vznikol na objedn\u00e1vku festivalu Ostravsk\u00e9 dny a znamenal definit\u00edvne potvrdenie procesu premeny autorovej skladate\u013eskej poetiky, v ktorej namiesto elimin\u00e1cie materi\u00e1lu a koncentr\u00e1cie v\u00fdrazu, a\u017e na v\u00fdnimky koncipovan\u00e9ho v\u00fdlu\u010dne do krat\u0161\u00edch farebn\u00fdch pl\u00f4ch (ako napr. v skladbe Quasars), nast\u00fapilo dynamick\u00e9 rozv\u00edjanie materi\u00e1lu, maxim\u00e1lne napl\u0148uj\u00face priestor zvukom a pohybom.<\/p>\n<p>Vstup na podujatie je bezplatn\u00fd.<\/p>\n<h3>Program:<\/h3>\n<p><strong>IVAN BUFFA<\/strong><br \/>\nQuasars (2008)<br \/>\nTrio (2003)<br \/>\nAria (2009)<br \/>\nBurlesque (2015)<br \/>\nSl\u00e1\u010dikov\u00e9 kvarteto (2001 &#8211; 2006)<br \/>\nRebirth (2011)<\/p>\n<p><strong>\u00da\u010dinkuj\u00faci:<\/strong><br \/>\nQuasars Ensemble<br \/>\nIvan Buffa, <em>dirigent<\/em><\/p>\n<p><strong>D\u00e1tum a \u010das:<\/strong> 28. 8. 2020, 19:00.<br \/>\n<strong>Miesto:<\/strong>\u00a0Mal\u00e9 koncertn\u00e9 \u0161t\u00fadio Slovensk\u00e9ho rozhlasu, M\u00fdtna 1, Bratislava.<br \/>\n<a href=\"https:\/\/www.facebook.com\/events\/300786457849845\/\">FB event<\/a>\u00a0a <a href=\"http:\/\/www.quasarsensemble.com\">webstr\u00e1nka organiz\u00e1tora<\/a>.<\/p>\n<p><strong>Upozornenie: <\/strong>vstup je mo\u017en\u00fd iba s prekryt\u00fdmi horn\u00fdmi d\u00fdchac\u00edmi cestami, pri\u010dom maxim\u00e1lny po\u010det \u00fa\u010dastn\u00edkov je 88. Po\u010das podujatia je potrebn\u00e9 dodr\u017eiava\u0165 \u0161achovnicov\u00e9 sedenie.<\/p>\n<p>Koncert je s\u00fa\u010das\u0165ou projektu Cyklus koncertov Quasars Ensemble, ktor\u00fd z verejn\u00fdch zdrojov podporil Hlavn\u00fd partner podujatia <em>Fond na podporu umenia<\/em>. S finan\u010dnou podporou Hudobn\u00e9ho fondu, Nad\u00e1cie mesta Bratislavy a Nad\u00e1cie Tatra banky.<\/p>\n","protected":false},"excerpt":{"rendered":"<p>V porad\u00ed druh\u00fd autorsk\u00fd profil Ivana Buffu prin\u00e1\u0161a retrospekt\u00edvny poh\u013ead na diela, ktor\u00e9 najm\u00e4 v priebehu prvej dek\u00e1dy nov\u00e9ho mil\u00e9nia st\u00e1li pri formovan\u00ed jeho skladate\u013eskej poetiky. Sl\u00e1\u010dikov\u00e9 kvarteto ako \u0161tvor\u010das\u0165ov\u00fd formov\u00fd celok vznikalo nieko\u013eko rokov po\u010das vysoko\u0161kolsk\u00fdch \u0161t\u00fadi\u00ed a mo\u017eno ho pova\u017eova\u0165 za prv\u00fa autorovu rozsiahlej\u0161iu kompoz\u00edciu, reaguj\u00facu na podnety zo stredoeur\u00f3pskeho priestoru. Aria pre [&hellip;]<\/p>\n","protected":false},"featured_media":90517,"template":"","acf":[],"event_date":{"start_date":1598572800,"end_date":1598572800},"_links":{"self":[{"href":"https:\/\/www.visitbratislava.com\/sk\/wp-json\/wp\/v2\/event\/90511"}],"collection":[{"href":"https:\/\/www.visitbratislava.com\/sk\/wp-json\/wp\/v2\/event"}],"about":[{"href":"https:\/\/www.visitbratislava.com\/sk\/wp-json\/wp\/v2\/types\/event"}],"version-history":[{"count":0,"href":"https:\/\/www.visitbratislava.com\/sk\/wp-json\/wp\/v2\/event\/90511\/revisions"}],"wp:featuredmedia":[{"embeddable":true,"href":"https:\/\/www.visitbratislava.com\/sk\/wp-json\/wp\/v2\/media\/90517"}],"wp:attachment":[{"href":"https:\/\/www.visitbratislava.com\/sk\/wp-json\/wp\/v2\/media?parent=90511"}],"curies":[{"name":"wp","href":"https:\/\/api.w.org\/{rel}","templated":true}]}}

Ivan Buffa – Skladateľský portrét II.

<p>V poradí druhý autorský profil Ivana Buffu prináša retrospektívny pohľad na diela, ktoré najmä v priebehu prvej dekády nového milénia stáli pri formovaní jeho skladateľskej poetiky.</p>
<p>Sláčikové kvarteto ako štvorčasťový formový celok vznikalo niekoľko rokov počas vysokoškolských štúdií a možno ho považovať za prvú autorovu rozsiahlejšiu kompozíciu, reagujúcu na podnety zo stredoeurópskeho priestoru. Aria pre basovú flautu a Burlesque pre lesný roh sú miniatúrami odhaľujúcimi tajomné zákutia farebných a dynamických možností sólového nástroja. Ich vzájomné premiešavanie v rozmanitých kombináciách prináša Trio pochádzajúce taktiež zo študentských čias.</p>
<p>Ansámblový Rebirth vznikol na objednávku festivalu Ostravské dny a znamenal definitívne potvrdenie procesu premeny autorovej skladateľskej poetiky, v ktorej namiesto eliminácie materiálu a koncentrácie výrazu, až na výnimky koncipovaného výlučne do kratších farebných plôch (ako napr. v skladbe Quasars), nastúpilo dynamické rozvíjanie materiálu, maximálne naplňujúce priestor zvukom a pohybom.</p>
<p>Vstup na podujatie je bezplatný.</p>
<h3>Program:</h3>
<p><strong>IVAN BUFFA</strong><br />
Quasars (2008)<br />
Trio (2003)<br />
Aria (2009)<br />
Burlesque (2015)<br />
Sláčikové kvarteto (2001 &#8211; 2006)<br />
Rebirth (2011)</p>
<p><strong>Účinkujúci:</strong><br />
Quasars Ensemble<br />
Ivan Buffa, <em>dirigent</em></p>
<p><strong>Dátum a čas:</strong> 28. 8. 2020, 19:00.<br />
<strong>Miesto:</strong> Malé koncertné štúdio Slovenského rozhlasu, Mýtna 1, Bratislava.<br />
<a href="https://www.facebook.com/events/300786457849845/">FB event</a> a <a href="http://www.quasarsensemble.com">webstránka organizátora</a>.</p>
<p><strong>Upozornenie: </strong>vstup je možný iba s prekrytými hornými dýchacími cestami, pričom maximálny počet účastníkov je 88. Počas podujatia je potrebné dodržiavať šachovnicové sedenie.</p>
<p>Koncert je súčasťou projektu Cyklus koncertov Quasars Ensemble, ktorý z verejných zdrojov podporil Hlavný partner podujatia <em>Fond na podporu umenia</em>. S finančnou podporou Hudobného fondu, Nadácie mesta Bratislavy a Nadácie Tatra banky.</p>

<p>V poradí druhý autorský profil Ivana Buffu prináša retrospektívny pohľad na diela, ktoré najmä v priebehu prvej dekády nového milénia stáli pri formovaní jeho skladateľskej poetiky. Sláčikové kvarteto ako štvorčasťový formový celok vznikalo niekoľko rokov počas vysokoškolských štúdií a možno ho považovať za prvú autorovu rozsiahlejšiu kompozíciu, reagujúcu na podnety zo stredoeurópskeho priestoru. Aria pre [&hellip;]</p>
