{"id":134012,"date":"2022-04-08T16:43:08","date_gmt":"2022-04-08T14:43:08","guid":{"rendered":"https:\/\/www.visitbratislava.com\/?page_id=134012"},"modified":"2022-04-16T00:39:26","modified_gmt":"2022-04-15T22:39:26","slug":"kam-v-piatok","status":"publish","type":"page","link":"https:\/\/www.visitbratislava.com\/sk\/bratislavske-mestske-dni\/kam-v-piatok\/","title":{"rendered":"Kam v piatok"},"content":{"rendered":"<h3>GAL\u00c9RIA MESTA BRATISLAVY<\/h3>\n<p><strong>Odfo\u0165te sa so starou pre\u0161porskou rodinou<\/strong><br \/>\n22. &#8211; 24. 4. 2022, 11:00 &#8211; 18:00<br \/>\nP\u00e1lffyho pal\u00e1c, Pansk\u00e1 19<br \/>\nVstup: zdarma<br \/>\nPr\u00ed\u010fte na v\u00fdstavu spravi\u0165 si portr\u00e9t so zn\u00e1mou pre\u0161porskou rodinou. Zoberte cel\u00fa rodinu do P\u00e1llfyho pal\u00e1ca a zozn\u00e1mte sa s Filipom, Annou Barbarou a ich deviatimi de\u0165mi<\/p>\n<p><strong>Rohy v rohu<\/strong><br \/>\n22. &#8211; 24. 4. 2022, 11:00 &#8211; 18:00<br \/>\nMirbachov pal\u00e1c, Franti\u0161k\u00e1nske n\u00e1mestie 11<br \/>\nV gal\u00e9rii sa objavili nov\u00ed n\u00e1v\u0161tevn\u00edci z r\u00ed\u0161e zvierat. Zapojte sa do p\u00e1tracej akcie po s\u00e1lach, chodb\u00e1ch, schodisku, z\u00e1kutiach a n\u00e1jdite v\u0161etky poschov\u00e1van\u00e9 kopytn\u00edky, \u0161elmy, opice, plazy \u010di vt\u00e1ky. Za odmenu dostanete sklada\u010dku, vhodn\u00fd domov pre va\u0161e \u201c\u00falovky\u201d<\/p>\n<p><strong>Verejn\u00fd odpo\u010det 2021<\/strong><br \/>\n22. &#8211; 24. 4. 2022, 11:00 &#8211; 18:00<br \/>\nAteli\u00e9r GMB, Mirbachov pal\u00e1c, Franti\u0161k\u00e1nske n\u00e1mestie 11<br \/>\nPremietanie kr\u00e1tkeho videa o \u010dinnosti gal\u00e9rie za rok 2021.<br \/>\nRozhovor s riadite\u013ekou Gal\u00e9rie mesta Bratislavy Katar\u00ednou Trnovskou<\/p>\n<p><strong>Bratislavsk\u00fd holub estetick\u00fd (z cyklu S ko\u010d\u00edkom do gal\u00e9rie)<\/strong><br \/>\n22. 4. 2022, 10:00<br \/>\nMirbachov pal\u00e1c, Franti\u0161k\u00e1nske n\u00e1mestie 11<br \/>\nProgram pre rodi\u010dov na materskej dovolenke. Pr\u00ed\u010fte aj s die\u0165a\u0165om do in\u0161pirat\u00edvneho galerijn\u00e9ho prostredia na lektorsk\u00fd v\u00fdklad k v\u00fdstave bratislavsk\u00e9ho v\u00fdtvarn\u00edka Petra Barto\u0161a. O die\u0165a sa pom\u00f4\u017eu postara\u0165 opatrovate\u013eky, program pripravujeme v spolupr\u00e1ci s Bratislavsk\u00fdm dobrovo\u013en\u00edckym centrom. Rezerv\u00e1cia je potrebn\u00e1 <a href=\"https:\/\/forms.gle\/symgW31E2s8tQyRD7\" target=\"_blank\" rel=\"noopener\">tu<\/a>:<\/p>\n<p><strong>Uvedenie autorskej knihy De\u0148<\/strong><br \/>\n22. 4. 2022, 17:00 &#8211; 20:00<br \/>\nAteli\u00e9r GMB, Mirbachov pal\u00e1c, Franti\u0161k\u00e1nske n\u00e1mestie 11<br \/>\nNajnov\u0161ia kniha z dielne Gal\u00e9rie mesta Bratislavy vznikla s cie\u013eom zachyti\u0165 paraleln\u00e9, nen\u00e1padn\u00e9 a\u017e int\u00edmne hist\u00f3rie umeleckej in\u0161tit\u00facie a prostredn\u00edctvom umeleck\u00e9ho pr\u00edstupu doplni\u0165 ofici\u00e1lny pr\u00edbeh GMB z pr\u00edstupnej, doposia\u013e nevidenej perspekt\u00edvy. Fotografick\u00e1 esej zachyt\u00e1va ka\u017edodennos\u0165 v gal\u00e9rii, ktorej s\u00fa\u010das\u0165ou s\u00fa umelci a umelkyne, zamestnanci a zamestnankyne, n\u00e1v\u0161tevn\u00edci a n\u00e1v\u0161tevn\u00ed\u010dky, a v neposlednom rade aj ne\u013eudsk\u00fd \u017eivot galerijnej veget\u00e1cie. Hos\u0165kami diskusie bud\u00fa v\u00fdtvarn\u00ed\u010dka a autorka knihy DE\u0147 Katar\u00edna Polia\u010d\u00edkov\u00e1 a riadite\u013eka GMB Katar\u00edna Trnovsk\u00e1. Diskusiu o vzniku knihy bude moderova\u0165 Zuzana Bodn\u00e1rov\u00e1<\/p>\n<p>&nbsp;<\/p>\n<h3>MESTSK\u00c9 LESY<\/h3>\n<p><a href=\"https:\/\/www.visitbratislava.com\/sk\/podujatia\/lesnicke-dni\/\" target=\"_blank\" rel=\"noopener\"><strong>Lesn\u00edcke dni<\/strong><\/a><br \/>\n22. &#8211; 23. 4. 2022, 09:30 &#8211; 17:00<br \/>\nPartiz\u00e1nska l\u00faka<br \/>\nLesn\u00edcke dni s\u00fa celoslovensk\u00fdm podujat\u00edm ur\u010den\u00fdm v\u0161etk\u00fdm, ktor\u00ed miluj\u00fa slovensk\u00e9 lesy a pr\u00edrodu. Cie\u013eom podujatia je akt\u00edvne prezentova\u0165 lesy, ochranu pr\u00edrody i lesn\u00e9 hospod\u00e1rstvo formou r\u00f4znorod\u00fdch podujat\u00ed, programov a aktiv\u00edt lesnej pedagogiky. Na Partiz\u00e1nskej l\u00fake sa od 9:30 do 15:30 bude kona\u0165 program z n\u00e1zvom Po\u00e9zia dreva. Podujatia sa z\u00fa\u010dastnia lesn\u00edcke organiz\u00e1cie, organiz\u00e1cie ochrany pr\u00edrody, v\u010del\u00e1ri, po\u013eovn\u00edcke zdru\u017eenie.<br \/>\n<em>Program:<\/em><br \/>\nS\u00fa\u0165a\u017ee pre deti do 15:00<br \/>\nPrehliadka po\u013eovn\u00fdch psov o 9:00<br \/>\nHrajme sa s drevom \u2013 aktivity lesnej pedagogiky<br \/>\nDajme drevu druh\u00fa \u0161ancu! \u2013 tvoriv\u00e9 dielne a technick\u00e1 pr\u00e1ca s drevom<br \/>\nZ denn\u00edka lesn\u00edka \u2013 Mil\u00ed moji kamar\u00e1ti<br \/>\nLes ukryt\u00fd v knihe &#8211; Slovom i krokom po Dendrologickom chodn\u00edku 11:00, 13:00 zraz pri vatre<br \/>\n20 rokov PEFC Slovensko<br \/>\nUk\u00e1\u017eky lesn\u00edckych \u010dinnost\u00ed, po\u013eovn\u00edctva, v\u010del\u00e1rstva, tradi\u010dn\u00e9ho b\u00e1bkov\u00e9ho divadla Teatro Carnevalo &#8211; Ga\u0161parko a z\u00e1zra\u010dn\u00e1 skrinka.<br \/>\nSokoliarske vyst\u00fapenie<br \/>\nZvieratk\u00e1 z biofarmy<br \/>\n15:30 Vatra<br \/>\n16:00 Koncert hudobnej skupiny<\/p>\n","protected":false},"excerpt":{"rendered":"<p>GAL\u00c9RIA MESTA BRATISLAVY Odfo\u0165te sa so starou pre\u0161porskou rodinou 22. &#8211; 24. 4. 2022, 11:00 &#8211; 18:00 P\u00e1lffyho pal\u00e1c, Pansk\u00e1 19 Vstup: zdarma Pr\u00ed\u010fte na v\u00fdstavu spravi\u0165 si portr\u00e9t so zn\u00e1mou pre\u0161porskou rodinou. Zoberte cel\u00fa rodinu do P\u00e1llfyho pal\u00e1ca a zozn\u00e1mte sa s Filipom, Annou Barbarou a ich deviatimi de\u0165mi Rohy v rohu 22. &#8211; [&hellip;]<\/p>\n","protected":false},"author":32,"featured_media":134420,"parent":133997,"menu_order":0,"comment_status":"closed","ping_status":"closed","template":"","meta":[],"acf":[],"_links":{"self":[{"href":"https:\/\/www.visitbratislava.com\/sk\/wp-json\/wp\/v2\/pages\/134012"}],"collection":[{"href":"https:\/\/www.visitbratislava.com\/sk\/wp-json\/wp\/v2\/pages"}],"about":[{"href":"https:\/\/www.visitbratislava.com\/sk\/wp-json\/wp\/v2\/types\/page"}],"author":[{"embeddable":true,"href":"https:\/\/www.visitbratislava.com\/sk\/wp-json\/wp\/v2\/users\/32"}],"replies":[{"embeddable":true,"href":"https:\/\/www.visitbratislava.com\/sk\/wp-json\/wp\/v2\/comments?post=134012"}],"version-history":[{"count":6,"href":"https:\/\/www.visitbratislava.com\/sk\/wp-json\/wp\/v2\/pages\/134012\/revisions"}],"predecessor-version":[{"id":135077,"href":"https:\/\/www.visitbratislava.com\/sk\/wp-json\/wp\/v2\/pages\/134012\/revisions\/135077"}],"up":[{"embeddable":true,"href":"https:\/\/www.visitbratislava.com\/sk\/wp-json\/wp\/v2\/pages\/133997"}],"wp:featuredmedia":[{"embeddable":true,"href":"https:\/\/www.visitbratislava.com\/sk\/wp-json\/wp\/v2\/media\/134420"}],"wp:attachment":[{"href":"https:\/\/www.visitbratislava.com\/sk\/wp-json\/wp\/v2\/media?parent=134012"}],"curies":[{"name":"wp","href":"https:\/\/api.w.org\/{rel}","templated":true}]}}

<h3>GALÉRIA MESTA BRATISLAVY</h3>
<p><strong>Odfoťte sa so starou prešporskou rodinou</strong><br />
22. &#8211; 24. 4. 2022, 11:00 &#8211; 18:00<br />
Pálffyho palác, Panská 19<br />
Vstup: zdarma<br />
Príďte na výstavu spraviť si portrét so známou prešporskou rodinou. Zoberte celú rodinu do Pállfyho paláca a zoznámte sa s Filipom, Annou Barbarou a ich deviatimi deťmi</p>
<p><strong>Rohy v rohu</strong><br />
22. &#8211; 24. 4. 2022, 11:00 &#8211; 18:00<br />
Mirbachov palác, Františkánske námestie 11<br />
V galérii sa objavili noví návštevníci z ríše zvierat. Zapojte sa do pátracej akcie po sálach, chodbách, schodisku, zákutiach a nájdite všetky poschovávané kopytníky, šelmy, opice, plazy či vtáky. Za odmenu dostanete skladačku, vhodný domov pre vaše “úlovky”</p>
<p><strong>Verejný odpočet 2021</strong><br />
22. &#8211; 24. 4. 2022, 11:00 &#8211; 18:00<br />
Ateliér GMB, Mirbachov palác, Františkánske námestie 11<br />
Premietanie krátkeho videa o činnosti galérie za rok 2021.<br />
Rozhovor s riaditeľkou Galérie mesta Bratislavy Katarínou Trnovskou</p>
<p><strong>Bratislavský holub estetický (z cyklu S kočíkom do galérie)</strong><br />
22. 4. 2022, 10:00<br />
Mirbachov palác, Františkánske námestie 11<br />
Program pre rodičov na materskej dovolenke. Príďte aj s dieťaťom do inšpiratívneho galerijného prostredia na lektorský výklad k výstave bratislavského výtvarníka Petra Bartoša. O dieťa sa pomôžu postarať opatrovateľky, program pripravujeme v spolupráci s Bratislavským dobrovoľníckym centrom. Rezervácia je potrebná <a href="https://forms.gle/symgW31E2s8tQyRD7" target="_blank" rel="noopener">tu</a>:</p>
<p><strong>Uvedenie autorskej knihy Deň</strong><br />
22. 4. 2022, 17:00 &#8211; 20:00<br />
Ateliér GMB, Mirbachov palác, Františkánske námestie 11<br />
Najnovšia kniha z dielne Galérie mesta Bratislavy vznikla s cieľom zachytiť paralelné, nenápadné až intímne histórie umeleckej inštitúcie a prostredníctvom umeleckého prístupu doplniť oficiálny príbeh GMB z prístupnej, doposiaľ nevidenej perspektívy. Fotografická esej zachytáva každodennosť v galérii, ktorej súčasťou sú umelci a umelkyne, zamestnanci a zamestnankyne, návštevníci a návštevníčky, a v neposlednom rade aj neľudský život galerijnej vegetácie. Hosťkami diskusie budú výtvarníčka a autorka knihy DEŇ Katarína Poliačíková a riaditeľka GMB Katarína Trnovská. Diskusiu o vzniku knihy bude moderovať Zuzana Bodnárová</p>
<p>&nbsp;</p>
<h3>MESTSKÉ LESY</h3>
<p><a href="https://www.visitbratislava.com/sk/podujatia/lesnicke-dni/" target="_blank" rel="noopener"><strong>Lesnícke dni</strong></a><br />
22. &#8211; 23. 4. 2022, 09:30 &#8211; 17:00<br />
Partizánska lúka<br />
Lesnícke dni sú celoslovenským podujatím určeným všetkým, ktorí milujú slovenské lesy a prírodu. Cieľom podujatia je aktívne prezentovať lesy, ochranu prírody i lesné hospodárstvo formou rôznorodých podujatí, programov a aktivít lesnej pedagogiky. Na Partizánskej lúke sa od 9:30 do 15:30 bude konať program z názvom Poézia dreva. Podujatia sa zúčastnia lesnícke organizácie, organizácie ochrany prírody, včelári, poľovnícke združenie.<br />
<em>Program:</em><br />
Súťaže pre deti do 15:00<br />
Prehliadka poľovných psov o 9:00<br />
Hrajme sa s drevom – aktivity lesnej pedagogiky<br />
Dajme drevu druhú šancu! – tvorivé dielne a technická práca s drevom<br />
Z denníka lesníka – Milí moji kamaráti<br />
Les ukrytý v knihe &#8211; Slovom i krokom po Dendrologickom chodníku 11:00, 13:00 zraz pri vatre<br />
20 rokov PEFC Slovensko<br />
Ukážky lesníckych činností, poľovníctva, včelárstva, tradičného bábkového divadla Teatro Carnevalo &#8211; Gašparko a zázračná skrinka.<br />
Sokoliarske vystúpenie<br />
Zvieratká z biofarmy<br />
15:30 Vatra<br />
16:00 Koncert hudobnej skupiny</p>

<p>GALÉRIA MESTA BRATISLAVY Odfoťte sa so starou prešporskou rodinou 22. &#8211; 24. 4. 2022, 11:00 &#8211; 18:00 Pálffyho palác, Panská 19 Vstup: zdarma Príďte na výstavu spraviť si portrét so známou prešporskou rodinou. Zoberte celú rodinu do Pállfyho paláca a zoznámte sa s Filipom, Annou Barbarou a ich deviatimi deťmi Rohy v rohu 22. &#8211; [&hellip;]</p>
