{"id":139827,"date":"2022-06-02T15:54:19","date_gmt":"2022-06-02T13:54:19","guid":{"rendered":"https:\/\/www.visitbratislava.com\/?page_id=139827"},"modified":"2024-05-16T15:51:01","modified_gmt":"2024-05-16T13:51:01","slug":"tematicke-prehliadky-pocas-vikendu-otvorenych-parkov-a-zahrad","status":"publish","type":"page","link":"https:\/\/www.visitbratislava.com\/sk\/vikend-otvorenych-parkov-a-zahrad\/tematicke-prehliadky-pocas-vikendu-otvorenych-parkov-a-zahrad\/","title":{"rendered":"Tematick\u00e9 prehliadky"},"content":{"rendered":"<p>Za\u010diatok j\u00fana tento rok patr\u00ed<strong> be\u017ene nepr\u00edstupn\u00fdm miestam pln\u00fdch zelene<\/strong>. B\u00fdvaj\u00fa v\u0161ak \u010dastokr\u00e1t skryt\u00e9 pred zrakmi verejnosti. V\u00edkend venovan\u00fd parkom a z\u00e1hrad\u00e1m otv\u00e1ra aj tieto inak nedostupn\u00e9 miesta a d\u00e1va mo\u017enos\u0165 vychutna\u0165 si ich atmosf\u00e9ru so skvel\u00fdm v\u00fdkladom sprievodcov. <a href=\"https:\/\/www.vopz.sk\/tematicke-prehliadky-s-odbornym-sprievodcom\" target=\"_blank\" rel=\"noopener\">Rezervujte si svoje miesto aj vy!<\/a><\/p>\n<p><a class=\"cta-button\" href=\"https:\/\/www.visitbratislava.com\/wp-content\/uploads\/2021\/06\/Program-Vikendu-otvorenych-parkov-a-zahrad-BA.pdf\" target=\"_blank\" rel=\"noopener\">Program v parkoch a z\u00e1hrad\u00e1ch v Bratislave<\/a><\/p>\n<h3>HUDBA A Z\u00c1HRADY<\/h3>\n<table class=\"table table-bordered table-condensed\" style=\"width: 21.0987%;\">\n<tbody>\n<tr>\n<td style=\"width: 23.3533%;\"><em><a href=\"https:\/\/www.vopz.sk\/termin\/109\" target=\"_blank\" rel=\"noopener\">01.06.2024<\/a><\/em><\/td>\n<td style=\"width: 16.7665%;\"><em>Sobota<\/em><\/td>\n<td style=\"width: 30.2395%;\"><em>10:00 &#8211; 12:30<\/em><\/td>\n<td style=\"width: 26.9461%;\" align=\"center\"><em><a class=\"btn btn-xs btn-success\" href=\"https:\/\/www.vopz.sk\/termin\/109\" target=\"_blank\" rel=\"noopener\">OBJEDNA\u0164<\/a><\/em><\/td>\n<\/tr>\n<\/tbody>\n<\/table>\n<p>Aj ve\u013ek\u00ed hudobn\u00edci hlavn\u00e9ho mesta h\u013eadali in\u0161pir\u00e1ciu a energiu v z\u00e1hrad\u00e1ch. Po ich stop\u00e1ch sa vyberiete spolu so sprievodky\u0148ou Zuzkou God\u00e1rovou, ktor\u00e1 sa \u0161pecializuje na hudbu. <a href=\"https:\/\/www.vopz.sk\/trasa\/27-hudba-a-zahrady\" target=\"_blank\" rel=\"noopener\">VIAC<\/a><\/p>\n<p>Pe\u0161ia trasa obsahuje tieto zast\u00e1vky\/z\u00e1hrady:<\/p>\n<ul>\n<li>S\u00fakromn\u00e1 z\u00e1hrada b\u00fdval\u00e9ho P\u00e1lffyho pal\u00e1ca<\/li>\n<li>Lisztova z\u00e1hrada<\/li>\n<li>Z\u00e1hrada Domu Albrechtovcov<\/li>\n<li>Grassalkovichova z\u00e1hrada (dnes Prezidentsk\u00e1 z\u00e1hrada)<\/li>\n<li>Z\u00e1hrada Arcibiskupsk\u00e9ho letohr\u00e1dku &#8211; poh\u013ead na pal\u00e1c a z\u00e1hradu zvonku<\/li>\n<\/ul>\n<p><img loading=\"lazy\" width=\"720\" height=\"405\" class=\"alignnone size-full wp-image-243047\" src=\"https:\/\/www.visitbratislava.com\/wp-content\/uploads\/2023\/05\/muza-pre-hudbu.jpg\" alt=\"\" srcset=\"https:\/\/www.visitbratislava.com\/wp-content\/uploads\/2023\/05\/muza-pre-hudbu.jpg 720w, https:\/\/www.visitbratislava.com\/wp-content\/uploads\/2023\/05\/muza-pre-hudbu-400x225.jpg 400w, https:\/\/www.visitbratislava.com\/wp-content\/uploads\/2023\/05\/muza-pre-hudbu-200x113.jpg 200w\" sizes=\"(max-width: 720px) 100vw, 720px\" \/> <em><span style=\"font-size: 8pt;\">Foto: VOPZ<\/span><\/em><\/p>\n<h3>Pal\u00e1cov\u00e9 z\u00e1hrady &#8211; sl\u00e1vne z\u00e1hrady Uhorska<\/h3>\n<table class=\"table table-bordered table-condensed\">\n<tbody>\n<tr>\n<td><\/td>\n<td><\/td>\n<td><\/td>\n<td align=\"center\"><\/td>\n<\/tr>\n<tr>\n<td><em><a href=\"https:\/\/www.vopz.sk\/termin\/113\" target=\"_blank\" rel=\"noopener\">02.06.2024<\/a><\/em><\/td>\n<td><em>Nede\u013ea<\/em><\/td>\n<td><em>14:00 &#8211; 16:30<\/em><\/td>\n<td align=\"center\"><em><a class=\"btn btn-xs btn-success\" href=\"https:\/\/www.vopz.sk\/termin\/113\" target=\"_blank\" rel=\"noopener\">OBJEDNA\u0164<\/a><\/em><\/td>\n<\/tr>\n<\/tbody>\n<\/table>\n<p>Pal\u00e1cov\u00e9 z\u00e1hrady v niekdaj\u0161om Pre\u0161porku boli kedysi ve\u013ekou p\u00fdchou nie len svojich majite\u013eov. Ich kr\u00e1sa a ve\u013ekolepos\u0165 boli zn\u00e1me v celom Uhorsku. Po\u010das tejto prehliadky sa dozviete, ako kedysi pal\u00e1cov\u00e9 z\u00e1hrady vyzerali, ako vznikali a ako menili svoju podobu, a to nie len po\u010das ro\u010dn\u00fdch obdob\u00ed, ale i zmenou dobovej m\u00f3dy. <a href=\"https:\/\/www.vopz.sk\/trasa\/13-palacove-zahrady-slavne-zahrady-uhorska?fbclid=IwAR0EitdtcDcG1EfvWQrfHAAH7SQP8Mjsuj-OHKwoSeEqdkcHlKPptYFRWzo\" target=\"_blank\" rel=\"noopener\">VIAC<\/a><\/p>\n<p><img loading=\"lazy\" width=\"800\" height=\"534\" class=\"alignnone size-large wp-image-45517\" src=\"https:\/\/www.visitbratislava.com\/wp-content\/uploads\/2017\/10\/DSC_9923-800x534.jpg\" alt=\"\" srcset=\"https:\/\/www.visitbratislava.com\/wp-content\/uploads\/2017\/10\/DSC_9923-800x534.jpg 800w, https:\/\/www.visitbratislava.com\/wp-content\/uploads\/2017\/10\/DSC_9923-400x267.jpg 400w, https:\/\/www.visitbratislava.com\/wp-content\/uploads\/2017\/10\/DSC_9923-768x513.jpg 768w, https:\/\/www.visitbratislava.com\/wp-content\/uploads\/2017\/10\/DSC_9923-200x133.jpg 200w\" sizes=\"(max-width: 800px) 100vw, 800px\" \/><\/p>\n<h3>OD SLAV\u00cdNA CEZ PR\u00dcGER-WALLNEROVU Z\u00c1HRADU A\u017d DO LURDSKEJ JASKYNE<\/h3>\n<p><a href=\"https:\/\/www.vopz.sk\/termin\/100\">01.06.2024<\/a>Sobota11:00 &#8211; 13:30<a class=\"btn btn-xs btn-success\" href=\"https:\/\/www.vopz.sk\/termin\/100\">OBJEDNA\u0164<\/a><a href=\"https:\/\/www.vopz.sk\/termin\/101\">01.06.2024<\/a>Sobota15:00 &#8211; 17:30<a class=\"btn btn-xs btn-success\" href=\"https:\/\/www.vopz.sk\/termin\/101\">OBJEDNA\u0164<\/a><a href=\"https:\/\/www.vopz.sk\/termin\/102\">02.06.2024<\/a>Nede\u013ea11:00 &#8211; 13:30<a class=\"btn btn-xs btn-success\" href=\"https:\/\/www.vopz.sk\/termin\/102\">OBJEDNA\u0164<\/a><a href=\"https:\/\/www.vopz.sk\/termin\/103\">02.06.2024<\/a>Nede\u013ea15:00 &#8211; 17:30<a class=\"btn btn-xs btn-success\" href=\"https:\/\/www.vopz.sk\/termin\/103\">OBJEDNA\u0164<\/a><\/p>\n<p>Okolie bratislavsk\u00e9ho Slav\u00edna sa p\u00fd\u0161i nie len honosn\u00fdmi vilami. V zeleni sa tu ukr\u00fdva viacero pam\u00e4tn\u00edkov a umeleck\u00fdch diel, ktor\u00e9 v\u00e1m po\u010das tejto prehliadky predstav\u00ed sprievodky\u0148a cez ich pr\u00edbehy. <a href=\"https:\/\/www.vopz.sk\/trasa\/28-od-slavina-cez-pruger-wallnerovu-zahradu-az-do-lurdskej-jaskyne?fbclid=IwAR3Y4H61MD7XOwLPWcog-7rR4q9BhXLdH5WzhA2Y6qRVO15yN36p2bqgy44\" target=\"_blank\" rel=\"noopener\">VIAC<\/a><\/p>\n<p><img loading=\"lazy\" width=\"800\" height=\"258\" class=\"alignnone size-large wp-image-217653\" src=\"https:\/\/www.visitbratislava.com\/wp-content\/uploads\/2023\/01\/Skymove_2022_dron_slavin_green_panorama_leto_vyhlad_obloha_nevyhradna-licencia_banner-800x258.jpg\" alt=\"\" srcset=\"https:\/\/www.visitbratislava.com\/wp-content\/uploads\/2023\/01\/Skymove_2022_dron_slavin_green_panorama_leto_vyhlad_obloha_nevyhradna-licencia_banner-800x258.jpg 800w, https:\/\/www.visitbratislava.com\/wp-content\/uploads\/2023\/01\/Skymove_2022_dron_slavin_green_panorama_leto_vyhlad_obloha_nevyhradna-licencia_banner-400x129.jpg 400w, https:\/\/www.visitbratislava.com\/wp-content\/uploads\/2023\/01\/Skymove_2022_dron_slavin_green_panorama_leto_vyhlad_obloha_nevyhradna-licencia_banner-768x248.jpg 768w, https:\/\/www.visitbratislava.com\/wp-content\/uploads\/2023\/01\/Skymove_2022_dron_slavin_green_panorama_leto_vyhlad_obloha_nevyhradna-licencia_banner-200x65.jpg 200w, https:\/\/www.visitbratislava.com\/wp-content\/uploads\/2023\/01\/Skymove_2022_dron_slavin_green_panorama_leto_vyhlad_obloha_nevyhradna-licencia_banner.jpg 1418w\" sizes=\"(max-width: 800px) 100vw, 800px\" \/><\/p>\n","protected":false},"excerpt":{"rendered":"<p>Vyberte sa spozn\u00e1va\u0165 poklady Bratislavy so zauj\u00edmav\u00fdm v\u00fdkladom <\/p>\n","protected":false},"author":32,"featured_media":139828,"parent":139814,"menu_order":0,"comment_status":"closed","ping_status":"closed","template":"","meta":[],"acf":[],"_links":{"self":[{"href":"https:\/\/www.visitbratislava.com\/sk\/wp-json\/wp\/v2\/pages\/139827"}],"collection":[{"href":"https:\/\/www.visitbratislava.com\/sk\/wp-json\/wp\/v2\/pages"}],"about":[{"href":"https:\/\/www.visitbratislava.com\/sk\/wp-json\/wp\/v2\/types\/page"}],"author":[{"embeddable":true,"href":"https:\/\/www.visitbratislava.com\/sk\/wp-json\/wp\/v2\/users\/32"}],"replies":[{"embeddable":true,"href":"https:\/\/www.visitbratislava.com\/sk\/wp-json\/wp\/v2\/comments?post=139827"}],"version-history":[{"count":17,"href":"https:\/\/www.visitbratislava.com\/sk\/wp-json\/wp\/v2\/pages\/139827\/revisions"}],"predecessor-version":[{"id":295116,"href":"https:\/\/www.visitbratislava.com\/sk\/wp-json\/wp\/v2\/pages\/139827\/revisions\/295116"}],"up":[{"embeddable":true,"href":"https:\/\/www.visitbratislava.com\/sk\/wp-json\/wp\/v2\/pages\/139814"}],"wp:featuredmedia":[{"embeddable":true,"href":"https:\/\/www.visitbratislava.com\/sk\/wp-json\/wp\/v2\/media\/139828"}],"wp:attachment":[{"href":"https:\/\/www.visitbratislava.com\/sk\/wp-json\/wp\/v2\/media?parent=139827"}],"curies":[{"name":"wp","href":"https:\/\/api.w.org\/{rel}","templated":true}]}}

Tematické prehliadky

<p>Začiatok júna tento rok patrí<strong> bežne neprístupným miestam plných zelene</strong>. Bývajú však častokrát skryté pred zrakmi verejnosti. Víkend venovaný parkom a záhradám otvára aj tieto inak nedostupné miesta a dáva možnosť vychutnať si ich atmosféru so skvelým výkladom sprievodcov. <a href="https://www.vopz.sk/tematicke-prehliadky-s-odbornym-sprievodcom" target="_blank" rel="noopener">Rezervujte si svoje miesto aj vy!</a></p>
<p><a class="cta-button" href="https://www.visitbratislava.com/wp-content/uploads/2021/06/Program-Vikendu-otvorenych-parkov-a-zahrad-BA.pdf" target="_blank" rel="noopener">Program v parkoch a záhradách v Bratislave</a></p>
<h3>HUDBA A ZÁHRADY</h3>
<table class="table table-bordered table-condensed" style="width: 21.0987%;">
<tbody>
<tr>
<td style="width: 23.3533%;"><em><a href="https://www.vopz.sk/termin/109" target="_blank" rel="noopener">01.06.2024</a></em></td>
<td style="width: 16.7665%;"><em>Sobota</em></td>
<td style="width: 30.2395%;"><em>10:00 &#8211; 12:30</em></td>
<td style="width: 26.9461%;" align="center"><em><a class="btn btn-xs btn-success" href="https://www.vopz.sk/termin/109" target="_blank" rel="noopener">OBJEDNAŤ</a></em></td>
</tr>
</tbody>
</table>
<p>Aj veľkí hudobníci hlavného mesta hľadali inšpiráciu a energiu v záhradách. Po ich stopách sa vyberiete spolu so sprievodkyňou Zuzkou Godárovou, ktorá sa špecializuje na hudbu. <a href="https://www.vopz.sk/trasa/27-hudba-a-zahrady" target="_blank" rel="noopener">VIAC</a></p>
<p>Pešia trasa obsahuje tieto zastávky/záhrady:</p>
<ul>
<li>Súkromná záhrada bývalého Pálffyho paláca</li>
<li>Lisztova záhrada</li>
<li>Záhrada Domu Albrechtovcov</li>
<li>Grassalkovichova záhrada (dnes Prezidentská záhrada)</li>
<li>Záhrada Arcibiskupského letohrádku &#8211; pohľad na palác a záhradu zvonku</li>
</ul>
<p><img loading="lazy" width="720" height="405" class="alignnone size-full wp-image-243047" src="https://www.visitbratislava.com/wp-content/uploads/2023/05/muza-pre-hudbu.jpg" alt="" srcset="https://www.visitbratislava.com/wp-content/uploads/2023/05/muza-pre-hudbu.jpg 720w, https://www.visitbratislava.com/wp-content/uploads/2023/05/muza-pre-hudbu-400x225.jpg 400w, https://www.visitbratislava.com/wp-content/uploads/2023/05/muza-pre-hudbu-200x113.jpg 200w" sizes="(max-width: 720px) 100vw, 720px" /> <em><span style="font-size: 8pt;">Foto: VOPZ</span></em></p>
<h3>Palácové záhrady &#8211; slávne záhrady Uhorska</h3>
<table class="table table-bordered table-condensed">
<tbody>
<tr>
<td></td>
<td></td>
<td></td>
<td align="center"></td>
</tr>
<tr>
<td><em><a href="https://www.vopz.sk/termin/113" target="_blank" rel="noopener">02.06.2024</a></em></td>
<td><em>Nedeľa</em></td>
<td><em>14:00 &#8211; 16:30</em></td>
<td align="center"><em><a class="btn btn-xs btn-success" href="https://www.vopz.sk/termin/113" target="_blank" rel="noopener">OBJEDNAŤ</a></em></td>
</tr>
</tbody>
</table>
<p>Palácové záhrady v niekdajšom Prešporku boli kedysi veľkou pýchou nie len svojich majiteľov. Ich krása a veľkoleposť boli známe v celom Uhorsku. Počas tejto prehliadky sa dozviete, ako kedysi palácové záhrady vyzerali, ako vznikali a ako menili svoju podobu, a to nie len počas ročných období, ale i zmenou dobovej módy. <a href="https://www.vopz.sk/trasa/13-palacove-zahrady-slavne-zahrady-uhorska?fbclid=IwAR0EitdtcDcG1EfvWQrfHAAH7SQP8Mjsuj-OHKwoSeEqdkcHlKPptYFRWzo" target="_blank" rel="noopener">VIAC</a></p>
<p><img loading="lazy" width="800" height="534" class="alignnone size-large wp-image-45517" src="https://www.visitbratislava.com/wp-content/uploads/2017/10/DSC_9923-800x534.jpg" alt="" srcset="https://www.visitbratislava.com/wp-content/uploads/2017/10/DSC_9923-800x534.jpg 800w, https://www.visitbratislava.com/wp-content/uploads/2017/10/DSC_9923-400x267.jpg 400w, https://www.visitbratislava.com/wp-content/uploads/2017/10/DSC_9923-768x513.jpg 768w, https://www.visitbratislava.com/wp-content/uploads/2017/10/DSC_9923-200x133.jpg 200w" sizes="(max-width: 800px) 100vw, 800px" /></p>
<h3>OD SLAVÍNA CEZ PRÜGER-WALLNEROVU ZÁHRADU AŽ DO LURDSKEJ JASKYNE</h3>
<p><a href="https://www.vopz.sk/termin/100">01.06.2024</a>Sobota11:00 &#8211; 13:30<a class="btn btn-xs btn-success" href="https://www.vopz.sk/termin/100">OBJEDNAŤ</a><a href="https://www.vopz.sk/termin/101">01.06.2024</a>Sobota15:00 &#8211; 17:30<a class="btn btn-xs btn-success" href="https://www.vopz.sk/termin/101">OBJEDNAŤ</a><a href="https://www.vopz.sk/termin/102">02.06.2024</a>Nedeľa11:00 &#8211; 13:30<a class="btn btn-xs btn-success" href="https://www.vopz.sk/termin/102">OBJEDNAŤ</a><a href="https://www.vopz.sk/termin/103">02.06.2024</a>Nedeľa15:00 &#8211; 17:30<a class="btn btn-xs btn-success" href="https://www.vopz.sk/termin/103">OBJEDNAŤ</a></p>
<p>Okolie bratislavského Slavína sa pýši nie len honosnými vilami. V zeleni sa tu ukrýva viacero pamätníkov a umeleckých diel, ktoré vám počas tejto prehliadky predstaví sprievodkyňa cez ich príbehy. <a href="https://www.vopz.sk/trasa/28-od-slavina-cez-pruger-wallnerovu-zahradu-az-do-lurdskej-jaskyne?fbclid=IwAR3Y4H61MD7XOwLPWcog-7rR4q9BhXLdH5WzhA2Y6qRVO15yN36p2bqgy44" target="_blank" rel="noopener">VIAC</a></p>
<p><img loading="lazy" width="800" height="258" class="alignnone size-large wp-image-217653" src="https://www.visitbratislava.com/wp-content/uploads/2023/01/Skymove_2022_dron_slavin_green_panorama_leto_vyhlad_obloha_nevyhradna-licencia_banner-800x258.jpg" alt="" srcset="https://www.visitbratislava.com/wp-content/uploads/2023/01/Skymove_2022_dron_slavin_green_panorama_leto_vyhlad_obloha_nevyhradna-licencia_banner-800x258.jpg 800w, https://www.visitbratislava.com/wp-content/uploads/2023/01/Skymove_2022_dron_slavin_green_panorama_leto_vyhlad_obloha_nevyhradna-licencia_banner-400x129.jpg 400w, https://www.visitbratislava.com/wp-content/uploads/2023/01/Skymove_2022_dron_slavin_green_panorama_leto_vyhlad_obloha_nevyhradna-licencia_banner-768x248.jpg 768w, https://www.visitbratislava.com/wp-content/uploads/2023/01/Skymove_2022_dron_slavin_green_panorama_leto_vyhlad_obloha_nevyhradna-licencia_banner-200x65.jpg 200w, https://www.visitbratislava.com/wp-content/uploads/2023/01/Skymove_2022_dron_slavin_green_panorama_leto_vyhlad_obloha_nevyhradna-licencia_banner.jpg 1418w" sizes="(max-width: 800px) 100vw, 800px" /></p>

<p>Vyberte sa spoznávať poklady Bratislavy so zaujímavým výkladom </p>
