{"id":222021,"date":"2023-02-13T17:53:17","date_gmt":"2023-02-13T16:53:17","guid":{"rendered":"https:\/\/www.visitbratislava.com\/?page_id=222021"},"modified":"2024-12-12T16:28:40","modified_gmt":"2024-12-12T15:28:40","slug":"fasiangy-v-bratislave-a-v-okoli","status":"publish","type":"page","link":"https:\/\/www.visitbratislava.com\/sk\/fasiangy-v-bratislave-a-v-okoli\/","title":{"rendered":"Fa\u0161iangy v Bratislave a v okol\u00ed"},"content":{"rendered":"<h3><strong>Pridajte sa k sprievodu v mask\u00e1ch<\/strong><\/h3>\n<p>Hlavnou \u010das\u0165ou programu bude 1. marca 2025 <a href=\"https:\/\/www.bkis.sk\/bratislavske-fasiangy\/\">fa\u0161iangov\u00fd sprievod ulicami Bratislavy<\/a>. Do sprievodu, ide\u00e1lne v prestrojen\u00ed, sa m\u00f4\u017ee zapoji\u0165 ka\u017ed\u00fd &#8211; ako jednotlivec \u010di v skupine. \u00da\u010dastn\u00edci sprievodu v mask\u00e1ch sa bud\u00fa m\u00f4c\u0165 zapoji\u0165 aj do s\u00fa\u0165a\u017ee o najlep\u0161\u00ed kost\u00fdm, ktor\u00fd bude vybera\u0165 odborn\u00e1 porota.<\/p>\n<p><img loading=\"lazy\" class=\"alignnone wp-image-222648 size-large\" src=\"https:\/\/www.visitbratislava.com\/wp-content\/uploads\/2023\/02\/AGO0364-800x593.jpg\" alt=\"\" width=\"800\" height=\"593\" srcset=\"https:\/\/www.visitbratislava.com\/wp-content\/uploads\/2023\/02\/AGO0364-800x593.jpg 800w, https:\/\/www.visitbratislava.com\/wp-content\/uploads\/2023\/02\/AGO0364-400x296.jpg 400w, https:\/\/www.visitbratislava.com\/wp-content\/uploads\/2023\/02\/AGO0364-768x569.jpg 768w, https:\/\/www.visitbratislava.com\/wp-content\/uploads\/2023\/02\/AGO0364-1536x1138.jpg 1536w, https:\/\/www.visitbratislava.com\/wp-content\/uploads\/2023\/02\/AGO0364-200x148.jpg 200w, https:\/\/www.visitbratislava.com\/wp-content\/uploads\/2023\/02\/AGO0364.jpg 1920w\" sizes=\"(max-width: 800px) 100vw, 800px\" \/><\/p>\n<h3><strong>F\u00e1nky, \u0161i\u0161ky, pamp\u00fachy<\/strong><\/h3>\n<p>Poh\u013eadajte v meste v kaviar\u0148ach a bistr\u00e1ch fa\u0161iangov\u00e9 f\u00e1nky \u010di \u0161i\u0161ky. Nie len po\u010das fa\u0161iangov si m\u00f4\u017eete dopria\u0165 mastn\u00e9 pir\u00f4\u017eky, ktor\u00e9 n\u00e1jdete v nen\u00e1padnom okienku na Obchodnej ulici \u010d. 69. Okienko a pir\u00f4\u017eky patria k Bratislave u\u017e desiatky rokov! Plnka pir\u00f4\u017ekov je ka\u017ed\u00fd de\u0148 in\u00e1, orechov\u00e1, makov\u00e1, so slivkov\u00fdm lekv\u00e1rom \u010di tvarohov\u00e1.<\/p>\n<p><img loading=\"lazy\" class=\"alignnone wp-image-222023 size-full\" src=\"https:\/\/www.visitbratislava.com\/wp-content\/uploads\/2023\/02\/329113701_1105820244147613_8182676927744897796_n.jpg\" alt=\"\" width=\"1080\" height=\"1350\" srcset=\"https:\/\/www.visitbratislava.com\/wp-content\/uploads\/2023\/02\/329113701_1105820244147613_8182676927744897796_n.jpg 1080w, https:\/\/www.visitbratislava.com\/wp-content\/uploads\/2023\/02\/329113701_1105820244147613_8182676927744897796_n-320x400.jpg 320w, https:\/\/www.visitbratislava.com\/wp-content\/uploads\/2023\/02\/329113701_1105820244147613_8182676927744897796_n-640x800.jpg 640w, https:\/\/www.visitbratislava.com\/wp-content\/uploads\/2023\/02\/329113701_1105820244147613_8182676927744897796_n-768x960.jpg 768w, https:\/\/www.visitbratislava.com\/wp-content\/uploads\/2023\/02\/329113701_1105820244147613_8182676927744897796_n-160x200.jpg 160w\" sizes=\"(max-width: 1080px) 100vw, 1080px\" \/><\/p>\n<h3><strong>Pochovajte basu<\/strong><\/h3>\n<p>Koniec Fa\u0161iangov sa bude oslavova\u0165 aj vo v\u0161etk\u00fdch k\u00fatoch Bratislavsk\u00e9ho kraja. Pochov\u00e1vanie basy vo ve\u013ekom \u0161t\u00fdle m\u00f4\u017eete za\u017ei\u0165 napr\u00edklad vo v Pezinku. Pr\u00edpadne basu pochovajte v Ra\u010di.<\/p>\n<p><iframe title=\"YouTube video player\" src=\"https:\/\/www.youtube.com\/embed\/ENISDO8jd7M\" width=\"800\" height=\"533\" frameborder=\"0\" allowfullscreen=\"allowfullscreen\"><span data-mce-type=\"bookmark\" style=\"display: inline-block; width: 0px; overflow: hidden; line-height: 0;\" class=\"mce_SELRES_start\">\ufeff<\/span><\/iframe><\/p>\n<h3><strong>Zatancujte si s Bratislavou<\/strong><\/h3>\n<p>Z\u00e1ver Bratislavsk\u00fdch fa\u0161iangov bude aj tane\u010dn\u00fd, \u010dak\u00e1 v\u00e1s<strong>\u00a0Ve\u010dern\u00e1 fa\u0161iangov\u00e1 z\u00e1bava<\/strong> v interi\u00e9ri Starej tr\u017enice od siedmej ve\u010der do polnoci:\ud83c\udfad so s\u00fa\u0165a\u017eou masiek ,\ud83d\udc83 tane\u010dn\u00fdm workshopom s \u013eudovou hudbou \ud83d\udcbf a DJ-mi.<\/p>\n<p>Drag\u00fani V\u00e1s tie\u017e poz\u00fdvaj\u00fa do tane\u010dn\u00e9ho domu respekt\u00edve na Fa\u0161iangov\u00fa tancova\u010dku v centre Bratislavy. V legend\u00e1rnom V-klube bud\u00fa tance nov\u00e9 i fa\u0161iangov\u00e9 a tane\u010dn\u00ed majstri za\u017eiaria za zvukov \u013eudovej hudby. Tradi\u010dn\u00e9 masky, \u010di oble\u010denie s\u00fa v\u00edtan\u00e9! Vstupenky je mo\u017en\u00e9 zak\u00fapi\u0165 na mieste.<\/p>\n<p><img loading=\"lazy\" class=\"alignnone wp-image-222042 size-full\" src=\"https:\/\/www.visitbratislava.com\/wp-content\/uploads\/2023\/02\/fas\u030ciangy-2.jpeg\" alt=\"\" width=\"1920\" height=\"1280\" srcset=\"https:\/\/www.visitbratislava.com\/wp-content\/uploads\/2023\/02\/fas\u030ciangy-2.jpeg 1920w, https:\/\/www.visitbratislava.com\/wp-content\/uploads\/2023\/02\/fas\u030ciangy-2-400x267.jpeg 400w, https:\/\/www.visitbratislava.com\/wp-content\/uploads\/2023\/02\/fas\u030ciangy-2-800x533.jpeg 800w, https:\/\/www.visitbratislava.com\/wp-content\/uploads\/2023\/02\/fas\u030ciangy-2-768x512.jpeg 768w, https:\/\/www.visitbratislava.com\/wp-content\/uploads\/2023\/02\/fas\u030ciangy-2-1536x1024.jpeg 1536w, https:\/\/www.visitbratislava.com\/wp-content\/uploads\/2023\/02\/fas\u030ciangy-2-200x133.jpeg 200w\" sizes=\"(max-width: 1920px) 100vw, 1920px\" \/><\/p>\n<h3><strong>Nau\u010dte sa nie\u010do o trad\u00edcii<\/strong><\/h3>\n<p>Okrem tanca, jedla a\u00a0ma\u0161karn\u00fdch z\u00e1bav v\u00e1s poz\u00fdvame v\u00a0sobotu 18. febru\u00e1ra na workshopy, rozhovory s\u00a0odborn\u00edkmi a prehliadky so sprievodcami. Pred Starou tr\u017enicou n\u00e1jdete moderovan\u00e9 rozhovory, kde hist\u00f3riu a zvyklosti fa\u0161iangov\u00e9ho obdobia pribl\u00ed\u017eia viacer\u00ed odborn\u00edci, napr\u00edklad etnologi\u010dka Katar\u00edna N\u00e1dask\u00e1.<\/p>\n<p>Viac o fa\u0161iangoch v meste prezradia aj sprievodcovia BKIS po\u010das s\u00e9rie vych\u00e1dzok <a href=\"https:\/\/www.bkis.sk\/randesmestom\/\" target=\"_blank\" rel=\"noopener\">Rande s mestom<\/a>.<\/p>\n<p><strong>Vedeli ste?:<\/strong> Tradi\u010dne sa fa\u0161iangy oslavovali tri dni.<\/p>\n","protected":false},"excerpt":{"rendered":"<p>Predt\u00fdm ne\u017e za\u010dne dlh\u00e9 obdobie p\u00f4stu, m\u00f4\u017eete si v Bratislave u\u017ei\u0165 radostn\u00e9 trad\u00edcie fa\u0161iangov vo v\u0161etk\u00fdch podob\u00e1ch. Pr\u00ed\u010fte si vyrobi\u0165 masky, z\u00fa\u010dastni\u0165 sa na sprievode, tancova\u0165 do r\u00e1na, ochutna\u0165 fa\u0161iangov\u00e9 \u0161i\u0161ky a dozvedie\u0165 sa viac o t\u00fdchto vesel\u00fdch sviatkoch. <\/p>\n","protected":false},"author":41,"featured_media":222055,"parent":0,"menu_order":0,"comment_status":"closed","ping_status":"closed","template":"","meta":[],"acf":[],"_links":{"self":[{"href":"https:\/\/www.visitbratislava.com\/sk\/wp-json\/wp\/v2\/pages\/222021"}],"collection":[{"href":"https:\/\/www.visitbratislava.com\/sk\/wp-json\/wp\/v2\/pages"}],"about":[{"href":"https:\/\/www.visitbratislava.com\/sk\/wp-json\/wp\/v2\/types\/page"}],"author":[{"embeddable":true,"href":"https:\/\/www.visitbratislava.com\/sk\/wp-json\/wp\/v2\/users\/41"}],"replies":[{"embeddable":true,"href":"https:\/\/www.visitbratislava.com\/sk\/wp-json\/wp\/v2\/comments?post=222021"}],"version-history":[{"count":28,"href":"https:\/\/www.visitbratislava.com\/sk\/wp-json\/wp\/v2\/pages\/222021\/revisions"}],"predecessor-version":[{"id":321987,"href":"https:\/\/www.visitbratislava.com\/sk\/wp-json\/wp\/v2\/pages\/222021\/revisions\/321987"}],"wp:featuredmedia":[{"embeddable":true,"href":"https:\/\/www.visitbratislava.com\/sk\/wp-json\/wp\/v2\/media\/222055"}],"wp:attachment":[{"href":"https:\/\/www.visitbratislava.com\/sk\/wp-json\/wp\/v2\/media?parent=222021"}],"curies":[{"name":"wp","href":"https:\/\/api.w.org\/{rel}","templated":true}]}}

Fašiangy v Bratislave a v okolí

<h3><strong>Pridajte sa k sprievodu v maskách</strong></h3>
<p>Hlavnou časťou programu bude 1. marca 2025 <a href="https://www.bkis.sk/bratislavske-fasiangy/">fašiangový sprievod ulicami Bratislavy</a>. Do sprievodu, ideálne v prestrojení, sa môže zapojiť každý &#8211; ako jednotlivec či v skupine. Účastníci sprievodu v maskách sa budú môcť zapojiť aj do súťaže o najlepší kostým, ktorý bude vyberať odborná porota.</p>
<p><img loading="lazy" class="alignnone wp-image-222648 size-large" src="https://www.visitbratislava.com/wp-content/uploads/2023/02/AGO0364-800x593.jpg" alt="" width="800" height="593" srcset="https://www.visitbratislava.com/wp-content/uploads/2023/02/AGO0364-800x593.jpg 800w, https://www.visitbratislava.com/wp-content/uploads/2023/02/AGO0364-400x296.jpg 400w, https://www.visitbratislava.com/wp-content/uploads/2023/02/AGO0364-768x569.jpg 768w, https://www.visitbratislava.com/wp-content/uploads/2023/02/AGO0364-1536x1138.jpg 1536w, https://www.visitbratislava.com/wp-content/uploads/2023/02/AGO0364-200x148.jpg 200w, https://www.visitbratislava.com/wp-content/uploads/2023/02/AGO0364.jpg 1920w" sizes="(max-width: 800px) 100vw, 800px" /></p>
<h3><strong>Fánky, šišky, pampúchy</strong></h3>
<p>Pohľadajte v meste v kaviarňach a bistrách fašiangové fánky či šišky. Nie len počas fašiangov si môžete dopriať mastné pirôžky, ktoré nájdete v nenápadnom okienku na Obchodnej ulici č. 69. Okienko a pirôžky patria k Bratislave už desiatky rokov! Plnka pirôžkov je každý deň iná, orechová, maková, so slivkovým lekvárom či tvarohová.</p>
<p><img loading="lazy" class="alignnone wp-image-222023 size-full" src="https://www.visitbratislava.com/wp-content/uploads/2023/02/329113701_1105820244147613_8182676927744897796_n.jpg" alt="" width="1080" height="1350" srcset="https://www.visitbratislava.com/wp-content/uploads/2023/02/329113701_1105820244147613_8182676927744897796_n.jpg 1080w, https://www.visitbratislava.com/wp-content/uploads/2023/02/329113701_1105820244147613_8182676927744897796_n-320x400.jpg 320w, https://www.visitbratislava.com/wp-content/uploads/2023/02/329113701_1105820244147613_8182676927744897796_n-640x800.jpg 640w, https://www.visitbratislava.com/wp-content/uploads/2023/02/329113701_1105820244147613_8182676927744897796_n-768x960.jpg 768w, https://www.visitbratislava.com/wp-content/uploads/2023/02/329113701_1105820244147613_8182676927744897796_n-160x200.jpg 160w" sizes="(max-width: 1080px) 100vw, 1080px" /></p>
<h3><strong>Pochovajte basu</strong></h3>
<p>Koniec Fašiangov sa bude oslavovať aj vo všetkých kútoch Bratislavského kraja. Pochovávanie basy vo veľkom štýle môžete zažiť napríklad vo v Pezinku. Prípadne basu pochovajte v Rači.</p>
<p><iframe title="YouTube video player" src="https://www.youtube.com/embed/ENISDO8jd7M" width="800" height="533" frameborder="0" allowfullscreen="allowfullscreen"><span data-mce-type="bookmark" style="display: inline-block; width: 0px; overflow: hidden; line-height: 0;" class="mce_SELRES_start">﻿</span></iframe></p>
<h3><strong>Zatancujte si s Bratislavou</strong></h3>
<p>Záver Bratislavských fašiangov bude aj tanečný, čaká vás<strong> Večerná fašiangová zábava</strong> v interiéri Starej tržnice od siedmej večer do polnoci:🎭 so súťažou masiek ,💃 tanečným workshopom s ľudovou hudbou 💿 a DJ-mi.</p>
<p>Dragúni Vás tiež pozývajú do tanečného domu respektíve na Fašiangovú tancovačku v centre Bratislavy. V legendárnom V-klube budú tance nové i fašiangové a taneční majstri zažiaria za zvukov ľudovej hudby. Tradičné masky, či oblečenie sú vítané! Vstupenky je možné zakúpiť na mieste.</p>
<p><img loading="lazy" class="alignnone wp-image-222042 size-full" src="https://www.visitbratislava.com/wp-content/uploads/2023/02/fašiangy-2.jpeg" alt="" width="1920" height="1280" srcset="https://www.visitbratislava.com/wp-content/uploads/2023/02/fašiangy-2.jpeg 1920w, https://www.visitbratislava.com/wp-content/uploads/2023/02/fašiangy-2-400x267.jpeg 400w, https://www.visitbratislava.com/wp-content/uploads/2023/02/fašiangy-2-800x533.jpeg 800w, https://www.visitbratislava.com/wp-content/uploads/2023/02/fašiangy-2-768x512.jpeg 768w, https://www.visitbratislava.com/wp-content/uploads/2023/02/fašiangy-2-1536x1024.jpeg 1536w, https://www.visitbratislava.com/wp-content/uploads/2023/02/fašiangy-2-200x133.jpeg 200w" sizes="(max-width: 1920px) 100vw, 1920px" /></p>
<h3><strong>Naučte sa niečo o tradícii</strong></h3>
<p>Okrem tanca, jedla a maškarných zábav vás pozývame v sobotu 18. februára na workshopy, rozhovory s odborníkmi a prehliadky so sprievodcami. Pred Starou tržnicou nájdete moderované rozhovory, kde históriu a zvyklosti fašiangového obdobia priblížia viacerí odborníci, napríklad etnologička Katarína Nádaská.</p>
<p>Viac o fašiangoch v meste prezradia aj sprievodcovia BKIS počas série vychádzok <a href="https://www.bkis.sk/randesmestom/" target="_blank" rel="noopener">Rande s mestom</a>.</p>
<p><strong>Vedeli ste?:</strong> Tradične sa fašiangy oslavovali tri dni.</p>

<p>Predtým než začne dlhé obdobie pôstu, môžete si v Bratislave užiť radostné tradície fašiangov vo všetkých podobách. Príďte si vyrobiť masky, zúčastniť sa na sprievode, tancovať do rána, ochutnať fašiangové šišky a dozvedieť sa viac o týchto veselých sviatkoch. </p>
