{"id":305243,"date":"2024-08-01T13:23:54","date_gmt":"2024-08-01T11:23:54","guid":{"rendered":"https:\/\/www.visitbratislava.com\/?page_id=305243"},"modified":"2025-07-23T15:23:48","modified_gmt":"2025-07-23T13:23:48","slug":"uhorska-kralovska-koruna","status":"publish","type":"page","link":"https:\/\/www.visitbratislava.com\/sk\/uhorska-kralovska-koruna\/","title":{"rendered":"Uhorsk\u00e1 kr\u00e1\u013eovsk\u00e1 koruna"},"content":{"rendered":"<p>V\u0161etky pou\u017eit\u00e9 drahokamy boli vybr\u00fasen\u00e9 v zahrani\u010d\u00ed na mieru pod\u013ea tvaru a proporci\u00ed origin\u00e1lnych drahokamov. Korunka je vyroben\u00e1 zo striebra a v z\u00e1vere\u010dnom kroku pozl\u00e1ten\u00e1, s celkovou hmotnos\u0165ou viac ako 2 kilogramy. Pod z\u00e1\u0161titou klenotn\u00edckeho majstra August\u00edna H\u00f4rku z rodinnej klenotn\u00edckej dielne Miku\u0161 Diamonds na nej pracovali t\u00ed najlep\u0161\u00ed.<\/p>\n<p><strong>Uhorsk\u00fa kr\u00e1\u013eovsk\u00fa korunu si m\u00f4\u017eete pozrie\u0165 od piatku do nedele 25. a\u017e 27. j\u00fala v kr\u00e1snej historickej s\u00fadnej sieni Starej radnice denne od 10ej do 6ej za \u0161peci\u00e1lne vstupn\u00e9 pre dospel\u00fdch 4 Eur\u00e1, pre deti, \u0161tudentstvo a seniorstvo za 2 Eur\u00e1.<\/strong><\/p>\n<p>V r\u00e1mci osobitn\u00e9ho vstupn\u00e9ho budete ma\u0165 mo\u017enos\u0165 pokra\u010dova\u0165 v prehliadke na danom poschod\u00ed a prirodzene sa tak napoji\u0165 na t\u00e9mu korunov\u00e1ci\u00ed v expoz\u00edcii Starej radnice (S\u00fadna sie\u0148, Radn\u00e1 sie\u0148, Kaplnka sv\u00e4t\u00e9ho Ladislava, Miestnos\u0165 vo ve\u017ei, Spr\u00e1va mesta, Korunov\u00e1cie, \u0160\u013eachta, Pr\u00edbeh Starej radnice, Remesl\u00e1 a cechy, Obchod, Priemysel, Spolky, Dunaj).<\/p>\n<p><img loading=\"lazy\" width=\"2048\" height=\"1365\" class=\"alignnone size-full wp-image-343979\" src=\"https:\/\/www.visitbratislava.com\/wp-content\/uploads\/2025\/07\/Foto_DominikaBolgacova_13-1.jpg\" alt=\"\" srcset=\"https:\/\/www.visitbratislava.com\/wp-content\/uploads\/2025\/07\/Foto_DominikaBolgacova_13-1.jpg 2048w, https:\/\/www.visitbratislava.com\/wp-content\/uploads\/2025\/07\/Foto_DominikaBolgacova_13-1-400x267.jpg 400w, https:\/\/www.visitbratislava.com\/wp-content\/uploads\/2025\/07\/Foto_DominikaBolgacova_13-1-800x533.jpg 800w, https:\/\/www.visitbratislava.com\/wp-content\/uploads\/2025\/07\/Foto_DominikaBolgacova_13-1-768x512.jpg 768w, https:\/\/www.visitbratislava.com\/wp-content\/uploads\/2025\/07\/Foto_DominikaBolgacova_13-1-1536x1024.jpg 1536w, https:\/\/www.visitbratislava.com\/wp-content\/uploads\/2025\/07\/Foto_DominikaBolgacova_13-1-200x133.jpg 200w\" sizes=\"(max-width: 2048px) 100vw, 2048px\" \/><\/p>\n<h3><span style=\"color: #db1800;\">Vyjadren\u00e9 re\u010dou \u010d\u00edsel<\/span><\/h3>\n<p>Pr\u00e1ca na replike si vy\u017eadovala<strong> viac ako 1000 hod\u00edn klenotn\u00edckej tvorby<\/strong>, 362 ru\u010dne osaden\u00fdch pr\u00edrodn\u00fdch per\u00e1l a 98 drahokamov, z ktor\u00fdch je a\u017e 85 kusov pr\u00edrodn\u00e9ho p\u00f4vodu &#8211; almand\u00edny, ametysty, ru\u017een\u00edny, malachit a chryzopras.<\/p>\n<h3><span style=\"color: #db1800;\">Sacra Corona Regni Hungariae <\/span><\/h3>\n<p>P\u00f4vodn\u00e1 koruna je zn\u00e1ma pod menom <strong>sv\u00e4to\u0161tefansk\u00e1<\/strong>, preto\u017ee sa jej pripisuje<strong> legenda, \u017ee prv\u00e1 hlava, na ktor\u00fa bola pri korunov\u00e1cii nasaden\u00e1, bola hlava prv\u00e9ho uhorsk\u00e9ho kr\u00e1\u013ea sv. \u0160tefana<\/strong>. I\u0161lo o inaugura\u010dn\u00fa korunu, najd\u00f4le\u017eitej\u0161iu kr\u00e1\u013eovsk\u00fa ins\u00edgniu, ktor\u00e1 bola str\u00e1\u017een\u00e1 pod doh\u013eadom korunn\u00fdch str\u00e1\u017ecov a verejnos\u0165 ju mala mo\u017enos\u0165 vidie\u0165 v z\u00e1sade len po\u010das korunov\u00e1cie na hlave nov\u00e9ho panovn\u00edka.<\/p>\n<h3><span style=\"color: #db1800;\">M\u00fazeum mesta Bratislavy prin\u00e1\u0161a korunu sp\u00e4\u0165<\/span><\/h3>\n<p>Po\u010das Bratislavsk\u00fdch korunova\u010dn\u00fdch dn\u00ed m\u00e1te jedine\u010dn\u00fa pr\u00edle\u017eitos\u0165 prezrie\u0165 si repliku uhorskej koruny v historickej s\u00fadnej sieni Starej radnice.<strong> Vstupn\u00e9 bude zn\u00ed\u017een\u00e9 na 4 Eur\u00e1<\/strong>, pre deti, \u0161tudentstvo a seniorstvo 2 Eur\u00e1, rodinn\u00e9 vstupenky 9 a 5 Eur, \u0161kolsk\u00e9 skupiny 1 Euro na osobu. Vstup je vo\u013en\u00fd pre Z\u0164P, deti do 6 rokov, pedagogick\u00fd dozor na 10 \u017eiakov.<\/p>\n<h3><span style=\"color: #db1800;\">V\u00fdroba repliky v rodinnej klenotn\u00edckej dielni\u00a0<\/span><\/h3>\n<p>Medzi korunova\u010dn\u00e9 klenoty uhorsk\u00fdch kr\u00e1\u013eov patria okrem koruny aj\u00a0me\u010d, pl\u00e1\u0161\u0165, \u017eezlo a jablko. <strong>Patria k jedn\u00fdm z najstar\u0161\u00edch zachoval\u00fdch ins\u00edgni\u00ed na svete.<\/strong><\/p>\n<p><iframe title=\"YouTube video player\" src=\"https:\/\/www.youtube.com\/embed\/jwmF3ongZ3I?si=LRYxe99qWZzjYpch\" width=\"1120\" height=\"630\" frameborder=\"0\" allowfullscreen=\"allowfullscreen\"><\/iframe><\/p>\n<h3><span style=\"color: #db1800;\">Medail\u00f3ny na sv\u00e4tej korune<\/span><\/h3>\n<p>Prezrite si zbl\u00edzka prepracovan\u00e9 vyobrazenia:<\/p>\n<p><span style=\"color: #db1800;\"><strong>Pantokrator <\/strong><\/span><\/p>\n<p>Na vrchnej \u010dasti prekr\u00ed\u017een\u00fdch obl\u00fakov tzv. latinskej koruny sa nach\u00e1dza Pantokrator (<em>=V\u0161evl\u00e1dny, V\u0161emoh\u00faci<\/em>), p\u00e1n a stvorite\u013e neba i zeme, ktor\u00fd oddelil svetlo od tmy. Po jeho pravici je Slnko s \u00f4smymi l\u00fa\u010dmi a po \u013eavici Mesiac s deviatimi bodkami symbolizuj\u00facimi pravdepodobne hviezdy alebo plan\u00e9ty. Po stran\u00e1ch tr\u00f3nu s\u00fa \u0161tylizovan\u00e9 stromy (cyprus alebo c\u00e9der) \u2013 stromy \u017eivota.<\/p>\n<p><strong><span style=\"color: #db1800;\">Apo\u0161toli<\/span><\/strong><\/p>\n<p>Na vrchnej \u010dasti koruny, po ramen\u00e1ch obl\u00fakov sa nach\u00e1dza osem apo\u0161tolov s latinsk\u00fdmi n\u00e1pismi SCS, \u010di\u017ee sanctus = sv\u00e4t\u00fd.<\/p>\n<p><strong><span style=\"color: #db1800;\">Je\u017ei\u0161 Kristus<\/span><\/strong><\/p>\n<p>V strede obru\u010de vpredu je zobrazen\u00fd Je\u017ei\u0161 Kristus s gr\u00e9ckymi monogramami IC (Jesus) \u2013 XC (Christos).<\/p>\n<p><strong><span style=\"color: #db1800;\">Archanjeli<\/span><\/strong><\/p>\n<p>Na obru\u010di sa \u010falej nach\u00e1dzaj\u00fa dvaja archanjeli oto\u010den\u00ed smerom k postave Krista: sv\u00e4t\u00fd Michal, vodca nebesk\u00fdch z\u00e1stupcov, premo\u017eite\u013e Lucifera, bojovn\u00edk a ochranca proti sil\u00e1m zla, a na druhej strane sv\u00e4t\u00fd Gabriel, anjel zvestovania a milosti.<\/p>\n<p><span style=\"color: #db1800;\"><strong>Sv\u00e4tci<\/strong><\/span><\/p>\n<p>Na obru\u010di je ved\u013ea archanjela Michala umiestnen\u00fd \u010fal\u0161\u00ed bojovn\u00edk \u2013 sv\u00e4t\u00fd Juraj, r\u00edmsky vojak, ktor\u00fd zomrel ako mu\u010den\u00edk za \u010dias cis\u00e1ra Diokleci\u00e1na a je zn\u00e1my najm\u00e4 z legendy o s\u00faboji s drakom. Na druhej strane ved\u013ea archanjela Gabriela je sv\u00e4t\u00fd Demeter.<\/p>\n<p><span style=\"color: #db1800;\"><strong>Panovn\u00edci<\/strong><\/span><\/p>\n<p>Tvoria zadn\u00fa trojicu post\u00e1v. V strede sa nach\u00e1dza Michal, v \u013eavej ruke dr\u017e\u00ed me\u010d, v pravej labarum, na hlave m\u00e1 korunu s drahokamami a pend\u00edliami. Druh\u00fdm je zrejme Kon\u0161tant\u00edn VII. Porfyrogenet, kror\u00fd bol byzantsk\u00fdm cis\u00e1rom v rokoch 912 \u2013 959. Napokon je na zadnej \u010dasti obru\u010de pravdepodobne kr\u00e1\u013e Gejza I.<\/p>\n<p><img loading=\"lazy\" width=\"2048\" height=\"1072\" class=\"alignnone size-full wp-image-344021\" src=\"https:\/\/www.visitbratislava.com\/wp-content\/uploads\/2025\/07\/royal-crown-Bratislava.jpg\" alt=\"\" srcset=\"https:\/\/www.visitbratislava.com\/wp-content\/uploads\/2025\/07\/royal-crown-Bratislava.jpg 2048w, https:\/\/www.visitbratislava.com\/wp-content\/uploads\/2025\/07\/royal-crown-Bratislava-400x209.jpg 400w, https:\/\/www.visitbratislava.com\/wp-content\/uploads\/2025\/07\/royal-crown-Bratislava-800x419.jpg 800w, https:\/\/www.visitbratislava.com\/wp-content\/uploads\/2025\/07\/royal-crown-Bratislava-768x402.jpg 768w, https:\/\/www.visitbratislava.com\/wp-content\/uploads\/2025\/07\/royal-crown-Bratislava-1536x804.jpg 1536w, https:\/\/www.visitbratislava.com\/wp-content\/uploads\/2025\/07\/royal-crown-Bratislava-200x105.jpg 200w\" sizes=\"(max-width: 2048px) 100vw, 2048px\" \/><\/p>\n<p><em>Zdroj: Marta Rajkov\u00e1 &#8211; Te\u00f3rie vzniku koruny Uhorsk\u00e9ho kr\u00e1\u013eovtsva a Miku\u0161 Diamonds<\/em><\/p>\n","protected":false},"excerpt":{"rendered":"<p>Pozrite si zbl\u00edzka korunu, ktor\u00e1 le\u017eala na hlave uhorsk\u00fdch kr\u00e1\u013eov a zdob\u00ed ju 362 pr\u00edrodn\u00fdch per\u00e1l a 85 pr\u00edrodn\u00fdch drahokamov.<\/p>\n","protected":false},"author":41,"featured_media":305244,"parent":0,"menu_order":0,"comment_status":"closed","ping_status":"closed","template":"","meta":[],"acf":[],"_links":{"self":[{"href":"https:\/\/www.visitbratislava.com\/sk\/wp-json\/wp\/v2\/pages\/305243"}],"collection":[{"href":"https:\/\/www.visitbratislava.com\/sk\/wp-json\/wp\/v2\/pages"}],"about":[{"href":"https:\/\/www.visitbratislava.com\/sk\/wp-json\/wp\/v2\/types\/page"}],"author":[{"embeddable":true,"href":"https:\/\/www.visitbratislava.com\/sk\/wp-json\/wp\/v2\/users\/41"}],"replies":[{"embeddable":true,"href":"https:\/\/www.visitbratislava.com\/sk\/wp-json\/wp\/v2\/comments?post=305243"}],"version-history":[{"count":24,"href":"https:\/\/www.visitbratislava.com\/sk\/wp-json\/wp\/v2\/pages\/305243\/revisions"}],"predecessor-version":[{"id":344027,"href":"https:\/\/www.visitbratislava.com\/sk\/wp-json\/wp\/v2\/pages\/305243\/revisions\/344027"}],"wp:featuredmedia":[{"embeddable":true,"href":"https:\/\/www.visitbratislava.com\/sk\/wp-json\/wp\/v2\/media\/305244"}],"wp:attachment":[{"href":"https:\/\/www.visitbratislava.com\/sk\/wp-json\/wp\/v2\/media?parent=305243"}],"curies":[{"name":"wp","href":"https:\/\/api.w.org\/{rel}","templated":true}]}}

Uhorská kráľovská koruna

<p>Všetky použité drahokamy boli vybrúsené v zahraničí na mieru podľa tvaru a proporcií originálnych drahokamov. Korunka je vyrobená zo striebra a v záverečnom kroku pozlátená, s celkovou hmotnosťou viac ako 2 kilogramy. Pod záštitou klenotníckeho majstra Augustína Hôrku z rodinnej klenotníckej dielne Mikuš Diamonds na nej pracovali tí najlepší.</p>
<p><strong>Uhorskú kráľovskú korunu si môžete pozrieť od piatku do nedele 25. až 27. júla v krásnej historickej súdnej sieni Starej radnice denne od 10ej do 6ej za špeciálne vstupné pre dospelých 4 Eurá, pre deti, študentstvo a seniorstvo za 2 Eurá.</strong></p>
<p>V rámci osobitného vstupného budete mať možnosť pokračovať v prehliadke na danom poschodí a prirodzene sa tak napojiť na tému korunovácií v expozícii Starej radnice (Súdna sieň, Radná sieň, Kaplnka svätého Ladislava, Miestnosť vo veži, Správa mesta, Korunovácie, Šľachta, Príbeh Starej radnice, Remeslá a cechy, Obchod, Priemysel, Spolky, Dunaj).</p>
<p><img loading="lazy" width="2048" height="1365" class="alignnone size-full wp-image-343979" src="https://www.visitbratislava.com/wp-content/uploads/2025/07/Foto_DominikaBolgacova_13-1.jpg" alt="" srcset="https://www.visitbratislava.com/wp-content/uploads/2025/07/Foto_DominikaBolgacova_13-1.jpg 2048w, https://www.visitbratislava.com/wp-content/uploads/2025/07/Foto_DominikaBolgacova_13-1-400x267.jpg 400w, https://www.visitbratislava.com/wp-content/uploads/2025/07/Foto_DominikaBolgacova_13-1-800x533.jpg 800w, https://www.visitbratislava.com/wp-content/uploads/2025/07/Foto_DominikaBolgacova_13-1-768x512.jpg 768w, https://www.visitbratislava.com/wp-content/uploads/2025/07/Foto_DominikaBolgacova_13-1-1536x1024.jpg 1536w, https://www.visitbratislava.com/wp-content/uploads/2025/07/Foto_DominikaBolgacova_13-1-200x133.jpg 200w" sizes="(max-width: 2048px) 100vw, 2048px" /></p>
<h3><span style="color: #db1800;">Vyjadrené rečou čísel</span></h3>
<p>Práca na replike si vyžadovala<strong> viac ako 1000 hodín klenotníckej tvorby</strong>, 362 ručne osadených prírodných perál a 98 drahokamov, z ktorých je až 85 kusov prírodného pôvodu &#8211; almandíny, ametysty, ruženíny, malachit a chryzopras.</p>
<h3><span style="color: #db1800;">Sacra Corona Regni Hungariae </span></h3>
<p>Pôvodná koruna je známa pod menom <strong>svätoštefanská</strong>, pretože sa jej pripisuje<strong> legenda, že prvá hlava, na ktorú bola pri korunovácii nasadená, bola hlava prvého uhorského kráľa sv. Štefana</strong>. Išlo o inauguračnú korunu, najdôležitejšiu kráľovskú insígniu, ktorá bola strážená pod dohľadom korunných strážcov a verejnosť ju mala možnosť vidieť v zásade len počas korunovácie na hlave nového panovníka.</p>
<h3><span style="color: #db1800;">Múzeum mesta Bratislavy prináša korunu späť</span></h3>
<p>Počas Bratislavských korunovačných dní máte jedinečnú príležitosť prezrieť si repliku uhorskej koruny v historickej súdnej sieni Starej radnice.<strong> Vstupné bude znížené na 4 Eurá</strong>, pre deti, študentstvo a seniorstvo 2 Eurá, rodinné vstupenky 9 a 5 Eur, školské skupiny 1 Euro na osobu. Vstup je voľný pre ZŤP, deti do 6 rokov, pedagogický dozor na 10 žiakov.</p>
<h3><span style="color: #db1800;">Výroba repliky v rodinnej klenotníckej dielni </span></h3>
<p>Medzi korunovačné klenoty uhorských kráľov patria okrem koruny aj meč, plášť, žezlo a jablko. <strong>Patria k jedným z najstarších zachovalých insígnií na svete.</strong></p>
<p><iframe title="YouTube video player" src="https://www.youtube.com/embed/jwmF3ongZ3I?si=LRYxe99qWZzjYpch" width="1120" height="630" frameborder="0" allowfullscreen="allowfullscreen"></iframe></p>
<h3><span style="color: #db1800;">Medailóny na svätej korune</span></h3>
<p>Prezrite si zblízka prepracované vyobrazenia:</p>
<p><span style="color: #db1800;"><strong>Pantokrator </strong></span></p>
<p>Na vrchnej časti prekrížených oblúkov tzv. latinskej koruny sa nachádza Pantokrator (<em>=Vševládny, Všemohúci</em>), pán a stvoriteľ neba i zeme, ktorý oddelil svetlo od tmy. Po jeho pravici je Slnko s ôsmymi lúčmi a po ľavici Mesiac s deviatimi bodkami symbolizujúcimi pravdepodobne hviezdy alebo planéty. Po stranách trónu sú štylizované stromy (cyprus alebo céder) – stromy života.</p>
<p><strong><span style="color: #db1800;">Apoštoli</span></strong></p>
<p>Na vrchnej časti koruny, po ramenách oblúkov sa nachádza osem apoštolov s latinskými nápismi SCS, čiže sanctus = svätý.</p>
<p><strong><span style="color: #db1800;">Ježiš Kristus</span></strong></p>
<p>V strede obruče vpredu je zobrazený Ježiš Kristus s gréckymi monogramami IC (Jesus) – XC (Christos).</p>
<p><strong><span style="color: #db1800;">Archanjeli</span></strong></p>
<p>Na obruči sa ďalej nachádzajú dvaja archanjeli otočení smerom k postave Krista: svätý Michal, vodca nebeských zástupcov, premožiteľ Lucifera, bojovník a ochranca proti silám zla, a na druhej strane svätý Gabriel, anjel zvestovania a milosti.</p>
<p><span style="color: #db1800;"><strong>Svätci</strong></span></p>
<p>Na obruči je vedľa archanjela Michala umiestnený ďalší bojovník – svätý Juraj, rímsky vojak, ktorý zomrel ako mučeník za čias cisára Diokleciána a je známy najmä z legendy o súboji s drakom. Na druhej strane vedľa archanjela Gabriela je svätý Demeter.</p>
<p><span style="color: #db1800;"><strong>Panovníci</strong></span></p>
<p>Tvoria zadnú trojicu postáv. V strede sa nachádza Michal, v ľavej ruke drží meč, v pravej labarum, na hlave má korunu s drahokamami a pendíliami. Druhým je zrejme Konštantín VII. Porfyrogenet, krorý bol byzantským cisárom v rokoch 912 – 959. Napokon je na zadnej časti obruče pravdepodobne kráľ Gejza I.</p>
<p><img loading="lazy" width="2048" height="1072" class="alignnone size-full wp-image-344021" src="https://www.visitbratislava.com/wp-content/uploads/2025/07/royal-crown-Bratislava.jpg" alt="" srcset="https://www.visitbratislava.com/wp-content/uploads/2025/07/royal-crown-Bratislava.jpg 2048w, https://www.visitbratislava.com/wp-content/uploads/2025/07/royal-crown-Bratislava-400x209.jpg 400w, https://www.visitbratislava.com/wp-content/uploads/2025/07/royal-crown-Bratislava-800x419.jpg 800w, https://www.visitbratislava.com/wp-content/uploads/2025/07/royal-crown-Bratislava-768x402.jpg 768w, https://www.visitbratislava.com/wp-content/uploads/2025/07/royal-crown-Bratislava-1536x804.jpg 1536w, https://www.visitbratislava.com/wp-content/uploads/2025/07/royal-crown-Bratislava-200x105.jpg 200w" sizes="(max-width: 2048px) 100vw, 2048px" /></p>
<p><em>Zdroj: Marta Rajková &#8211; Teórie vzniku koruny Uhorského kráľovtsva a Mikuš Diamonds</em></p>

<p>Pozrite si zblízka korunu, ktorá ležala na hlave uhorských kráľov a zdobí ju 362 prírodných perál a 85 prírodných drahokamov.</p>
