{"id":60733,"date":"2019-06-05T10:40:10","date_gmt":"2019-06-05T08:40:10","guid":{"rendered":"https:\/\/www.visitbratislava.com\/?page_id=60733\/"},"modified":"2019-06-10T11:26:41","modified_gmt":"2019-06-10T09:26:41","slug":"5-dovodov-preco-si-zamilujete-bratislavu","status":"publish","type":"page","link":"https:\/\/www.visitbratislava.com\/sk\/5-dovodov-preco-si-zamilujete-bratislavu\/","title":{"rendered":"5 d\u00f4vodov, pre\u010do si zamilujete Bratislavu"},"content":{"rendered":"<h3><strong>Skvel\u00e9 jedlo v UFE, 85 metrov nad zemou<br \/>\n<\/strong><\/h3>\n<p>Zn\u00e1my Most SNP v Bratislave nemus\u00edte obdivova\u0165 len zvonku. Vyvezte sa na jeho vrchol, kde sa vo v\u00fd\u0161ke 85 metrov nad hladinou Dunaja nach\u00e1dza re\u0161taur\u00e1cia <a href=\"https:\/\/www.visitbratislava.com\/sk\/miesta\/ufo\/\"><strong>UFO<\/strong><\/a> \u0161pecializovan\u00e1 na stredomorsk\u00fa a \u00e1zijsk\u00fa kuchy\u0148u. Priamo od stola m\u00e1te mesto ako na dlani. Historick\u00e9 budovy v objat\u00ed Dunaja a modern\u00fdch v\u00fd\u0161kov\u00fdch stavieb maj\u00fa obzvl\u00e1\u0161\u0165 siln\u00fa atmosf\u00e9ru najm\u00e4 ve\u010der.<\/p>\n<p><img loading=\"lazy\" class=\"alignnone wp-image-60719 size-large\" src=\"https:\/\/www.visitbratislava.com\/wp-content\/uploads\/2019\/06\/ufo-vyhlad-dunaj-hrad-800x450.jpg\" alt=\"\" width=\"800\" height=\"450\" srcset=\"https:\/\/www.visitbratislava.com\/wp-content\/uploads\/2019\/06\/ufo-vyhlad-dunaj-hrad-800x450.jpg 800w, https:\/\/www.visitbratislava.com\/wp-content\/uploads\/2019\/06\/ufo-vyhlad-dunaj-hrad-400x225.jpg 400w, https:\/\/www.visitbratislava.com\/wp-content\/uploads\/2019\/06\/ufo-vyhlad-dunaj-hrad-768x432.jpg 768w, https:\/\/www.visitbratislava.com\/wp-content\/uploads\/2019\/06\/ufo-vyhlad-dunaj-hrad-200x113.jpg 200w\" sizes=\"(max-width: 800px) 100vw, 800px\" \/><\/p>\n<h3><strong>Svetov\u00e9 umenie v\u00a0spojen\u00ed s pr\u00edrodou<br \/>\n<\/strong><\/h3>\n<p>Dramatick\u00e1 poloha gal\u00e9rie <a href=\"https:\/\/www.visitbratislava.com\/sk\/miesta\/danubiana\/\"><strong>Danubiana<\/strong><\/a>, ako aj atrakt\u00edvne v\u00fdstavy, s\u00fa dva hlavn\u00e9 d\u00f4vody, pre\u010do Danubianu odpor\u00fa\u010daj\u00fa najprest\u00ed\u017enej\u0161ie svetov\u00e9 bedekre a turistick\u00e9 port\u00e1ly. Svoje diela tu vystavovali svetov\u00ed umelci ako Joan Mir\u00f3, Sam Francis \u010di Lucebert. V\u00fdnimo\u010dnou je tie\u017e prech\u00e1dzka po streche m\u00fazea. Poh\u013ead na Bratislavu, Mal\u00e9 Karpaty a majest\u00e1tny tok Dunaja pri z\u00e1pade slnka je nezabudnute\u013en\u00fdm z\u00e1\u017eitkom.<\/p>\n<p><img loading=\"lazy\" class=\"alignnone wp-image-18352 size-large\" src=\"https:\/\/www.visitbratislava.com\/wp-content\/uploads\/2016\/06\/Danubiana_peninsula-800x482.jpg\" alt=\"\" width=\"800\" height=\"482\" srcset=\"https:\/\/www.visitbratislava.com\/wp-content\/uploads\/2016\/06\/Danubiana_peninsula-800x482.jpg 800w, https:\/\/www.visitbratislava.com\/wp-content\/uploads\/2016\/06\/Danubiana_peninsula-400x241.jpg 400w, https:\/\/www.visitbratislava.com\/wp-content\/uploads\/2016\/06\/Danubiana_peninsula-768x463.jpg 768w, https:\/\/www.visitbratislava.com\/wp-content\/uploads\/2016\/06\/Danubiana_peninsula-200x121.jpg 200w\" sizes=\"(max-width: 800px) 100vw, 800px\" \/><\/p>\n<h3><strong>Ob\u013e\u00faben\u00e9 mesto M\u00e1rie Ter\u00e9zie<br \/>\n<\/strong><\/h3>\n<p><a href=\"https:\/\/www.visitbratislava.com\/sk\/miesta\/bratislavsky-hrad\/\"><strong>Bratislavsk\u00fd hrad<\/strong><\/a> v tvare obr\u00e1ten\u00e9ho stol\u010deka bol svedkom mnoh\u00fdch historick\u00fdch udalost\u00ed. Po rozsiahlej rekon\u0161trukcii m\u00e1 dnes op\u00e4\u0165 podobu barokov\u00e9ho reprezenta\u010dn\u00e9ho s\u00eddla, ktor\u00fa mu vtla\u010dila M\u00e1ria Ter\u00e9zia v druhej polovici 18. storo\u010dia. Jeho n\u00e1dvoria dnes o\u017e\u00edvaj\u00fa koncertmi klasickej hudby, ale aj divadeln\u00fdmi predstaveniami. Jeden z najkraj\u0161\u00edch v\u00fdh\u013eadov na mesto si u\u017eijete z jeho v\u00fdchodnej terasy. Od nej je to len na skok do barokovej franc\u00fazskej z\u00e1hrady obnovenej pod\u013ea p\u00f4vodn\u00fdch pl\u00e1nov architekta M\u00e1rie Ter\u00e9zie.<\/p>\n<p><img loading=\"lazy\" class=\"alignnone wp-image-1840 size-large\" src=\"https:\/\/www.visitbratislava.com\/wp-content\/uploads\/2014\/11\/HRADnew-800x541.jpg\" alt=\"\" width=\"800\" height=\"541\" srcset=\"https:\/\/www.visitbratislava.com\/wp-content\/uploads\/2014\/11\/HRADnew-800x541.jpg 800w, https:\/\/www.visitbratislava.com\/wp-content\/uploads\/2014\/11\/HRADnew-400x271.jpg 400w, https:\/\/www.visitbratislava.com\/wp-content\/uploads\/2014\/11\/HRADnew-200x135.jpg 200w, https:\/\/www.visitbratislava.com\/wp-content\/uploads\/2014\/11\/HRADnew.jpg 1181w\" sizes=\"(max-width: 800px) 100vw, 800px\" \/><\/p>\n<h3><strong>Druh\u00e1 najzelen\u0161ia metropola Eur\u00f3py<\/strong><\/h3>\n<p>U\u017e v\u00a0minulosti bola zele\u0148 pre Bratislavu prioritou. Jeden z\u00a0najstar\u0161\u00edch verejn\u00fdch parkov v\u00a0strednej Eur\u00f3pe sa dnes vol\u00e1 <a href=\"https:\/\/www.visitbratislava.com\/sk\/miesta\/sad-janka-krala\/\"><strong>Sad Janka Kr\u00e1\u013ea<\/strong><\/a> a n\u00e1jdete ho na petr\u017ealskej strane Dunaja. M\u00f4\u017eete sa v \u0148om t\u00fala\u0165 chodn\u00ed\u010dkami, obdivova\u0165 mohutn\u00e9 dvestoro\u010dn\u00e9 platany alebo n\u00e1js\u0165 sochu svojho znamenia zverokruhu. Medzi \u010fal\u0161ie parky v centre mesta, ktor\u00e9 nadv\u00e4zuj\u00fa na dlh\u00fa trad\u00edciu, patria aj <strong>Medick\u00e1 z\u00e1hrada, Horsk\u00fd park alebo Prezidentsk\u00e1 z\u00e1hrada<\/strong>.<\/p>\n<p><img loading=\"lazy\" class=\"alignnone wp-image-60723 size-large\" src=\"https:\/\/www.visitbratislava.com\/wp-content\/uploads\/2019\/06\/DSCF2095-7-800x534.jpg\" alt=\"\" width=\"800\" height=\"534\" srcset=\"https:\/\/www.visitbratislava.com\/wp-content\/uploads\/2019\/06\/DSCF2095-7-800x534.jpg 800w, https:\/\/www.visitbratislava.com\/wp-content\/uploads\/2019\/06\/DSCF2095-7-400x267.jpg 400w, https:\/\/www.visitbratislava.com\/wp-content\/uploads\/2019\/06\/DSCF2095-7-768x513.jpg 768w, https:\/\/www.visitbratislava.com\/wp-content\/uploads\/2019\/06\/DSCF2095-7-200x134.jpg 200w\" sizes=\"(max-width: 800px) 100vw, 800px\" \/><\/p>\n<h3><strong>Tradi\u010dn\u00e9 umenie v modernej \u0161tvrti<br \/>\n<\/strong><\/h3>\n<p>Spojenie promen\u00e1dy pri obchodnom centre, n\u00e1bre\u017eia a\u00a0n\u00e1mestia smeruj\u00faceho k\u00a0divadlu je v\u00fdnimo\u010dn\u00fdm mestsk\u00fdm prvkom. S\u00fa\u010das\u0165ou \u0161tvrte, ktor\u00e1 sa rozrast\u00e1 na modern\u00e9 centrum Bratislavy, je aj nov\u00e1 budova <a href=\"https:\/\/www.visitbratislava.com\/sk\/miesta\/nova-budova-snd\/\"><strong>Slovensk\u00e9ho n\u00e1rodn\u00e9ho divadla<\/strong><\/a> oblo\u017een\u00e1 bielym travert\u00ednom a n\u00e1kupn\u00e9 stredisko <a href=\"https:\/\/www.visitbratislava.com\/sk\/miesta\/eurovea\/\"><strong>Eurovea<\/strong><\/a>. N\u00e1jdete tu nielen vychyten\u00e9 m\u00f3dne zna\u010dky, ale popri n\u00e1kupoch sa m\u00f4\u017eete ob\u010derstvi\u0165 v kaviar\u0148ach alebo re\u0161taur\u00e1ci\u00e1ch na pr\u00edjemnej promen\u00e1de na n\u00e1bre\u017e\u00ed Dunaja s v\u00fdh\u013eadom na Bratislavsk\u00fd hrad.<\/p>\n<p><img loading=\"lazy\" class=\"alignnone wp-image-1832 size-large\" src=\"https:\/\/www.visitbratislava.com\/wp-content\/uploads\/2014\/10\/eurovea-danube-fest-2-800x533.jpg\" alt=\"\" width=\"800\" height=\"533\" srcset=\"https:\/\/www.visitbratislava.com\/wp-content\/uploads\/2014\/10\/eurovea-danube-fest-2-800x533.jpg 800w, https:\/\/www.visitbratislava.com\/wp-content\/uploads\/2014\/10\/eurovea-danube-fest-2-400x267.jpg 400w, https:\/\/www.visitbratislava.com\/wp-content\/uploads\/2014\/10\/eurovea-danube-fest-2-200x133.jpg 200w\" sizes=\"(max-width: 800px) 100vw, 800px\" \/><\/p>\n<p>&nbsp;<\/p>\n","protected":false},"excerpt":{"rendered":"<p>Druh\u00e9 najzelen\u0161ie hlavn\u00e9 mesto v\u00a0Eur\u00f3pe, modern\u00e9 \u0161tvrte navrhnut\u00e9 svetov\u00fdmi architektmi, \u0161pi\u010dkov\u00e9 umenie a\u00a0mno\u017estvo kaviarn\u00ed a\u00a0re\u0161taur\u00e1ci\u00ed v historickom centre. To v\u0161etko je s\u00fa\u010das\u0165ou jedine\u010dnej atmosf\u00e9ry modern\u00e9ho mesta na Dunaji.<\/p>\n","protected":false},"author":25,"featured_media":59371,"parent":0,"menu_order":0,"comment_status":"closed","ping_status":"closed","template":"","meta":[],"acf":[],"_links":{"self":[{"href":"https:\/\/www.visitbratislava.com\/sk\/wp-json\/wp\/v2\/pages\/60733"}],"collection":[{"href":"https:\/\/www.visitbratislava.com\/sk\/wp-json\/wp\/v2\/pages"}],"about":[{"href":"https:\/\/www.visitbratislava.com\/sk\/wp-json\/wp\/v2\/types\/page"}],"author":[{"embeddable":true,"href":"https:\/\/www.visitbratislava.com\/sk\/wp-json\/wp\/v2\/users\/25"}],"replies":[{"embeddable":true,"href":"https:\/\/www.visitbratislava.com\/sk\/wp-json\/wp\/v2\/comments?post=60733"}],"version-history":[{"count":0,"href":"https:\/\/www.visitbratislava.com\/sk\/wp-json\/wp\/v2\/pages\/60733\/revisions"}],"wp:featuredmedia":[{"embeddable":true,"href":"https:\/\/www.visitbratislava.com\/sk\/wp-json\/wp\/v2\/media\/59371"}],"wp:attachment":[{"href":"https:\/\/www.visitbratislava.com\/sk\/wp-json\/wp\/v2\/media?parent=60733"}],"curies":[{"name":"wp","href":"https:\/\/api.w.org\/{rel}","templated":true}]}}

5 dôvodov, prečo si zamilujete Bratislavu

<h3><strong>Skvelé jedlo v UFE, 85 metrov nad zemou<br />
</strong></h3>
<p>Známy Most SNP v Bratislave nemusíte obdivovať len zvonku. Vyvezte sa na jeho vrchol, kde sa vo výške 85 metrov nad hladinou Dunaja nachádza reštaurácia <a href="https://www.visitbratislava.com/sk/miesta/ufo/"><strong>UFO</strong></a> špecializovaná na stredomorskú a ázijskú kuchyňu. Priamo od stola máte mesto ako na dlani. Historické budovy v objatí Dunaja a moderných výškových stavieb majú obzvlášť silnú atmosféru najmä večer.</p>
<p><img loading="lazy" class="alignnone wp-image-60719 size-large" src="https://www.visitbratislava.com/wp-content/uploads/2019/06/ufo-vyhlad-dunaj-hrad-800x450.jpg" alt="" width="800" height="450" srcset="https://www.visitbratislava.com/wp-content/uploads/2019/06/ufo-vyhlad-dunaj-hrad-800x450.jpg 800w, https://www.visitbratislava.com/wp-content/uploads/2019/06/ufo-vyhlad-dunaj-hrad-400x225.jpg 400w, https://www.visitbratislava.com/wp-content/uploads/2019/06/ufo-vyhlad-dunaj-hrad-768x432.jpg 768w, https://www.visitbratislava.com/wp-content/uploads/2019/06/ufo-vyhlad-dunaj-hrad-200x113.jpg 200w" sizes="(max-width: 800px) 100vw, 800px" /></p>
<h3><strong>Svetové umenie v spojení s prírodou<br />
</strong></h3>
<p>Dramatická poloha galérie <a href="https://www.visitbratislava.com/sk/miesta/danubiana/"><strong>Danubiana</strong></a>, ako aj atraktívne výstavy, sú dva hlavné dôvody, prečo Danubianu odporúčajú najprestížnejšie svetové bedekre a turistické portály. Svoje diela tu vystavovali svetoví umelci ako Joan Miró, Sam Francis či Lucebert. Výnimočnou je tiež prechádzka po streche múzea. Pohľad na Bratislavu, Malé Karpaty a majestátny tok Dunaja pri západe slnka je nezabudnuteľným zážitkom.</p>
<p><img loading="lazy" class="alignnone wp-image-18352 size-large" src="https://www.visitbratislava.com/wp-content/uploads/2016/06/Danubiana_peninsula-800x482.jpg" alt="" width="800" height="482" srcset="https://www.visitbratislava.com/wp-content/uploads/2016/06/Danubiana_peninsula-800x482.jpg 800w, https://www.visitbratislava.com/wp-content/uploads/2016/06/Danubiana_peninsula-400x241.jpg 400w, https://www.visitbratislava.com/wp-content/uploads/2016/06/Danubiana_peninsula-768x463.jpg 768w, https://www.visitbratislava.com/wp-content/uploads/2016/06/Danubiana_peninsula-200x121.jpg 200w" sizes="(max-width: 800px) 100vw, 800px" /></p>
<h3><strong>Obľúbené mesto Márie Terézie<br />
</strong></h3>
<p><a href="https://www.visitbratislava.com/sk/miesta/bratislavsky-hrad/"><strong>Bratislavský hrad</strong></a> v tvare obráteného stolčeka bol svedkom mnohých historických udalostí. Po rozsiahlej rekonštrukcii má dnes opäť podobu barokového reprezentačného sídla, ktorú mu vtlačila Mária Terézia v druhej polovici 18. storočia. Jeho nádvoria dnes ožívajú koncertmi klasickej hudby, ale aj divadelnými predstaveniami. Jeden z najkrajších výhľadov na mesto si užijete z jeho východnej terasy. Od nej je to len na skok do barokovej francúzskej záhrady obnovenej podľa pôvodných plánov architekta Márie Terézie.</p>
<p><img loading="lazy" class="alignnone wp-image-1840 size-large" src="https://www.visitbratislava.com/wp-content/uploads/2014/11/HRADnew-800x541.jpg" alt="" width="800" height="541" srcset="https://www.visitbratislava.com/wp-content/uploads/2014/11/HRADnew-800x541.jpg 800w, https://www.visitbratislava.com/wp-content/uploads/2014/11/HRADnew-400x271.jpg 400w, https://www.visitbratislava.com/wp-content/uploads/2014/11/HRADnew-200x135.jpg 200w, https://www.visitbratislava.com/wp-content/uploads/2014/11/HRADnew.jpg 1181w" sizes="(max-width: 800px) 100vw, 800px" /></p>
<h3><strong>Druhá najzelenšia metropola Európy</strong></h3>
<p>Už v minulosti bola zeleň pre Bratislavu prioritou. Jeden z najstarších verejných parkov v strednej Európe sa dnes volá <a href="https://www.visitbratislava.com/sk/miesta/sad-janka-krala/"><strong>Sad Janka Kráľa</strong></a> a nájdete ho na petržalskej strane Dunaja. Môžete sa v ňom túlať chodníčkami, obdivovať mohutné dvestoročné platany alebo nájsť sochu svojho znamenia zverokruhu. Medzi ďalšie parky v centre mesta, ktoré nadväzujú na dlhú tradíciu, patria aj <strong>Medická záhrada, Horský park alebo Prezidentská záhrada</strong>.</p>
<p><img loading="lazy" class="alignnone wp-image-60723 size-large" src="https://www.visitbratislava.com/wp-content/uploads/2019/06/DSCF2095-7-800x534.jpg" alt="" width="800" height="534" srcset="https://www.visitbratislava.com/wp-content/uploads/2019/06/DSCF2095-7-800x534.jpg 800w, https://www.visitbratislava.com/wp-content/uploads/2019/06/DSCF2095-7-400x267.jpg 400w, https://www.visitbratislava.com/wp-content/uploads/2019/06/DSCF2095-7-768x513.jpg 768w, https://www.visitbratislava.com/wp-content/uploads/2019/06/DSCF2095-7-200x134.jpg 200w" sizes="(max-width: 800px) 100vw, 800px" /></p>
<h3><strong>Tradičné umenie v modernej štvrti<br />
</strong></h3>
<p>Spojenie promenády pri obchodnom centre, nábrežia a námestia smerujúceho k divadlu je výnimočným mestským prvkom. Súčasťou štvrte, ktorá sa rozrastá na moderné centrum Bratislavy, je aj nová budova <a href="https://www.visitbratislava.com/sk/miesta/nova-budova-snd/"><strong>Slovenského národného divadla</strong></a> obložená bielym travertínom a nákupné stredisko <a href="https://www.visitbratislava.com/sk/miesta/eurovea/"><strong>Eurovea</strong></a>. Nájdete tu nielen vychytené módne značky, ale popri nákupoch sa môžete občerstviť v kaviarňach alebo reštauráciách na príjemnej promenáde na nábreží Dunaja s výhľadom na Bratislavský hrad.</p>
<p><img loading="lazy" class="alignnone wp-image-1832 size-large" src="https://www.visitbratislava.com/wp-content/uploads/2014/10/eurovea-danube-fest-2-800x533.jpg" alt="" width="800" height="533" srcset="https://www.visitbratislava.com/wp-content/uploads/2014/10/eurovea-danube-fest-2-800x533.jpg 800w, https://www.visitbratislava.com/wp-content/uploads/2014/10/eurovea-danube-fest-2-400x267.jpg 400w, https://www.visitbratislava.com/wp-content/uploads/2014/10/eurovea-danube-fest-2-200x133.jpg 200w" sizes="(max-width: 800px) 100vw, 800px" /></p>
<p>&nbsp;</p>

<p>Druhé najzelenšie hlavné mesto v Európe, moderné štvrte navrhnuté svetovými architektmi, špičkové umenie a množstvo kaviarní a reštaurácií v historickom centre. To všetko je súčasťou jedinečnej atmosféry moderného mesta na Dunaji.</p>
